(1181,4,'2022-11-02 07:56:12','2022-11-02 07:56:12','<!-- wp:cover {\"url\":\"https://mein-zahnarzt-ueberlingen.de/wp-content/uploads/sites/3/ueberlingen-view.jpg\",\"id\":1179,\"dimRatio\":0,\"focalPoint\":{\"x\":\"0.34\",\"y\":\"0.77\"},\"isDark\":false} -->\n<div class=\"wp-block-cover is-light\"><span aria-hidden=\"true\" class=\"wp-block-cover__background has-background-dim-0 has-background-dim\"></span><img class=\"wp-block-cover__image-background wp-image-1179\" alt=\"\" src=\"https://mein-zahnarzt-ueberlingen.de/wp-content/uploads/sites/3/ueberlingen-view.jpg\" style=\"object-position:34% 77%\" data-object-fit=\"cover\" data-object-position=\"34% 77%\"/><div class=\"wp-block-cover__inner-container\"><!-- wp:image {\"id\":12,\"sizeSlug\":\"full\",\"linkDestination\":\"none\",\"className\":\"awards\"} -->\n<figure class=\"wp-block-image size-full awards\"><img src=\"https://klinik-am-schloss.de/wp-content/uploads/awards.png\" alt=\"Zahnarzt Überlingen für die ganze Familie\" class=\"wp-image-12\"/></figure>\n<!-- /wp:image --></div></div>\n<!-- /wp:cover -->\n\n<!-- wp:columns {\"className\":\"home-header-content\"} -->\n<div class=\"wp-block-columns home-header-content\"><!-- wp:column {\"width\":\"66.66%\"} -->\n<div class=\"wp-block-column\" style=\"flex-basis:66.66%\"><!-- wp:heading {\"level\":1} -->\n<h1 id=\"klinik-am-schloss-fur-hochste-und-individuelle-anspruche\">Ihr Zahnarzt in Überlingen für moderne Zahngesundheit</h1>\n<!-- /wp:heading -->\n\n<!-- wp:paragraph -->\n<p>Das Zahnärztliche Zentrum Überlingen – ZZÜ – ist eine Zweigniederlassung der Klinik am Schloss in Sigmaringen. Dank der Spezialisierungen unseres Zahnarzt-Teams in Überlingen werden neben der zahnmedizinischen Grundversorgung auch Zahnimplantate, ästhetische Zahnbehandlungen, Laserbehandlungen und vieles mehr angeboten.</p>\n<!-- /wp:paragraph --></div>\n<!-- /wp:column -->\n\n<!-- wp:column {\"width\":\"33.33%\"} -->\n<div class=\"wp-block-column\" style=\"flex-basis:33.33%\"><!-- wp:shortcode -->\n[kas-contact-widget]\n<!-- /wp:shortcode --></div>\n<!-- /wp:column --></div>\n<!-- /wp:columns -->\n\n<!-- wp:shortcode -->\n[kas-locations]\n<!-- /wp:shortcode -->\n\n<!-- wp:mediorbis-base/section {\"className\":\"services\"} -->\n<!-- wp:heading {\"className\":\"h1\"} -->\n<h2 class=\"h1\" id=\"services\">Zahnarzt – Überlingen –  Leistungen</h2>\n<!-- /wp:heading -->\n\n<!-- wp:mediorbis-base/post-list {\"queryString\":\"post_type=service\\u0026service-category=service-tiles\",\"queryTaxonomy\":\"\",\"queryTaxonomyValue\":\"\",\"numberposts\":6,\"lazyLoad\":false,\"className\":\"services\"} /-->\n<!-- /wp:mediorbis-base/section -->\n\n<!-- wp:mediorbis-base/section {\"className\":\"reviews\"} -->\n<!-- wp:group -->\n<div class=\"wp-block-group\"><!-- wp:mediorbis-base/post-list {\"queryString\":\"post_type=review\",\"lazyLoad\":false,\"className\":\"reviews swiper-wrapper\"} /--></div>\n<!-- /wp:group -->\n<!-- /wp:mediorbis-base/section -->\n\n<!-- wp:mediorbis-base/section {\"className\":\"about-us\"} -->\n<!-- wp:heading {\"className\":\"h1\"} -->\n<h2 class=\"h1\" id=\"uber-uns\">Ihre Zahnarztpraxis in Überlingen</h2>\n<!-- /wp:heading -->\n\n<!-- wp:mediorbis-base/post-list {\"queryString\":\"post_type=ueberuns\",\"lazyLoad\":false} /-->\n<!-- /wp:mediorbis-base/section -->\n\n<!-- wp:mediorbis-base/section {\"className\":\"employees doctors\"} -->\n<!-- wp:heading {\"className\":\"h1\"} -->\n<h2 class=\"h1\" id=\"arzte\">Ihre Zahnärzte in Überlingen</h2>\n<!-- /wp:heading -->\n\n<!-- wp:mediorbis-base/post-list {\"queryString\":\"post_type=employee\\u0026employee-category=doctor\",\"lazyLoad\":false,\"className\":\"doctors\"} /-->\n<!-- /wp:mediorbis-base/section -->\n\n<!-- wp:mediorbis-base/section {\"className\":\"services\"} -->\n<!-- wp:heading {\"className\":\"h1\"} -->\n<h2 class=\"h1\" id=\"services\">Zahnarzt – Überlingen – Services</h2>\n<!-- /wp:heading -->\n\n<!-- wp:mediorbis-base/post-list {\"queryString\":\"post_type=service\\u0026service-category=service-slider\",\"queryTaxonomy\":\"\",\"queryTaxonomyValue\":\"\",\"numberposts\":3,\"isSlider\":true,\"lazyLoad\":false,\"className\":\"services slider\"} /-->\n<!-- /wp:mediorbis-base/section -->\n\n<!-- wp:mediorbis-base/section {\"className\":\"map\"} -->\n<!-- wp:shortcode -->\n[kas-map]\n<!-- /wp:shortcode -->\n<!-- /wp:mediorbis-base/section -->','Startseite','','inherit','closed','closed','','494-revision-v1','','','2022-11-02 07:56:12','2022-11-02 07:56:12','',494,'https://mein-zahnarzt-ueberlingen.de/?p=1181',0,'revision','',0),(1183,1,'2022-11-03 06:50:55','2022-11-03 06:50:55','','Logo_ZZUE_Negativ','','inherit','open','closed','','logo_zzue_negativ','','','2022-11-03 06:50:55','2022-11-03 06:50:55','',0,'https://mein-zahnarzt-ueberlingen.de/wp-content/uploads/sites/3/Logo_ZZUE_Negativ.svg',0,'attachment','image/svg+xml',0),(1184,1,'2022-11-03 06:51:07','2022-11-03 06:51:07','{\n    \"klinik-am-schloss-theme-options[logo-negative]\": {\n        \"value\": \"https://mein-zahnarzt-ueberlingen.de/wp-content/uploads/sites/3/Logo_ZZUE_Negativ.svg\",\n        \"type\": \"option\",\n        \"user_id\": 1,\n        \"date_modified_gmt\": \"2022-11-03 06:51:07\"\n    }\n}','','','trash','closed','closed','','72949f03-e5c9-4dea-8ef9-15d349c9018b','','','2022-11-03 06:51:07','2022-11-03 06:51:07','',0,'https://mein-zahnarzt-ueberlingen.de/2022/11/03/72949f03-e5c9-4dea-8ef9-15d349c9018b/',0,'customize_changeset','',0);
INSERT INTO `kas_3_posts` VALUES (1185,1,'2022-11-03 08:25:32','2022-11-03 08:25:32','<!-- wp:cover {\"url\":\"https://mein-zahnarzt-ueberlingen.de/wp-content/uploads/sites/3/ueberlingen-view.jpg\",\"id\":1179,\"dimRatio\":0,\"focalPoint\":{\"x\":\"0.34\",\"y\":\"0.77\"},\"isDark\":false} -->\n<div class=\"wp-block-cover is-light\"><span aria-hidden=\"true\" class=\"wp-block-cover__background has-background-dim-0 has-background-dim\"></span><img class=\"wp-block-cover__image-background wp-image-1179\" alt=\"\" src=\"https://mein-zahnarzt-ueberlingen.de/wp-content/uploads/sites/3/ueberlingen-view.jpg\" style=\"object-position:34% 77%\" data-object-fit=\"cover\" data-object-position=\"34% 77%\"/><div class=\"wp-block-cover__inner-container\"><!-- wp:image {\"id\":12,\"sizeSlug\":\"full\",\"linkDestination\":\"none\",\"className\":\"awards\"} -->\n<figure class=\"wp-block-image size-full awards\"><img src=\"https://klinik-am-schloss.de/wp-content/uploads/awards.png\" alt=\"Zahnarzt Überlingen für die ganze Familie\" class=\"wp-image-12\"/></figure>\n<!-- /wp:image --></div></div>\n<!-- /wp:cover -->\n\n<!-- wp:columns {\"className\":\"home-header-content\"} -->\n<div class=\"wp-block-columns home-header-content\"><!-- wp:column {\"width\":\"66.66%\"} -->\n<div class=\"wp-block-column\" style=\"flex-basis:66.66%\"><!-- wp:heading {\"level\":1} -->\n<h1 id=\"klinik-am-schloss-fur-hochste-und-individuelle-anspruche\">Ihr Zahnarzt in Überlingen für moderne Zahngesundheit</h1>\n<!-- /wp:heading -->\n\n<!-- wp:paragraph -->\n<p>Das Zahnärztliche Zentrum Überlingen – ZZÜ – ist eine Zweigniederlassung der Klinik am Schloss in Sigmaringen. Dank der Spezialisierungen unseres Zahnarzt-Teams in Überlingen werden neben der zahnmedizinischen Grundversorgung auch Zahnimplantate, ästhetische Zahnbehandlungen, Laserbehandlungen und vieles mehr angeboten.</p>\n<!-- /wp:paragraph --></div>\n<!-- /wp:column -->\n\n<!-- wp:column {\"width\":\"33.33%\"} -->\n<div class=\"wp-block-column\" style=\"flex-basis:33.33%\"><!-- wp:shortcode -->\n[kas-contact-widget]\n<!-- /wp:shortcode --></div>\n<!-- /wp:column --></div>\n<!-- /wp:columns -->\n\n<!-- wp:mediorbis-base/section {\"className\":\"locations\"} -->\n<!-- wp:heading -->\n<h2>Standorte</h2>\n<!-- /wp:heading -->\n\n<!-- wp:shortcode -->\n[kas-locations]\n<!-- /wp:shortcode -->\n<!-- /wp:mediorbis-base/section -->\n\n<!-- wp:mediorbis-base/section {\"className\":\"services\"} -->\n<!-- wp:heading {\"className\":\"h1\"} -->\n<h2 class=\"h1\" id=\"services\">Zahnarzt – Überlingen –  Leistungen</h2>\n<!-- /wp:heading -->\n\n<!-- wp:mediorbis-base/post-list {\"queryString\":\"post_type=service\\u0026service-category=service-tiles\",\"queryTaxonomy\":\"\",\"queryTaxonomyValue\":\"\",\"numberposts\":6,\"lazyLoad\":false,\"className\":\"services\"} /-->\n<!-- /wp:mediorbis-base/section -->\n\n<!-- wp:mediorbis-base/section {\"className\":\"reviews\"} -->\n<!-- wp:group -->\n<div class=\"wp-block-group\"><!-- wp:mediorbis-base/post-list {\"queryString\":\"post_type=review\",\"lazyLoad\":false,\"className\":\"reviews swiper-wrapper\"} /--></div>\n<!-- /wp:group -->\n<!-- /wp:mediorbis-base/section -->\n\n<!-- wp:mediorbis-base/section {\"className\":\"about-us\"} -->\n<!-- wp:heading {\"className\":\"h1\"} -->\n<h2 class=\"h1\" id=\"uber-uns\">Ihre Zahnarztpraxis in Überlingen</h2>\n<!-- /wp:heading -->\n\n<!-- wp:mediorbis-base/post-list {\"queryString\":\"post_type=ueberuns\",\"lazyLoad\":false} /-->\n<!-- /wp:mediorbis-base/section -->\n\n<!-- wp:mediorbis-base/section {\"className\":\"employees doctors\"} -->\n<!-- wp:heading {\"className\":\"h1\"} -->\n<h2 class=\"h1\" id=\"arzte\">Ihre Zahnärzte in Überlingen</h2>\n<!-- /wp:heading -->\n\n<!-- wp:mediorbis-base/post-list {\"queryString\":\"post_type=employee\\u0026employee-category=doctor\",\"lazyLoad\":false,\"className\":\"doctors\"} /-->\n<!-- /wp:mediorbis-base/section -->\n\n<!-- wp:mediorbis-base/section {\"className\":\"services\"} -->\n<!-- wp:heading {\"className\":\"h1\"} -->\n<h2 class=\"h1\" id=\"services\">Zahnarzt – Überlingen – Services</h2>\n<!-- /wp:heading -->\n\n<!-- wp:mediorbis-base/post-list {\"queryString\":\"post_type=service\\u0026service-category=service-slider\",\"queryTaxonomy\":\"\",\"queryTaxonomyValue\":\"\",\"numberposts\":3,\"isSlider\":true,\"lazyLoad\":false,\"className\":\"services slider\"} /-->\n<!-- /wp:mediorbis-base/section -->\n\n<!-- wp:mediorbis-base/section {\"className\":\"map\"} -->\n<!-- wp:shortcode -->\n[kas-map]\n<!-- /wp:shortcode -->\n<!-- /wp:mediorbis-base/section -->','Startseite','','inherit','closed','closed','','494-revision-v1','','','2022-11-03 08:25:32','2022-11-03 08:25:32','',494,'https://mein-zahnarzt-ueberlingen.de/?p=1185',0,'revision','',0),(1187,3,'2022-11-03 09:10:21','2022-11-03 09:10:21','{\n    \"klinik-am-schloss-theme-options[title]\": {\n        \"value\": \"ZZ\\u00dc - Zahn\\u00e4rztliches Zentrum \\u00dcberlingen\",\n        \"type\": \"option\",\n        \"user_id\": 3,\n        \"date_modified_gmt\": \"2022-11-03 09:10:09\"\n    },\n    \"klinik-am-schloss-theme-options[subtitle]\": {\n        \"value\": \"Zahnarztpraxis und Praxis f\\u00fcr Oralchirurgie\",\n        \"type\": \"option\",\n        \"user_id\": 3,\n        \"date_modified_gmt\": \"2022-11-03 09:10:21\"\n    }\n}','','','trash','closed','closed','','1df46ad7-e683-4548-aa0f-60cfbd1799cf','','','2022-11-03 09:10:21','2022-11-03 09:10:21','',0,'https://mein-zahnarzt-ueberlingen.de/?p=1187',0,'customize_changeset','',0);

--
-- Table structure for table `kas_3_term_relationships`
--

CREATE TABLE `kas_3_term_relationships` (
  `object_id` bigint unsigned NOT NULL DEFAULT '0',
  `term_taxonomy_id` bigint unsigned NOT NULL DEFAULT '0',
  `term_order` int NOT NULL DEFAULT '0',
  PRIMARY KEY (`object_id`,`term_taxonomy_id`),
  KEY `term_taxonomy_id` (`term_taxonomy_id`)
) ENGINE=InnoDB DEFAULT CHARSET=utf8mb4 COLLATE=utf8mb4_general_ci;

--
-- Dumping data for table `kas_3_term_relationships`
--

INSERT INTO `kas_3_term_relationships` VALUES (1,1,0),(7,11,0),(38,3,0),(46,6,0),(58,4,0),(95,6,0),(96,6,0),(97,6,0),(98,6,0),(99,6,0),(100,6,0),(101,6,0),(102,6,0),(113,7,0),(114,3,0),(117,3,0),(235,6,0),(275,2,0),(277,2,0),(279,2,0),(335,7,0),(389,5,0),(393,5,0),(394,5,0),(496,10,0),(780,10,0),(781,8,0),(782,8,0),(783,8,0),(784,10,0);

--
-- Table structure for table `kas_3_term_taxonomy`
--

CREATE TABLE `kas_3_term_taxonomy` (
  `term_taxonomy_id` bigint unsigned NOT NULL AUTO_INCREMENT,
  `term_id` bigint unsigned NOT NULL DEFAULT '0',
  `taxonomy` varchar(32) COLLATE utf8mb4_general_ci NOT NULL DEFAULT '',
  `description` longtext COLLATE utf8mb4_general_ci NOT NULL,
  `parent` bigint unsigned NOT NULL DEFAULT '0',
  `count` bigint NOT NULL DEFAULT '0',
  PRIMARY KEY (`term_taxonomy_id`),
  UNIQUE KEY `term_id_taxonomy` (`term_id`,`taxonomy`),
  KEY `taxonomy` (`taxonomy`)
) ENGINE=InnoDB AUTO_INCREMENT=12 DEFAULT CHARSET=utf8mb4 COLLATE=utf8mb4_general_ci;

--
-- Dumping data for table `kas_3_term_taxonomy`
--

INSERT INTO `kas_3_term_taxonomy` VALUES (1,1,'category','',0,1),(2,2,'content-block-category','',0,3),(3,3,'employee-category','',0,3),(4,4,'ratgeber-category','',0,0),(5,5,'service-category','',0,3),(6,6,'service-category','',0,10),(7,7,'employee-category','',0,0),(8,8,'nav_menu','',0,3),(9,9,'nav_menu','',0,0),(10,10,'nav_menu','',0,3),(11,11,'wp_theme','',0,1);

--
-- Table structure for table `kas_3_termmeta`
--

CREATE TABLE `kas_3_termmeta` (
  `meta_id` bigint unsigned NOT NULL AUTO_INCREMENT,
  `term_id` bigint unsigned NOT NULL DEFAULT '0',
  `meta_key` varchar(255) COLLATE utf8mb4_general_ci DEFAULT NULL,
  `meta_value` longtext COLLATE utf8mb4_general_ci,
  PRIMARY KEY (`meta_id`),
  KEY `term_id` (`term_id`),
  KEY `meta_key` (`meta_key`(191))
) ENGINE=InnoDB DEFAULT CHARSET=utf8mb4 COLLATE=utf8mb4_general_ci;

--
-- Dumping data for table `kas_3_termmeta`
--


--
-- Table structure for table `kas_3_terms`
--

CREATE TABLE `kas_3_terms` (
  `term_id` bigint unsigned NOT NULL AUTO_INCREMENT,
  `name` varchar(200) COLLATE utf8mb4_general_ci NOT NULL DEFAULT '',
  `slug` varchar(200) COLLATE utf8mb4_general_ci NOT NULL DEFAULT '',
  `term_group` bigint NOT NULL DEFAULT '0',
  PRIMARY KEY (`term_id`),
  KEY `slug` (`slug`(191)),
  KEY `name` (`name`(191))
) ENGINE=InnoDB AUTO_INCREMENT=12 DEFAULT CHARSET=utf8mb4 COLLATE=utf8mb4_general_ci;

--
-- Dumping data for table `kas_3_terms`
--

INSERT INTO `kas_3_terms` VALUES (1,'Uncategorized','uncategorized',0),(2,'anreise','anreise',0),(3,'Doctor','doctor',0),(4,'Philosophie','philosophie',0),(5,'service-slider','service-slider',0),(6,'service-tiles','service-tiles',0),(7,'Team','team',0),(8,'Footer Menu 1','footer-menu-1',0),(9,'Footer Menu 2','footer-menu-2',0),(10,'Primary Menu','primary-menu',0),(11,'klinik-am-schloss','klinik-am-schloss',0);

--
-- Table structure for table `kas_3_yoast_indexable`
--

CREATE TABLE `kas_3_yoast_indexable` (
  `id` int unsigned NOT NULL AUTO_INCREMENT,
  `permalink` longtext COLLATE utf8mb4_general_ci,
  `permalink_hash` varchar(40) COLLATE utf8mb4_general_ci DEFAULT NULL,
  `object_id` bigint DEFAULT NULL,
  `object_type` varchar(32) COLLATE utf8mb4_general_ci NOT NULL,
  `object_sub_type` varchar(32) COLLATE utf8mb4_general_ci DEFAULT NULL,
  `author_id` bigint DEFAULT NULL,
  `post_parent` bigint DEFAULT NULL,
  `title` text COLLATE utf8mb4_general_ci,
  `description` mediumtext COLLATE utf8mb4_general_ci,
  `breadcrumb_title` text COLLATE utf8mb4_general_ci,
  `post_status` varchar(20) COLLATE utf8mb4_general_ci DEFAULT NULL,
  `is_public` tinyint(1) DEFAULT NULL,
  `is_protected` tinyint(1) DEFAULT '0',
  `has_public_posts` tinyint(1) DEFAULT NULL,
  `number_of_pages` int unsigned DEFAULT NULL,
  `canonical` longtext COLLATE utf8mb4_general_ci,
  `primary_focus_keyword` varchar(191) COLLATE utf8mb4_general_ci DEFAULT NULL,
  `primary_focus_keyword_score` int DEFAULT NULL,
  `readability_score` int DEFAULT NULL,
  `is_cornerstone` tinyint(1) DEFAULT '0',
  `is_robots_noindex` tinyint(1) DEFAULT '0',
  `is_robots_nofollow` tinyint(1) DEFAULT '0',
  `is_robots_noarchive` tinyint(1) DEFAULT '0',
  `is_robots_noimageindex` tinyint(1) DEFAULT '0',
  `is_robots_nosnippet` tinyint(1) DEFAULT '0',
  `twitter_title` text COLLATE utf8mb4_general_ci,
  `twitter_image` longtext COLLATE utf8mb4_general_ci,
  `twitter_description` longtext COLLATE utf8mb4_general_ci,
  `twitter_image_id` varchar(191) COLLATE utf8mb4_general_ci DEFAULT NULL,
  `twitter_image_source` text COLLATE utf8mb4_general_ci,
  `open_graph_title` text COLLATE utf8mb4_general_ci,
  `open_graph_description` longtext COLLATE utf8mb4_general_ci,
  `open_graph_image` longtext COLLATE utf8mb4_general_ci,
  `open_graph_image_id` varchar(191) COLLATE utf8mb4_general_ci DEFAULT NULL,
  `open_graph_image_source` text COLLATE utf8mb4_general_ci,
  `open_graph_image_meta` mediumtext COLLATE utf8mb4_general_ci,
  `link_count` int DEFAULT NULL,
  `incoming_link_count` int DEFAULT NULL,
  `prominent_words_version` int unsigned DEFAULT NULL,
  `created_at` datetime DEFAULT NULL,
  `updated_at` timestamp NOT NULL DEFAULT CURRENT_TIMESTAMP ON UPDATE CURRENT_TIMESTAMP,
  `blog_id` bigint NOT NULL DEFAULT '3',
  `language` varchar(32) COLLATE utf8mb4_general_ci DEFAULT NULL,
  `region` varchar(32) COLLATE utf8mb4_general_ci DEFAULT NULL,
  `schema_page_type` varchar(64) COLLATE utf8mb4_general_ci DEFAULT NULL,
  `schema_article_type` varchar(64) COLLATE utf8mb4_general_ci DEFAULT NULL,
  `has_ancestors` tinyint(1) DEFAULT '0',
  `estimated_reading_time_minutes` int DEFAULT NULL,
  `version` int DEFAULT '1',
  `object_last_modified` datetime DEFAULT NULL,
  `object_published_at` datetime DEFAULT NULL,
  PRIMARY KEY (`id`),
  KEY `object_type_and_sub_type` (`object_type`,`object_sub_type`),
  KEY `object_id_and_type` (`object_id`,`object_type`),
  KEY `permalink_hash_and_object_type` (`permalink_hash`,`object_type`),
  KEY `subpages` (`post_parent`,`object_type`,`post_status`,`object_id`),
  KEY `prominent_words` (`prominent_words_version`,`object_type`,`object_sub_type`,`post_status`),
  KEY `published_sitemap_index` (`object_published_at`,`is_robots_noindex`,`object_type`,`object_sub_type`)
) ENGINE=InnoDB AUTO_INCREMENT=230 DEFAULT CHARSET=utf8mb4 COLLATE=utf8mb4_general_ci;

--
-- Dumping data for table `kas_3_yoast_indexable`
--

INSERT INTO `kas_3_yoast_indexable` VALUES (1,'https://mein-zahnarzt-ueberlingen.de/author/mike/','67:6d61583786a004d380085a0e93aeb5a0',1,'user',NULL,NULL,NULL,NULL,NULL,NULL,NULL,NULL,0,NULL,NULL,NULL,NULL,NULL,NULL,0,0,NULL,NULL,NULL,NULL,NULL,'https://2.gravatar.com/avatar/89643107ef513aaf8f8dbc74e9942de1?s=500&d=mm&r=g',NULL,NULL,'gravatar-image',NULL,NULL,'https://2.gravatar.com/avatar/89643107ef513aaf8f8dbc74e9942de1?s=500&d=mm&r=g',NULL,'gravatar-image',NULL,NULL,NULL,NULL,'2022-06-24 11:35:15','2022-11-28 13:36:30',3,NULL,NULL,NULL,NULL,0,NULL,2,'2022-10-11 07:06:07','2022-06-24 11:34:39'),(2,'https://mein-zahnarzt-ueberlingen.de/','55:33cf0379ce1544c4786151d2b1a302ed',NULL,'home-page',NULL,NULL,NULL,'%%sitename%% %%page%% %%sep%% %%sitedesc%%','','Home',NULL,NULL,0,NULL,NULL,NULL,NULL,NULL,NULL,0,1,0,0,0,0,NULL,NULL,NULL,NULL,NULL,'%%sitename%%','','','0',NULL,NULL,NULL,17,NULL,'2022-06-24 11:35:15','2022-11-28 13:36:30',3,NULL,NULL,NULL,NULL,0,NULL,2,'2022-11-03 08:25:33','2022-06-24 11:34:39'),(4,'https://mein-zahnarzt-ueberlingen.de/24/hello-world/','78:dfd3921f7790d160736a9610cd719f74',1,'post','post',1,0,NULL,NULL,'Hello world!','publish',NULL,0,NULL,NULL,NULL,NULL,NULL,0,0,NULL,0,NULL,NULL,NULL,NULL,NULL,NULL,NULL,NULL,NULL,NULL,NULL,NULL,NULL,NULL,0,NULL,NULL,'2022-06-24 11:37:36','2022-11-28 13:36:30',3,NULL,NULL,NULL,NULL,0,NULL,2,'2022-06-24 11:34:39','2022-06-24 11:34:39'),(5,'https://mein-zahnarzt-ueberlingen.de/category/uncategorized/','78:57129f87776b4de74aad2df430bd7213',1,'term','category',NULL,NULL,NULL,NULL,'Uncategorized',NULL,NULL,0,NULL,NULL,NULL,NULL,NULL,NULL,0,NULL,NULL,NULL,NULL,NULL,NULL,NULL,NULL,NULL,NULL,NULL,NULL,NULL,NULL,NULL,NULL,0,NULL,NULL,'2022-06-24 11:37:36','2022-11-28 13:36:30',3,NULL,NULL,NULL,NULL,0,NULL,2,'2022-06-24 11:34:39','2022-06-24 11:34:39'),(6,NULL,NULL,NULL,'system-page','404',NULL,NULL,'Page not found %%sep%% %%sitename%%',NULL,'Error 404: Page not found',NULL,NULL,0,NULL,NULL,NULL,NULL,NULL,NULL,0,1,0,0,0,0,NULL,NULL,NULL,NULL,NULL,NULL,NULL,NULL,NULL,NULL,NULL,NULL,NULL,NULL,'2022-06-24 11:37:36','2022-06-24 10:37:36',3,NULL,NULL,NULL,NULL,0,NULL,1,NULL,NULL),(7,NULL,NULL,NULL,'system-page','search-result',NULL,NULL,'You searched for %%searchphrase%% %%page%% %%sep%% %%sitename%%',NULL,NULL,NULL,NULL,0,NULL,NULL,NULL,NULL,NULL,NULL,0,1,0,0,0,0,NULL,NULL,NULL,NULL,NULL,NULL,NULL,NULL,NULL,NULL,NULL,NULL,NULL,NULL,'2022-06-24 11:37:36','2022-06-24 10:37:36',3,NULL,NULL,NULL,NULL,0,NULL,1,NULL,NULL),(8,NULL,NULL,NULL,'date-archive',NULL,NULL,NULL,'%%date%% %%page%% %%sep%% %%sitename%%','',NULL,NULL,0,0,NULL,NULL,NULL,NULL,NULL,NULL,0,1,0,0,0,0,NULL,NULL,NULL,NULL,NULL,NULL,NULL,NULL,NULL,NULL,NULL,NULL,NULL,NULL,'2022-06-24 11:37:36','2022-06-24 10:37:36',3,NULL,NULL,NULL,NULL,0,NULL,1,NULL,NULL),(9,'https://mein-zahnarzt-ueberlingen.de/author/marco/','68:3feb536b0b38292817069f251cf46716',6,'user',NULL,NULL,NULL,NULL,NULL,NULL,NULL,NULL,0,0,NULL,NULL,NULL,NULL,NULL,0,0,NULL,NULL,NULL,NULL,NULL,'https://secure.gravatar.com/avatar/5afa0bbd53ee31b18d0a7e6faa180c2e?s=500&d=mm&r=g',NULL,NULL,'gravatar-image',NULL,NULL,'https://secure.gravatar.com/avatar/5afa0bbd53ee31b18d0a7e6faa180c2e?s=500&d=mm&r=g',NULL,'gravatar-image',NULL,NULL,NULL,NULL,'2022-06-24 11:38:08','2022-11-28 13:36:30',3,NULL,NULL,NULL,NULL,0,NULL,2,'2022-11-03 08:25:33',NULL),(11,'https://mein-zahnarzt-ueberlingen.de/?employee-category=doctor','80:a6deef24d412332592a52e5593698bd9',3,'term','employee-category',NULL,NULL,NULL,NULL,'Doctor',NULL,NULL,0,NULL,NULL,NULL,NULL,NULL,NULL,0,NULL,NULL,NULL,NULL,NULL,NULL,NULL,NULL,NULL,NULL,NULL,NULL,NULL,NULL,NULL,NULL,0,NULL,NULL,'2022-06-24 11:38:17','2022-11-28 13:36:30',3,NULL,NULL,NULL,NULL,0,NULL,2,'2022-10-30 23:21:21',NULL),(12,'https://mein-zahnarzt-ueberlingen.de/ratgeber/philosophie/','76:9a5a5c9e07a26ca21f775ead3cff51bf',4,'term','ratgeber-category',NULL,NULL,NULL,NULL,'Philosophie',NULL,NULL,0,NULL,NULL,NULL,NULL,NULL,NULL,0,NULL,NULL,NULL,NULL,NULL,NULL,NULL,NULL,NULL,NULL,NULL,NULL,NULL,NULL,NULL,NULL,0,NULL,NULL,'2022-06-24 11:38:17','2022-11-28 13:36:30',3,NULL,NULL,NULL,NULL,0,NULL,2,'2022-06-24 11:38:17',NULL),(13,'https://mein-zahnarzt-ueberlingen.de/service-category/service-slider/','87:d01de050a24f70dff53eb39ebb67dd9b',5,'term','service-category',NULL,NULL,NULL,NULL,'service-slider',NULL,NULL,0,NULL,NULL,NULL,NULL,NULL,NULL,0,NULL,NULL,NULL,NULL,NULL,NULL,NULL,NULL,NULL,NULL,NULL,NULL,NULL,NULL,NULL,NULL,0,NULL,NULL,'2022-06-24 11:38:17','2022-11-28 13:36:30',3,NULL,NULL,NULL,NULL,0,NULL,2,'2022-09-14 10:12:54',NULL),(14,'https://mein-zahnarzt-ueberlingen.de/service-category/service-tiles/','86:cf218810f2cec5804116dcb157997c36',6,'term','service-category',NULL,NULL,NULL,NULL,'service-tiles',NULL,NULL,0,NULL,NULL,NULL,NULL,NULL,NULL,0,NULL,NULL,NULL,NULL,NULL,NULL,NULL,NULL,NULL,NULL,NULL,NULL,NULL,NULL,NULL,NULL,0,NULL,NULL,'2022-06-24 11:38:17','2022-11-28 13:36:30',3,NULL,NULL,NULL,NULL,0,NULL,2,'2022-08-24 13:54:32',NULL),(15,'https://mein-zahnarzt-ueberlingen.de/?employee-category=team','78:10a64bf8800fb252d96b9fdde9358988',7,'term','employee-category',NULL,NULL,NULL,NULL,'Team',NULL,NULL,0,NULL,NULL,NULL,NULL,NULL,NULL,0,NULL,NULL,NULL,NULL,NULL,NULL,NULL,NULL,NULL,NULL,NULL,NULL,NULL,NULL,NULL,NULL,0,NULL,NULL,'2022-06-24 11:38:17','2022-11-28 13:36:30',3,NULL,NULL,NULL,NULL,0,NULL,2,'2022-08-30 08:33:49',NULL),(16,'https://mein-zahnarzt-ueberlingen.de/?post_type=acf-field&p=166','81:040f4e46da1d90b29fb0128986f374b6',166,'post','acf-field',6,0,NULL,NULL,'Layout','publish',NULL,0,NULL,NULL,NULL,NULL,NULL,0,0,NULL,0,NULL,NULL,NULL,NULL,NULL,NULL,NULL,NULL,NULL,NULL,NULL,NULL,NULL,NULL,0,NULL,NULL,'2022-06-24 11:38:17','2022-11-28 13:36:30',3,NULL,NULL,NULL,NULL,0,NULL,2,'2022-04-06 16:33:16','2022-04-06 16:33:16'),(17,'https://mein-zahnarzt-ueberlingen.de/?post_type=acf-field&p=167','81:a4b0b0b7baafd2f4ee1f70d04cb18da8',167,'post','acf-field',6,0,NULL,NULL,'Main Image','publish',NULL,0,NULL,NULL,NULL,NULL,NULL,0,0,NULL,0,NULL,NULL,NULL,NULL,NULL,NULL,NULL,NULL,NULL,NULL,NULL,NULL,NULL,NULL,0,NULL,NULL,'2022-06-24 11:38:17','2022-11-28 13:36:30',3,NULL,NULL,NULL,NULL,0,NULL,2,'2022-04-06 16:33:16','2022-04-06 16:33:16'),(18,'https://mein-zahnarzt-ueberlingen.de/?post_type=acf-field&p=168','81:5d03483e66bd9021af043615f91aea53',168,'post','acf-field',6,0,NULL,NULL,'Video Overlay','publish',NULL,0,NULL,NULL,NULL,NULL,NULL,0,0,NULL,0,NULL,NULL,NULL,NULL,NULL,NULL,NULL,NULL,NULL,NULL,NULL,NULL,NULL,NULL,0,NULL,NULL,'2022-06-24 11:38:17','2022-11-28 13:36:30',3,NULL,NULL,NULL,NULL,0,NULL,2,'2022-04-06 16:33:16','2022-04-06 16:33:16'),(19,'https://mein-zahnarzt-ueberlingen.de/?post_type=acf-field&p=169','81:66b56a22cb8a0a9c1fe3e01b06f63807',169,'post','acf-field',6,0,NULL,NULL,'Explanation about video file formats','publish',NULL,0,NULL,NULL,NULL,NULL,NULL,0,0,NULL,0,NULL,NULL,NULL,NULL,NULL,NULL,NULL,NULL,NULL,NULL,NULL,NULL,NULL,NULL,0,NULL,NULL,'2022-06-24 11:38:17','2022-11-28 13:36:30',3,NULL,NULL,NULL,NULL,0,NULL,2,'2022-04-06 16:33:16','2022-04-06 16:33:16'),(20,'https://mein-zahnarzt-ueberlingen.de/?post_type=acf-field&p=170','81:2adaf3f6d18884b6a41dfa548ce6e1e2',170,'post','acf-field',6,0,NULL,NULL,'.mp4 File','publish',NULL,0,NULL,NULL,NULL,NULL,NULL,0,0,NULL,0,NULL,NULL,NULL,NULL,NULL,NULL,NULL,NULL,NULL,NULL,NULL,NULL,NULL,NULL,0,NULL,NULL,'2022-06-24 11:38:17','2022-11-28 13:36:30',3,NULL,NULL,NULL,NULL,0,NULL,2,'2022-04-06 16:33:16','2022-04-06 16:33:16'),(21,'https://mein-zahnarzt-ueberlingen.de/?post_type=acf-field&p=171','81:3a9f436e8c6c6e885c83883c260555be',171,'post','acf-field',6,0,NULL,NULL,'.ogv File','publish',NULL,0,NULL,NULL,NULL,NULL,NULL,0,0,NULL,0,NULL,NULL,NULL,NULL,NULL,NULL,NULL,NULL,NULL,NULL,NULL,NULL,NULL,NULL,0,NULL,NULL,'2022-06-24 11:38:17','2022-11-28 13:36:30',3,NULL,NULL,NULL,NULL,0,NULL,2,'2022-04-06 16:33:16','2022-04-06 16:33:16'),(22,'https://mein-zahnarzt-ueberlingen.de/?post_type=acf-field&p=172','81:6c61d0fdeb933758f5666a69e70078d2',172,'post','acf-field',6,0,NULL,NULL,'Main Content','publish',NULL,0,NULL,NULL,NULL,NULL,NULL,0,0,NULL,0,NULL,NULL,NULL,NULL,NULL,NULL,NULL,NULL,NULL,NULL,NULL,NULL,NULL,NULL,0,NULL,NULL,'2022-06-24 11:38:17','2022-11-28 13:36:30',3,NULL,NULL,NULL,NULL,0,NULL,2,'2022-04-06 16:33:16','2022-04-06 16:33:16'),(23,'https://mein-zahnarzt-ueberlingen.de/?post_type=acf-field&p=173','81:76b1b64689d01eea6fa9035adbe07932',173,'post','acf-field',6,0,NULL,NULL,'Secondary Content','publish',NULL,0,NULL,NULL,NULL,NULL,NULL,0,0,NULL,0,NULL,NULL,NULL,NULL,NULL,NULL,NULL,NULL,NULL,NULL,NULL,NULL,NULL,NULL,0,NULL,NULL,'2022-06-24 11:38:17','2022-11-28 13:36:30',3,NULL,NULL,NULL,NULL,0,NULL,2,'2022-04-06 16:33:16','2022-04-06 16:33:16'),(24,'https://mein-zahnarzt-ueberlingen.de/?post_type=acf-field&p=249','81:6d01fb6501240b68724ed14d07d60f2d',249,'post','acf-field',6,0,NULL,NULL,'Headline','publish',NULL,0,NULL,NULL,NULL,NULL,NULL,0,0,NULL,0,NULL,NULL,NULL,NULL,NULL,NULL,NULL,NULL,NULL,NULL,NULL,NULL,NULL,NULL,0,NULL,NULL,'2022-06-24 11:38:17','2022-11-28 13:36:30',3,NULL,NULL,NULL,NULL,0,NULL,2,'2022-04-20 14:44:22','2022-04-20 14:44:22'),(25,'https://mein-zahnarzt-ueberlingen.de/?post_type=acf-field&p=250','81:7877cce9392110eee93661bdd4163d98',250,'post','acf-field',6,0,NULL,NULL,'Text','publish',NULL,0,NULL,NULL,NULL,NULL,NULL,0,0,NULL,0,NULL,NULL,NULL,NULL,NULL,NULL,NULL,NULL,NULL,NULL,NULL,NULL,NULL,NULL,0,NULL,NULL,'2022-06-24 11:38:17','2022-11-28 13:36:30',3,NULL,NULL,NULL,NULL,0,NULL,2,'2022-04-20 14:44:22','2022-04-20 14:44:22'),(26,'https://mein-zahnarzt-ueberlingen.de/?post_type=acf-field&p=251','81:b32ec0d3d3ca7480462fe7610b823a00',251,'post','acf-field',6,0,NULL,NULL,'Background / Preview Image','publish',NULL,0,NULL,NULL,NULL,NULL,NULL,0,0,NULL,0,NULL,NULL,NULL,NULL,NULL,NULL,NULL,NULL,NULL,NULL,NULL,NULL,NULL,NULL,0,NULL,NULL,'2022-06-24 11:38:17','2022-11-28 13:36:30',3,NULL,NULL,NULL,NULL,0,NULL,2,'2022-04-20 14:44:22','2022-04-20 14:44:22'),(27,'https://mein-zahnarzt-ueberlingen.de/?post_type=acf-field&p=252','81:80e70618c1bd7f0746099b4543858fe2',252,'post','acf-field',6,0,NULL,NULL,'Video Overlay?','publish',NULL,0,NULL,NULL,NULL,NULL,NULL,0,0,NULL,0,NULL,NULL,NULL,NULL,NULL,NULL,NULL,NULL,NULL,NULL,NULL,NULL,NULL,NULL,0,NULL,NULL,'2022-06-24 11:38:17','2022-11-28 13:36:30',3,NULL,NULL,NULL,NULL,0,NULL,2,'2022-04-20 14:44:22','2022-04-20 14:44:22'),(28,'https://mein-zahnarzt-ueberlingen.de/?post_type=acf-field&p=253','81:18acceb23040b5ec420647f825a94fe8',253,'post','acf-field',6,0,NULL,NULL,'.MP4 File','publish',NULL,0,NULL,NULL,NULL,NULL,NULL,0,0,NULL,0,NULL,NULL,NULL,NULL,NULL,NULL,NULL,NULL,NULL,NULL,NULL,NULL,NULL,NULL,0,NULL,NULL,'2022-06-24 11:38:17','2022-11-28 13:36:30',3,NULL,NULL,NULL,NULL,0,NULL,2,'2022-04-20 14:44:22','2022-04-20 14:44:22'),(29,'https://mein-zahnarzt-ueberlingen.de/?post_type=acf-field&p=254','81:24f1a7bb8fefe8f7dd6e7f2fd1ab8a1c',254,'post','acf-field',6,0,NULL,NULL,'.WEBM File','publish',NULL,0,NULL,NULL,NULL,NULL,NULL,0,0,NULL,0,NULL,NULL,NULL,NULL,NULL,NULL,NULL,NULL,NULL,NULL,NULL,NULL,NULL,NULL,0,NULL,NULL,'2022-06-24 11:38:17','2022-11-28 13:36:30',3,NULL,NULL,NULL,NULL,0,NULL,2,'2022-04-20 14:44:22','2022-04-20 14:44:22'),(30,'https://mein-zahnarzt-ueberlingen.de/?post_type=acf-field&p=262','81:c49f6500c670398f77c0d0332f9d2ef7',262,'post','acf-field',6,0,NULL,NULL,'Logos','publish',NULL,0,NULL,NULL,NULL,NULL,NULL,0,0,NULL,0,NULL,NULL,NULL,NULL,NULL,NULL,NULL,NULL,NULL,NULL,NULL,NULL,NULL,NULL,0,NULL,NULL,'2022-06-24 11:38:17','2022-11-28 13:36:30',3,NULL,NULL,NULL,NULL,0,NULL,2,'2022-04-20 15:07:11','2022-04-20 15:07:11'),(31,'https://mein-zahnarzt-ueberlingen.de/?post_type=acf-field&p=263','81:b42a330201892b69dca06c4f5ec8b095',263,'post','acf-field',6,262,NULL,NULL,'Image','publish',NULL,0,NULL,NULL,NULL,NULL,NULL,0,0,NULL,0,NULL,NULL,NULL,NULL,NULL,NULL,NULL,NULL,NULL,NULL,NULL,NULL,NULL,NULL,0,NULL,NULL,'2022-06-24 11:38:17','2022-11-28 13:36:30',3,NULL,NULL,NULL,NULL,0,NULL,2,'2022-04-20 15:07:11','2022-04-20 15:07:11'),(32,'https://mein-zahnarzt-ueberlingen.de/?post_type=acf-field&p=304','81:e30345da45c1d50bffe0bfafd1e9ee5c',304,'post','acf-field',6,0,NULL,NULL,'Headline','publish',NULL,0,NULL,NULL,NULL,NULL,NULL,0,0,NULL,0,NULL,NULL,NULL,NULL,NULL,NULL,NULL,NULL,NULL,NULL,NULL,NULL,NULL,NULL,0,NULL,NULL,'2022-06-24 11:38:17','2022-11-28 13:36:30',3,NULL,NULL,NULL,NULL,0,NULL,2,'2022-04-22 09:38:33','2022-04-22 09:38:33'),(33,'https://mein-zahnarzt-ueberlingen.de/?post_type=acf-field&p=305','81:e71b8878fad8f195b44291f9a514448d',305,'post','acf-field',6,0,NULL,NULL,'Content Box','publish',NULL,0,NULL,NULL,NULL,NULL,NULL,0,0,NULL,0,NULL,NULL,NULL,NULL,NULL,NULL,NULL,NULL,NULL,NULL,NULL,NULL,NULL,NULL,0,NULL,NULL,'2022-06-24 11:38:17','2022-11-28 13:36:30',3,NULL,NULL,NULL,NULL,0,NULL,2,'2022-04-22 09:38:33','2022-04-22 09:38:33'),(34,'https://mein-zahnarzt-ueberlingen.de/?post_type=acf-field&p=307','81:354883bbf49da5d0d102152281a89c8f',307,'post','acf-field',6,305,NULL,NULL,'Text','publish',NULL,0,NULL,NULL,NULL,NULL,NULL,0,0,NULL,0,NULL,NULL,NULL,NULL,NULL,NULL,NULL,NULL,NULL,NULL,NULL,NULL,NULL,NULL,0,NULL,NULL,'2022-06-24 11:38:17','2022-11-28 13:36:30',3,NULL,NULL,NULL,NULL,0,NULL,2,'2022-04-22 09:38:33','2022-04-22 09:38:33'),(35,'https://mein-zahnarzt-ueberlingen.de/?post_type=acf-field-group&p=165','87:0cdae21ff3fe1aebe3d56982f9aefd28',165,'post','acf-field-group',6,0,NULL,NULL,'Complex Image / Text Element','publish',NULL,0,NULL,NULL,NULL,NULL,NULL,0,0,NULL,0,NULL,NULL,NULL,NULL,NULL,NULL,NULL,NULL,NULL,NULL,NULL,NULL,NULL,NULL,0,NULL,NULL,'2022-06-24 11:38:17','2022-11-28 13:36:30',3,NULL,NULL,NULL,NULL,0,NULL,2,'2022-04-06 16:33:16','2022-04-06 16:33:16'),(36,'https://mein-zahnarzt-ueberlingen.de/?post_type=acf-field-group&p=248','87:4bddf6b963a9bf096b7c67081453a4b3',248,'post','acf-field-group',6,0,NULL,NULL,'Hero Video','publish',NULL,0,NULL,NULL,NULL,NULL,NULL,0,0,NULL,0,NULL,NULL,NULL,NULL,NULL,NULL,NULL,NULL,NULL,NULL,NULL,NULL,NULL,NULL,0,NULL,NULL,'2022-06-24 11:38:17','2022-11-28 13:36:30',3,NULL,NULL,NULL,NULL,0,NULL,2,'2022-04-20 14:44:22','2022-04-20 14:44:22'),(37,'https://mein-zahnarzt-ueberlingen.de/?post_type=acf-field-group&p=303','87:4bfea74ce57bb2aa200989bbea017b17',303,'post','acf-field-group',6,0,NULL,NULL,'Big Background + Content Box','publish',NULL,0,NULL,NULL,NULL,NULL,NULL,0,0,NULL,0,NULL,NULL,NULL,NULL,NULL,NULL,NULL,NULL,NULL,NULL,NULL,NULL,NULL,NULL,0,NULL,NULL,'2022-06-24 11:38:17','2022-11-28 13:36:30',3,NULL,NULL,NULL,NULL,0,NULL,2,'2022-04-22 09:38:33','2022-04-22 09:38:33'),(38,'https://mein-zahnarzt-ueberlingen.de/?post_type=acf-field&p=308','81:c48572fb2ee8671ac65fbdc5610a5e3f',308,'post','acf-field',6,305,NULL,NULL,'More Link','publish',NULL,0,NULL,NULL,NULL,NULL,NULL,0,0,NULL,0,NULL,NULL,NULL,NULL,NULL,NULL,NULL,NULL,NULL,NULL,NULL,NULL,NULL,NULL,0,NULL,NULL,'2022-06-24 11:38:17','2022-11-28 13:36:30',3,NULL,NULL,NULL,NULL,0,NULL,2,'2022-04-22 09:38:33','2022-04-22 09:38:33'),(39,'https://mein-zahnarzt-ueberlingen.de/?post_type=acf-field&p=309','81:dfdb8d2891d1ce443c455a7307eb3f14',309,'post','acf-field',6,303,NULL,NULL,'Background Image','publish',NULL,0,NULL,NULL,NULL,NULL,NULL,0,0,NULL,0,NULL,NULL,NULL,NULL,NULL,NULL,NULL,NULL,NULL,NULL,NULL,NULL,NULL,NULL,0,NULL,NULL,'2022-06-24 11:38:17','2022-11-28 13:36:30',3,NULL,NULL,NULL,NULL,0,NULL,2,'2022-04-22 09:55:54','2022-04-22 09:55:54'),(40,'https://mein-zahnarzt-ueberlingen.de/?post_type=acf-field&p=312','81:7508307973063c2f943af52233ed96ac',312,'post','acf-field',6,303,NULL,NULL,'Gradient Start Color','publish',NULL,0,NULL,NULL,NULL,NULL,NULL,0,0,NULL,0,NULL,NULL,NULL,NULL,NULL,NULL,NULL,NULL,NULL,NULL,NULL,NULL,NULL,NULL,0,NULL,NULL,'2022-06-24 11:38:17','2022-11-28 13:36:30',3,NULL,NULL,NULL,NULL,0,NULL,2,'2022-04-22 10:20:46','2022-04-22 10:20:46'),(41,'https://mein-zahnarzt-ueberlingen.de/?post_type=acf-field&p=315','81:18f54ec1d73e1d5e7f7285c183fb0fae',315,'post','acf-field',6,303,NULL,NULL,'Headline Color','publish',NULL,0,NULL,NULL,NULL,NULL,NULL,0,0,NULL,0,NULL,NULL,NULL,NULL,NULL,NULL,NULL,NULL,NULL,NULL,NULL,NULL,NULL,NULL,0,NULL,NULL,'2022-06-24 11:38:17','2022-11-28 13:36:30',3,NULL,NULL,NULL,NULL,0,NULL,2,'2022-04-22 10:59:22','2022-04-22 10:59:22'),(42,'https://mein-zahnarzt-ueberlingen.de/?post_type=acf-field-group&p=350','87:7ecbe93c81c1ac9eeec8333f472980a8',350,'post','acf-field-group',6,0,NULL,NULL,'Image Text Columns','publish',NULL,0,NULL,NULL,NULL,NULL,NULL,0,0,NULL,0,NULL,NULL,NULL,NULL,NULL,NULL,NULL,NULL,NULL,NULL,NULL,NULL,NULL,NULL,0,NULL,NULL,'2022-06-24 11:38:17','2022-11-28 13:36:30',3,NULL,NULL,NULL,NULL,0,NULL,2,'2022-04-22 15:43:25','2022-04-22 15:43:25'),(43,'https://mein-zahnarzt-ueberlingen.de/?post_type=acf-field&p=351','81:22dbcb78f14cd26097a76e0c0bfe08c4',351,'post','acf-field',6,350,NULL,NULL,'image_text_columns','publish',NULL,0,NULL,NULL,NULL,NULL,NULL,0,0,NULL,0,NULL,NULL,NULL,NULL,NULL,NULL,NULL,NULL,NULL,NULL,NULL,NULL,NULL,NULL,0,NULL,NULL,'2022-06-24 11:38:17','2022-11-28 13:36:30',3,NULL,NULL,NULL,NULL,0,NULL,2,'2022-04-22 15:43:25','2022-04-22 15:43:25'),(44,'https://mein-zahnarzt-ueberlingen.de/?post_type=acf-field&p=352','81:b543968c29b177319357385885b2575b',352,'post','acf-field',6,351,NULL,NULL,'Image','publish',NULL,0,NULL,NULL,NULL,NULL,NULL,0,0,NULL,0,NULL,NULL,NULL,NULL,NULL,NULL,NULL,NULL,NULL,NULL,NULL,NULL,NULL,NULL,0,NULL,NULL,'2022-06-24 11:38:17','2022-11-28 13:36:30',3,NULL,NULL,NULL,NULL,0,NULL,2,'2022-04-22 15:43:25','2022-04-22 15:43:25'),(45,'https://mein-zahnarzt-ueberlingen.de/?post_type=acf-field&p=353','81:393f42a4d977829b1bcee90af9ef3de3',353,'post','acf-field',6,351,NULL,NULL,'Headline','publish',NULL,0,NULL,NULL,NULL,NULL,NULL,0,0,NULL,0,NULL,NULL,NULL,NULL,NULL,NULL,NULL,NULL,NULL,NULL,NULL,NULL,NULL,NULL,0,NULL,NULL,'2022-06-24 11:38:17','2022-11-28 13:36:30',3,NULL,NULL,NULL,NULL,0,NULL,2,'2022-04-22 15:43:25','2022-04-22 15:43:25'),(46,'https://mein-zahnarzt-ueberlingen.de/?post_type=acf-field&p=354','81:ce4e1ec63c08df2d8c5d005d987521a2',354,'post','acf-field',6,351,NULL,NULL,'Text','publish',NULL,0,NULL,NULL,NULL,NULL,NULL,0,0,NULL,0,NULL,NULL,NULL,NULL,NULL,NULL,NULL,NULL,NULL,NULL,NULL,NULL,NULL,NULL,0,NULL,NULL,'2022-06-24 11:38:17','2022-11-28 13:36:30',3,NULL,NULL,NULL,NULL,0,NULL,2,'2022-04-22 15:43:25','2022-04-22 15:43:25'),(47,'https://mein-zahnarzt-ueberlingen.de/?content-block=footer','76:56479a2a0415a932978ee891dcc35bd2',131,'post','content-block',6,0,NULL,NULL,'Footer','publish',NULL,0,NULL,NULL,NULL,NULL,NULL,0,0,NULL,0,NULL,NULL,NULL,NULL,NULL,NULL,NULL,NULL,NULL,NULL,NULL,NULL,NULL,NULL,3,NULL,NULL,'2022-06-24 11:38:17','2022-11-28 13:36:30',3,NULL,NULL,NULL,NULL,0,NULL,2,'2022-08-30 09:19:26','2022-03-25 12:58:27'),(48,'https://mein-zahnarzt-ueberlingen.de/?content-block=block-anreise-shuttleservice-ab-flughafen','111:bd9ba7a85cffb7a1e8f6da38b5a4a195',275,'post','content-block',6,0,NULL,NULL,'Shuttleservice','publish',NULL,0,NULL,NULL,NULL,NULL,NULL,0,0,NULL,0,NULL,NULL,NULL,NULL,NULL,NULL,NULL,NULL,NULL,NULL,NULL,NULL,NULL,NULL,0,NULL,NULL,'2022-06-24 11:38:17','2022-11-28 13:36:30',3,NULL,NULL,NULL,NULL,0,NULL,2,'2022-04-21 08:51:03','2022-04-21 08:51:03'),(49,'https://mein-zahnarzt-ueberlingen.de/?content-block=hotel-check-in-und-kennenlernen','101:7f280b947f9f57c13324d10b773d9fe1',277,'post','content-block',6,0,NULL,NULL,'Check-In','publish',NULL,0,NULL,NULL,NULL,NULL,NULL,0,0,NULL,0,NULL,NULL,NULL,NULL,NULL,NULL,NULL,NULL,NULL,NULL,NULL,NULL,NULL,NULL,0,NULL,NULL,'2022-06-24 11:38:17','2022-11-28 13:36:30',3,NULL,NULL,NULL,NULL,0,NULL,2,'2022-04-21 08:54:01','2022-04-21 08:54:01'),(50,'https://mein-zahnarzt-ueberlingen.de/?employee=doctor-1','73:67a20d72d8b285f1390cae3fe1a62d4e',38,'post','employee',6,0,NULL,NULL,'Dr. med. dent. Kresimir Mestrovic MSc.','publish',NULL,0,NULL,NULL,NULL,NULL,NULL,60,0,NULL,0,NULL,NULL,NULL,NULL,'https://mein-zahnarzt-ueberlingen.de/wp-content/uploads/sites/3/setz-dsc8616-b.jpg',NULL,'1123','featured-image',NULL,NULL,'https://mein-zahnarzt-ueberlingen.de/wp-content/uploads/sites/3/setz-dsc8616-b.jpg','1123','featured-image','{\"width\":1800,\"height\":1200,\"url\":\"https://mein-zahnarzt-ueberlingen.de/wp-content/uploads/sites/3/setz-dsc8616-b.jpg\",\"path\":\"/home/klinikamschloss/public_html/wp-content/uploads/sites/3/setz-dsc8616-b.jpg\",\"size\":\"full\",\"id\":1123,\"alt\":\"\",\"pixels\":2160000,\"type\":\"image/jpeg\"}',0,NULL,NULL,'2022-06-24 11:38:17','2022-11-28 13:36:30',3,NULL,NULL,NULL,NULL,0,1,2,'2022-09-14 10:11:43','2022-02-07 12:44:51'),(52,'https://mein-zahnarzt-ueberlingen.de/?post_type=employee&p=113','80:7058814d70f0fb6e278d2fa2a6fec504',113,'post','employee',6,0,NULL,NULL,'Dr. med. Andreas Strecker MSc.','draft',0,0,NULL,NULL,NULL,NULL,NULL,60,0,NULL,0,NULL,NULL,NULL,NULL,'',NULL,'948','featured-image',NULL,NULL,NULL,'948','featured-image',NULL,0,NULL,NULL,'2022-06-24 11:38:18','2022-11-28 13:36:30',3,NULL,NULL,NULL,NULL,0,1,2,'2022-08-30 08:22:44','2022-03-23 17:14:07'),(53,'https://mein-zahnarzt-ueberlingen.de/?employee=team-member-1-5','80:2953bf527be61d6c0aafbb45314b7d08',114,'post','employee',6,0,NULL,NULL,'Dr. med dent. Christian Toth MSc.','publish',NULL,0,NULL,NULL,NULL,NULL,NULL,60,0,NULL,0,NULL,NULL,NULL,NULL,'https://mein-zahnarzt-ueberlingen.de/wp-content/uploads/sites/3/setz-dsc8581-b.jpg',NULL,'1122','featured-image',NULL,NULL,'https://mein-zahnarzt-ueberlingen.de/wp-content/uploads/sites/3/setz-dsc8581-b.jpg','1122','featured-image','{\"width\":1800,\"height\":1200,\"url\":\"https://mein-zahnarzt-ueberlingen.de/wp-content/uploads/sites/3/setz-dsc8581-b.jpg\",\"path\":\"/home/klinikamschloss/public_html/wp-content/uploads/sites/3/setz-dsc8581-b.jpg\",\"size\":\"full\",\"id\":1122,\"alt\":\"\",\"pixels\":2160000,\"type\":\"image/jpeg\"}',0,NULL,NULL,'2022-06-24 11:38:18','2022-11-28 13:36:30',3,NULL,NULL,NULL,NULL,0,1,2,'2022-09-14 10:10:50','2022-03-23 17:14:07'),(56,'https://mein-zahnarzt-ueberlingen.de/?employee=doctor-1-3','75:e6d5afddb0532e52810d90763efb072b',117,'post','employee',6,0,NULL,NULL,'Wir stellen ein!','publish',NULL,0,NULL,NULL,NULL,NULL,NULL,90,0,NULL,0,NULL,NULL,NULL,NULL,'https://mein-zahnarzt-ueberlingen.de/wp-content/uploads/sites/3/zahnarzt-jobs-obermarchtal.jpg',NULL,'882','featured-image',NULL,NULL,'https://mein-zahnarzt-ueberlingen.de/wp-content/uploads/sites/3/zahnarzt-jobs-obermarchtal.jpg','882','featured-image','{\"width\":940,\"height\":788,\"filesize\":105983,\"url\":\"https://mein-zahnarzt-ueberlingen.de/wp-content/uploads/sites/3/zahnarzt-jobs-obermarchtal.jpg\",\"path\":\"/home/klinikamschloss/public_html/wp-content/uploads/sites/3/zahnarzt-jobs-obermarchtal.jpg\",\"size\":\"full\",\"id\":882,\"alt\":\"Zahnarzt Stellenangebote und ZMFA Stellenangebote\",\"pixels\":740720,\"type\":\"image/jpeg\"}',0,NULL,NULL,'2022-06-24 11:38:18','2022-11-28 13:36:30',3,NULL,NULL,NULL,NULL,0,1,2,'2022-10-30 23:21:21','2022-03-23 17:14:07'),(57,'https://mein-zahnarzt-ueberlingen.de/?location=klinik-sigmaringen','83:1435ccebf6f5bc377bd09fac831c9f08',134,'post','location',6,0,NULL,NULL,'Klinik Sigmaringen','publish',NULL,0,NULL,NULL,NULL,NULL,NULL,0,0,NULL,0,NULL,NULL,NULL,NULL,NULL,NULL,NULL,NULL,NULL,NULL,NULL,NULL,NULL,NULL,0,NULL,NULL,'2022-06-24 11:38:18','2022-11-28 13:36:30',3,NULL,NULL,NULL,NULL,0,NULL,2,'2022-04-19 13:31:04','2022-04-19 13:31:04'),(58,'https://mein-zahnarzt-ueberlingen.de/?location=praxis-uberlingen','82:4eb3ef25b28927676a7604f199ebe156',187,'post','location',6,0,NULL,NULL,'Praxis Überlingen','publish',NULL,0,NULL,NULL,NULL,NULL,NULL,0,0,NULL,0,NULL,NULL,NULL,NULL,NULL,NULL,NULL,NULL,NULL,NULL,NULL,NULL,NULL,NULL,0,NULL,NULL,'2022-06-24 11:38:18','2022-11-28 13:36:30',3,NULL,NULL,NULL,NULL,0,NULL,2,'2022-04-19 13:31:33','2022-04-19 13:31:33'),(59,'https://mein-zahnarzt-ueberlingen.de/?location=praxis-obermarchtal','83:f8d9db014433c8f506a0c7ae8edf4b56',188,'post','location',6,0,NULL,NULL,'Praxis Obermachtal','publish',NULL,0,NULL,NULL,NULL,NULL,NULL,0,0,NULL,0,NULL,NULL,NULL,NULL,NULL,NULL,NULL,NULL,NULL,NULL,NULL,NULL,NULL,NULL,0,NULL,NULL,'2022-06-24 11:38:18','2022-11-28 13:36:30',3,NULL,NULL,NULL,NULL,0,NULL,2,'2022-04-19 13:32:02','2022-04-19 13:32:02'),(60,'https://mein-zahnarzt-ueberlingen.de/?content-block=weiterer-anreisepunkt','91:64246e1935ec4a9a1186d5cf2cf272b6',279,'post','content-block',6,0,NULL,NULL,'Parken','publish',NULL,0,NULL,NULL,NULL,NULL,NULL,0,0,NULL,0,NULL,NULL,NULL,NULL,NULL,NULL,NULL,NULL,NULL,NULL,NULL,NULL,NULL,NULL,0,NULL,NULL,'2022-06-24 11:38:18','2022-11-28 13:36:30',3,NULL,NULL,NULL,NULL,0,NULL,2,'2022-04-21 08:54:46','2022-04-21 08:54:46'),(61,'https://mein-zahnarzt-ueberlingen.de/?post_type=employee&p=335','80:1489da97e00cc5edb43a428e3ba961ca',335,'post','employee',6,0,NULL,NULL,'Dr. med. dent. Lothar Huck','draft',0,0,NULL,NULL,NULL,NULL,NULL,60,0,NULL,0,NULL,NULL,NULL,NULL,'',NULL,'943','featured-image',NULL,NULL,NULL,'943','featured-image',NULL,0,NULL,NULL,'2022-06-24 11:38:18','2022-11-28 13:36:30',3,NULL,NULL,NULL,NULL,0,1,2,'2022-08-30 08:22:36','2022-04-22 13:18:20'),(62,'https://mein-zahnarzt-ueberlingen.de/?content-block=kontakt-videosprechstunde','95:4a932280ca2dde5823c9d38c705a96e0',493,'post','content-block',6,0,NULL,NULL,'Kontakt Terminanfrage','publish',NULL,0,NULL,NULL,NULL,NULL,NULL,0,0,NULL,0,NULL,NULL,NULL,NULL,NULL,NULL,NULL,NULL,NULL,NULL,NULL,NULL,NULL,NULL,0,NULL,NULL,'2022-06-24 11:38:18','2022-11-28 13:36:30',3,NULL,NULL,NULL,NULL,0,NULL,2,'2022-05-11 14:33:58','2022-05-11 14:33:58'),(63,'https://mein-zahnarzt-ueberlingen.de/','55:33cf0379ce1544c4786151d2b1a302ed',494,'post','page',6,0,'Zahnarzt Überlingen - Ihr Partner für moderne Zahngesundheit','Zahnarzt Überlingen bietet als Zweigniederlassung der Klinik am Schloss in Sigmaringen Zahnimplantate und vieles mehr....','Startseite','publish',NULL,0,NULL,NULL,NULL,'Zahnarzt Überlingen',56,90,0,NULL,0,NULL,NULL,NULL,NULL,'https://mein-zahnarzt-ueberlingen.de/wp-content/uploads/sites/3/ueberlingen-view.jpg',NULL,NULL,'first-content-image',NULL,NULL,'https://mein-zahnarzt-ueberlingen.de/wp-content/uploads/sites/3/ueberlingen-view.jpg',NULL,'first-content-image',NULL,45,2,NULL,'2022-06-24 11:38:18','2022-11-28 13:36:30',3,NULL,NULL,NULL,NULL,0,1,2,'2022-11-03 08:25:33','2022-01-13 09:45:29'),(64,'https://mein-zahnarzt-ueberlingen.de/impressum/','65:4cd5e9c034632bc6dc000beef9d7274d',20,'post','page',6,0,NULL,NULL,'Impressum','publish',NULL,0,NULL,NULL,NULL,NULL,NULL,30,0,NULL,0,NULL,NULL,NULL,NULL,NULL,NULL,NULL,NULL,NULL,NULL,NULL,NULL,NULL,NULL,0,1,NULL,'2022-06-24 11:38:18','2022-11-28 13:36:30',3,NULL,NULL,NULL,NULL,0,6,2,'2022-08-30 09:06:30','2022-02-03 13:32:27'),(65,'https://mein-zahnarzt-ueberlingen.de/datenschutz/','67:5e1b0f61332ce3ec5cad444fffd733ef',22,'post','page',6,0,NULL,NULL,'Datenschutz','publish',NULL,0,NULL,NULL,NULL,NULL,NULL,30,0,NULL,0,NULL,NULL,NULL,NULL,NULL,NULL,NULL,NULL,NULL,NULL,NULL,NULL,NULL,NULL,0,3,NULL,'2022-06-24 11:38:18','2022-11-28 13:36:30',3,NULL,NULL,NULL,NULL,0,3,2,'2022-06-24 17:01:22','2022-02-03 13:32:38'),(66,'https://mein-zahnarzt-ueberlingen.de/agb/','59:c21f3e0d709553e689269168f295eee7',24,'post','page',6,0,NULL,NULL,'AGB','publish',NULL,0,NULL,NULL,NULL,NULL,NULL,0,0,NULL,0,NULL,NULL,NULL,NULL,NULL,NULL,NULL,NULL,NULL,NULL,NULL,NULL,NULL,NULL,0,NULL,NULL,'2022-06-24 11:38:18','2022-11-28 13:36:30',3,NULL,NULL,NULL,NULL,0,0,2,'2022-02-03 13:32:53','2022-02-03 13:32:53'),(67,'https://mein-zahnarzt-ueberlingen.de/service/service-1/','73:d373bcd1749828c1333d249a27e45eba',46,'post','service',6,0,NULL,NULL,'Zahnschiene','publish',NULL,0,NULL,NULL,NULL,NULL,NULL,60,0,NULL,0,NULL,NULL,NULL,NULL,'https://mein-zahnarzt-ueberlingen.de/wp-content/uploads/sites/3/zahnarzt-ueberlingen-zahnschiene.jpg',NULL,'864','featured-image',NULL,NULL,'https://mein-zahnarzt-ueberlingen.de/wp-content/uploads/sites/3/zahnarzt-ueberlingen-zahnschiene.jpg','864','featured-image','{\"width\":735,\"height\":1102,\"url\":\"https://mein-zahnarzt-ueberlingen.de/wp-content/uploads/sites/3/zahnarzt-ueberlingen-zahnschiene.jpg\",\"path\":\"/home/klinikamschloss/public_html/wp-content/uploads/sites/3/zahnarzt-ueberlingen-zahnschiene.jpg\",\"size\":\"full\",\"id\":864,\"alt\":\"Nach Behandlung mit Zahnschiene vom Zahnarzt in Überlingen\",\"pixels\":809970,\"type\":\"image/jpeg\"}',0,NULL,NULL,'2022-06-24 11:38:18','2022-11-28 13:36:30',3,NULL,NULL,NULL,NULL,0,0,2,'2022-08-24 13:48:08','2022-02-14 12:36:07'),(68,'https://mein-zahnarzt-ueberlingen.de/?review=test-review','74:1f7dc59006660c4d8c537113450d4182',51,'post','review',6,0,NULL,NULL,'Bei diesem Arzt ist man bestens aufgehoben!','publish',NULL,0,NULL,NULL,NULL,NULL,NULL,0,0,NULL,0,NULL,NULL,NULL,NULL,NULL,NULL,NULL,NULL,NULL,NULL,NULL,NULL,NULL,NULL,0,NULL,NULL,'2022-06-24 11:38:18','2022-11-28 13:36:30',3,NULL,NULL,NULL,NULL,0,NULL,2,'2022-08-30 09:14:28','2022-02-18 09:44:56'),(69,'https://mein-zahnarzt-ueberlingen.de/?post_type=ratgeber&p=58','79:d7cc326f69d08711ee7ff659c271b80a',58,'post','ratgeber',6,0,NULL,NULL,'Zahnimplantat DUMMY','draft',0,0,NULL,NULL,NULL,NULL,NULL,60,0,NULL,0,NULL,NULL,NULL,NULL,'',NULL,'753','featured-image',NULL,NULL,NULL,'753','featured-image',NULL,NULL,NULL,NULL,'2022-06-24 11:38:18','2022-11-28 13:36:30',3,NULL,NULL,NULL,NULL,0,6,2,'2022-02-18 10:11:57','2022-02-18 10:11:57'),(70,'https://mein-zahnarzt-ueberlingen.de/service/service-1-9/','75:5ed4ff98ab7e077f18b067b307a5f6a7',95,'post','service',6,0,NULL,NULL,'Veneers','publish',NULL,0,NULL,NULL,NULL,NULL,NULL,60,0,NULL,0,NULL,NULL,NULL,NULL,'https://mein-zahnarzt-ueberlingen.de/wp-content/uploads/sites/3/zahnarzt-uberlingen-veneers.jpg',NULL,'855','featured-image',NULL,NULL,'https://mein-zahnarzt-ueberlingen.de/wp-content/uploads/sites/3/zahnarzt-uberlingen-veneers.jpg','855','featured-image','{\"width\":735,\"height\":1102,\"url\":\"https://mein-zahnarzt-ueberlingen.de/wp-content/uploads/sites/3/zahnarzt-uberlingen-veneers.jpg\",\"path\":\"/home/klinikamschloss/public_html/wp-content/uploads/sites/3/zahnarzt-uberlingen-veneers.jpg\",\"size\":\"full\",\"id\":855,\"alt\":\"Veneers vom Zahnarzt in Überlingen\",\"pixels\":809970,\"type\":\"image/jpeg\"}',0,NULL,NULL,'2022-06-24 11:38:18','2022-11-28 13:36:30',3,NULL,NULL,NULL,NULL,0,0,2,'2022-08-24 13:06:27','2022-03-23 08:56:24'),(71,'https://mein-zahnarzt-ueberlingen.de/service/service-1-8/','75:e2a47bb391d1f33ac0249b7348545866',96,'post','service',6,0,NULL,NULL,'Weisheitszahn &amp; Co.','publish',NULL,0,NULL,NULL,NULL,NULL,NULL,60,0,NULL,0,NULL,NULL,NULL,NULL,'https://mein-zahnarzt-ueberlingen.de/wp-content/uploads/sites/3/zahnarzt-ueberlingen-weisheitszaehne.jpg',NULL,'856','featured-image',NULL,NULL,'https://mein-zahnarzt-ueberlingen.de/wp-content/uploads/sites/3/zahnarzt-ueberlingen-weisheitszaehne.jpg','856','featured-image','{\"width\":735,\"height\":1102,\"url\":\"https://mein-zahnarzt-ueberlingen.de/wp-content/uploads/sites/3/zahnarzt-ueberlingen-weisheitszaehne.jpg\",\"path\":\"/home/klinikamschloss/public_html/wp-content/uploads/sites/3/zahnarzt-ueberlingen-weisheitszaehne.jpg\",\"size\":\"full\",\"id\":856,\"alt\":\"Weisheitszahn gezogen beim Zahnazt in Überlingen\",\"pixels\":809970,\"type\":\"image/jpeg\"}',0,NULL,NULL,'2022-06-24 11:38:18','2022-11-28 13:36:30',3,NULL,NULL,NULL,NULL,0,0,2,'2022-08-24 13:11:44','2022-03-23 08:56:24'),(72,'https://mein-zahnarzt-ueberlingen.de/service/service-1-7/','75:1f231ce43e3b6502e5d5f2d1f01d7439',97,'post','service',6,0,NULL,NULL,'Zahnfleischentzündung','publish',NULL,0,NULL,NULL,NULL,NULL,NULL,60,0,NULL,0,NULL,NULL,NULL,NULL,'https://mein-zahnarzt-ueberlingen.de/wp-content/uploads/sites/3/zahnarzt-uberlingen-zahnfleischentzuendung.jpg',NULL,'857','featured-image',NULL,NULL,'https://mein-zahnarzt-ueberlingen.de/wp-content/uploads/sites/3/zahnarzt-uberlingen-zahnfleischentzuendung.jpg','857','featured-image','{\"width\":735,\"height\":1102,\"url\":\"https://mein-zahnarzt-ueberlingen.de/wp-content/uploads/sites/3/zahnarzt-uberlingen-zahnfleischentzuendung.jpg\",\"path\":\"/home/klinikamschloss/public_html/wp-content/uploads/sites/3/zahnarzt-uberlingen-zahnfleischentzuendung.jpg\",\"size\":\"full\",\"id\":857,\"alt\":\"Keine Zahnfleischentzündung dank Zahnarzt in Überlingen\",\"pixels\":809970,\"type\":\"image/jpeg\"}',0,NULL,NULL,'2022-06-24 11:38:18','2022-11-28 13:36:30',3,NULL,NULL,NULL,NULL,0,0,2,'2022-08-24 13:15:40','2022-03-23 08:56:24'),(73,'https://mein-zahnarzt-ueberlingen.de/service/service-1-6/','75:ef797276f8128e0223d38de19f72f092',98,'post','service',6,0,NULL,NULL,'Karies','publish',NULL,0,NULL,NULL,NULL,NULL,NULL,60,0,NULL,0,NULL,NULL,NULL,NULL,'https://mein-zahnarzt-ueberlingen.de/wp-content/uploads/sites/3/zahnarzt-ueberlingen-karies.jpg',NULL,'859','featured-image',NULL,NULL,'https://mein-zahnarzt-ueberlingen.de/wp-content/uploads/sites/3/zahnarzt-ueberlingen-karies.jpg','859','featured-image','{\"width\":735,\"height\":1102,\"url\":\"https://mein-zahnarzt-ueberlingen.de/wp-content/uploads/sites/3/zahnarzt-ueberlingen-karies.jpg\",\"path\":\"/home/klinikamschloss/public_html/wp-content/uploads/sites/3/zahnarzt-ueberlingen-karies.jpg\",\"size\":\"full\",\"id\":859,\"alt\":\"Keine Karies mehr dank seinem Zahnarzt in Überlingen\",\"pixels\":809970,\"type\":\"image/jpeg\"}',0,NULL,NULL,'2022-06-24 11:38:18','2022-11-28 13:36:30',3,NULL,NULL,NULL,NULL,0,0,2,'2022-08-24 13:19:34','2022-03-23 08:56:24'),(74,'https://mein-zahnarzt-ueberlingen.de/?review=eine-sehr-gute-zahnklinik','88:9339ca4b2f0146b46ba8456bf40c3838',240,'post','review',6,0,NULL,NULL,'Sehr kompetenter und sehr freundlicher Arzt','publish',NULL,0,NULL,NULL,NULL,NULL,NULL,0,0,NULL,0,NULL,NULL,NULL,NULL,NULL,NULL,NULL,NULL,NULL,NULL,NULL,NULL,NULL,NULL,0,NULL,NULL,'2022-06-24 11:38:18','2022-11-28 13:36:30',3,NULL,NULL,NULL,NULL,0,NULL,2,'2022-08-30 09:14:15','2022-04-24 13:19:03'),(75,'https://mein-zahnarzt-ueberlingen.de/?post_type=review&p=241','78:73cc4e64e76ad0c6bc5700736b5057f8',241,'post','review',6,0,NULL,NULL,'Test Review','draft',0,0,NULL,NULL,NULL,NULL,NULL,0,0,NULL,0,NULL,NULL,NULL,NULL,NULL,NULL,NULL,NULL,NULL,NULL,NULL,NULL,NULL,NULL,NULL,NULL,NULL,'2022-06-24 11:38:18','2022-11-28 13:36:30',3,NULL,NULL,NULL,NULL,0,NULL,2,'0000-00-00 00:00:00','0000-00-00 00:00:00'),(76,'https://mein-zahnarzt-ueberlingen.de/?post_type=review&p=242','78:6f2f9d2c4878b84826f8496d4b2a9375',242,'post','review',6,0,NULL,NULL,'Test Review','draft',0,0,NULL,NULL,NULL,NULL,NULL,0,0,NULL,0,NULL,NULL,NULL,NULL,NULL,NULL,NULL,NULL,NULL,NULL,NULL,NULL,NULL,NULL,NULL,NULL,NULL,'2022-06-24 11:38:18','2022-11-28 13:36:30',3,NULL,NULL,NULL,NULL,0,NULL,2,'0000-00-00 00:00:00','0000-00-00 00:00:00'),(77,'https://mein-zahnarzt-ueberlingen.de/?review=zahnarzttrauma-war-einmal','88:617d48304c397d16f7e61ad5b92ce1e7',243,'post','review',6,0,NULL,NULL,'Kann uneingeschränkt weiterempfohlen werden!','publish',NULL,0,NULL,NULL,NULL,NULL,NULL,0,0,NULL,0,NULL,NULL,NULL,NULL,NULL,NULL,NULL,NULL,NULL,NULL,NULL,NULL,NULL,NULL,0,NULL,NULL,'2022-06-24 11:38:18','2022-11-28 13:36:30',3,NULL,NULL,NULL,NULL,0,NULL,2,'2022-08-30 09:14:02','2022-04-24 13:31:04'),(78,'https://mein-zahnarzt-ueberlingen.de/leistungen-zahnarzt-ueberlingen/','87:858ecc1840b5d0d53ce0665f9fdecfe8',246,'post','page',6,0,NULL,'Zahnärztliches Zentrum Überlingen steht für ein umfassendes Leistungsspektrum im Bereich der modernen Zahnheilkunde. Dazu mehr hier...','Leistungen','publish',NULL,0,NULL,NULL,'https://mein-zahnarzt-ueberlingen.de/','Leistungen',36,90,0,NULL,0,NULL,NULL,NULL,NULL,NULL,NULL,NULL,NULL,NULL,NULL,NULL,NULL,NULL,NULL,23,1,NULL,'2022-06-24 11:38:18','2022-11-28 13:36:30',3,NULL,NULL,NULL,NULL,0,1,2,'2022-09-14 10:13:59','2022-04-20 14:49:48'),(79,'https://mein-zahnarzt-ueberlingen.de/kontakt-videosprechstunde/','81:d775467146779f104bda2897053680cd',495,'post','page',6,0,NULL,NULL,'Kontakt Videosprechstunde','publish',NULL,0,NULL,NULL,NULL,NULL,NULL,60,0,NULL,0,NULL,NULL,NULL,NULL,NULL,NULL,NULL,NULL,NULL,NULL,NULL,NULL,NULL,NULL,0,50,NULL,'2022-06-24 11:38:18','2022-11-28 13:36:30',3,NULL,NULL,NULL,NULL,0,1,2,'2022-05-11 16:32:55','2022-05-11 16:32:55'),(80,'https://mein-zahnarzt-ueberlingen.de/24/zahnklinik/','77:8dee238b3c3c15047871a7179f47d2b9',496,'post','nav_menu_item',6,0,NULL,NULL,'Praxis','publish',NULL,0,NULL,NULL,NULL,NULL,NULL,0,0,NULL,0,NULL,NULL,NULL,NULL,NULL,NULL,NULL,NULL,NULL,NULL,NULL,NULL,NULL,NULL,0,NULL,NULL,'2022-06-24 11:38:18','2022-11-28 13:36:30',3,NULL,NULL,NULL,NULL,0,NULL,2,'2022-08-24 12:02:30','2022-06-24 11:38:18'),(81,'https://mein-zahnarzt-ueberlingen.de/ratgeber/zahnimplantat/','78:adcf272381e3a40b38bc57b2dbbda855',779,'post','ratgeber',6,0,NULL,'Zahnimplantat ermöglicht uns wieder vollkommen unbeschwert zu lachen, zu essen und mit einem strahlenden Lächeln zu überzeugen...dazu mehr...','Zahnimplantat','publish',NULL,0,NULL,NULL,'https://klinik-am-schloss.de/ratgeber/zahnimplantat/','Zahnimplantat',67,30,0,NULL,0,NULL,NULL,NULL,NULL,'https://mein-zahnarzt-ueberlingen.de/wp-content/uploads/sites/3/istock-166105088-scaled.jpg',NULL,'1177','featured-image',NULL,NULL,'https://mein-zahnarzt-ueberlingen.de/wp-content/uploads/sites/3/istock-166105088-scaled.jpg','1177','featured-image','{\"width\":2560,\"height\":1707,\"filesize\":293184,\"url\":\"https://mein-zahnarzt-ueberlingen.de/wp-content/uploads/sites/3/istock-166105088-scaled.jpg\",\"path\":\"/home/klinikamschloss/public_html/wp-content/uploads/sites/3/istock-166105088-scaled.jpg\",\"size\":\"full\",\"id\":1177,\"alt\":\"\",\"pixels\":4369920,\"type\":\"image/jpeg\"}',11,2,NULL,'2022-06-24 11:38:18','2022-11-28 13:36:52',3,NULL,NULL,NULL,NULL,0,16,2,'2022-11-01 19:35:09','2022-05-24 08:34:31'),(82,'https://mein-zahnarzt-ueberlingen.de/24/780/','70:3d5db510dcf4c14018f6d66e4388d34b',780,'post','nav_menu_item',6,0,NULL,NULL,'','publish',NULL,0,NULL,NULL,NULL,NULL,NULL,0,0,NULL,0,NULL,NULL,NULL,NULL,NULL,NULL,NULL,NULL,NULL,NULL,NULL,NULL,NULL,NULL,0,NULL,NULL,'2022-06-24 11:38:18','2022-11-28 13:36:30',3,NULL,NULL,NULL,NULL,0,NULL,2,'2022-06-24 11:39:23','2022-06-24 11:38:18'),(83,'https://mein-zahnarzt-ueberlingen.de/service/service-1-5/','75:ae93ea9574a96fba829b1c0e07c8ef0b',99,'post','service',6,0,NULL,NULL,'Wurzelbehandlung','publish',NULL,0,NULL,NULL,NULL,NULL,NULL,60,0,NULL,0,NULL,NULL,NULL,NULL,'https://mein-zahnarzt-ueberlingen.de/wp-content/uploads/sites/3/zahnarzt-ueberlingen-wurzelbehandlung.jpg',NULL,'860','featured-image',NULL,NULL,'https://mein-zahnarzt-ueberlingen.de/wp-content/uploads/sites/3/zahnarzt-ueberlingen-wurzelbehandlung.jpg','860','featured-image','{\"width\":735,\"height\":1102,\"url\":\"https://mein-zahnarzt-ueberlingen.de/wp-content/uploads/sites/3/zahnarzt-ueberlingen-wurzelbehandlung.jpg\",\"path\":\"/home/klinikamschloss/public_html/wp-content/uploads/sites/3/zahnarzt-ueberlingen-wurzelbehandlung.jpg\",\"size\":\"full\",\"id\":860,\"alt\":\"Wurzelbehandlung beim Zahnarzt in Überlingen\",\"pixels\":809970,\"type\":\"image/jpeg\"}',0,NULL,NULL,'2022-06-24 11:38:18','2022-11-28 13:36:30',3,NULL,NULL,NULL,NULL,0,0,2,'2022-08-24 13:27:22','2022-03-23 08:56:24'),(84,'https://mein-zahnarzt-ueberlingen.de/service/service-1-4/','75:950d5a443e9b2a024e5a0896819fde2a',100,'post','service',6,0,NULL,NULL,'Professionelle Zahnreinigung','publish',NULL,0,NULL,NULL,NULL,NULL,NULL,60,0,NULL,0,NULL,NULL,NULL,NULL,'https://mein-zahnarzt-ueberlingen.de/wp-content/uploads/sites/3/zahnarzt-ueberlingen-zahnreinigung.jpg',NULL,'861','featured-image',NULL,NULL,'https://mein-zahnarzt-ueberlingen.de/wp-content/uploads/sites/3/zahnarzt-ueberlingen-zahnreinigung.jpg','861','featured-image','{\"width\":735,\"height\":1102,\"url\":\"https://mein-zahnarzt-ueberlingen.de/wp-content/uploads/sites/3/zahnarzt-ueberlingen-zahnreinigung.jpg\",\"path\":\"/home/klinikamschloss/public_html/wp-content/uploads/sites/3/zahnarzt-ueberlingen-zahnreinigung.jpg\",\"size\":\"full\",\"id\":861,\"alt\":\"Nach professioneller Zahnreinigung beim Zahnarzt in Überlingen\",\"pixels\":809970,\"type\":\"image/jpeg\"}',0,NULL,NULL,'2022-06-24 11:38:18','2022-11-28 13:36:30',3,NULL,NULL,NULL,NULL,0,0,2,'2022-08-24 13:30:45','2022-03-23 08:56:24'),(85,'https://mein-zahnarzt-ueberlingen.de/service/service-1-3/','75:038e444b4918f149de6cea7dac01c250',101,'post','service',6,0,NULL,NULL,'Implantat','publish',NULL,0,NULL,NULL,NULL,NULL,NULL,60,0,NULL,0,NULL,NULL,NULL,NULL,'https://mein-zahnarzt-ueberlingen.de/wp-content/uploads/sites/3/zahnarzt-ueberlingen-implantat.jpg',NULL,'862','featured-image',NULL,NULL,'https://mein-zahnarzt-ueberlingen.de/wp-content/uploads/sites/3/zahnarzt-ueberlingen-implantat.jpg','862','featured-image','{\"width\":735,\"height\":1102,\"url\":\"https://mein-zahnarzt-ueberlingen.de/wp-content/uploads/sites/3/zahnarzt-ueberlingen-implantat.jpg\",\"path\":\"/home/klinikamschloss/public_html/wp-content/uploads/sites/3/zahnarzt-ueberlingen-implantat.jpg\",\"size\":\"full\",\"id\":862,\"alt\":\"Nach Implantat-Behandlung beim Zahnarzt in Überlingen\",\"pixels\":809970,\"type\":\"image/jpeg\"}',0,NULL,NULL,'2022-06-24 11:38:18','2022-11-28 13:36:30',3,NULL,NULL,NULL,NULL,0,0,2,'2022-08-24 13:35:07','2022-03-23 08:56:24'),(86,'https://mein-zahnarzt-ueberlingen.de/service/service-1-2/','75:178402792514cd30f277d6a689831a70',102,'post','service',6,0,NULL,NULL,'Zahnkrone &amp; Co.','publish',NULL,0,NULL,NULL,NULL,NULL,NULL,60,0,NULL,0,NULL,NULL,NULL,NULL,'https://mein-zahnarzt-ueberlingen.de/wp-content/uploads/sites/3/zahnarzt-ueberlingen-zahnkrone.jpg',NULL,'863','featured-image',NULL,NULL,'https://mein-zahnarzt-ueberlingen.de/wp-content/uploads/sites/3/zahnarzt-ueberlingen-zahnkrone.jpg','863','featured-image','{\"width\":735,\"height\":1102,\"url\":\"https://mein-zahnarzt-ueberlingen.de/wp-content/uploads/sites/3/zahnarzt-ueberlingen-zahnkrone.jpg\",\"path\":\"/home/klinikamschloss/public_html/wp-content/uploads/sites/3/zahnarzt-ueberlingen-zahnkrone.jpg\",\"size\":\"full\",\"id\":863,\"alt\":\"Zahnkrone vom Zahnarzt in Überlingen\",\"pixels\":809970,\"type\":\"image/jpeg\"}',0,NULL,NULL,'2022-06-24 11:38:18','2022-11-28 13:36:30',3,NULL,NULL,NULL,NULL,0,0,2,'2022-08-24 13:43:53','2022-03-23 08:56:24'),(87,'https://mein-zahnarzt-ueberlingen.de/service/kieferorthopadie/','80:6586a877be8b67a55a7cbcce0891f61c',235,'post','service',6,0,NULL,NULL,'Zähne aufhellen','publish',NULL,0,NULL,NULL,NULL,NULL,NULL,60,0,NULL,0,NULL,NULL,NULL,NULL,'https://mein-zahnarzt-ueberlingen.de/wp-content/uploads/sites/3/zahnarzt-ueberlingen-zahnaufhellung.jpg',NULL,'865','featured-image',NULL,NULL,'https://mein-zahnarzt-ueberlingen.de/wp-content/uploads/sites/3/zahnarzt-ueberlingen-zahnaufhellung.jpg','865','featured-image','{\"width\":735,\"height\":1102,\"url\":\"https://mein-zahnarzt-ueberlingen.de/wp-content/uploads/sites/3/zahnarzt-ueberlingen-zahnaufhellung.jpg\",\"path\":\"/home/klinikamschloss/public_html/wp-content/uploads/sites/3/zahnarzt-ueberlingen-zahnaufhellung.jpg\",\"size\":\"full\",\"id\":865,\"alt\":\"Zähne aufhellen lassen beim Zahnarzt in Überlingen\",\"pixels\":809970,\"type\":\"image/jpeg\"}',0,NULL,NULL,'2022-06-24 11:38:18','2022-11-28 13:36:30',3,NULL,NULL,NULL,NULL,0,0,2,'2022-08-24 13:54:32','2022-04-22 13:03:55'),(89,'https://mein-zahnarzt-ueberlingen.de/service/kieferchirurgie/','79:15d27d42f5f194af51ca931dd2662b6b',389,'post','service',6,0,NULL,NULL,'Schmerzfrei in Überlingen','publish',NULL,0,NULL,NULL,NULL,NULL,NULL,90,0,NULL,0,NULL,NULL,NULL,NULL,'https://mein-zahnarzt-ueberlingen.de/wp-content/uploads/sites/3/zahnarzt-angst.jpg',NULL,'886','featured-image',NULL,NULL,'https://mein-zahnarzt-ueberlingen.de/wp-content/uploads/sites/3/zahnarzt-angst.jpg','886','featured-image','{\"width\":735,\"height\":1102,\"url\":\"https://mein-zahnarzt-ueberlingen.de/wp-content/uploads/sites/3/zahnarzt-angst.jpg\",\"path\":\"/home/klinikamschloss/public_html/wp-content/uploads/sites/3/zahnarzt-angst.jpg\",\"size\":\"full\",\"id\":886,\"alt\":\"Trotz Zahnarzt-Angst zum Zahnarzt in Überlingen\",\"pixels\":809970,\"type\":\"image/jpeg\"}',0,NULL,NULL,'2022-06-24 11:38:18','2022-11-28 13:36:30',3,NULL,NULL,NULL,NULL,0,1,2,'2022-08-30 08:42:42','2022-05-02 16:57:13'),(93,'https://mein-zahnarzt-ueberlingen.de/service/intraoralscanner-und-mehr/','89:a2769e92a0623ac0ad349b380ad9861e',393,'post','service',6,0,NULL,NULL,'Shuttle-Service für Überlingen','publish',NULL,0,NULL,NULL,NULL,NULL,NULL,90,0,NULL,0,NULL,NULL,NULL,NULL,'https://mein-zahnarzt-ueberlingen.de/wp-content/uploads/sites/3/setz-dsc8638-b3.jpg',NULL,'1124','featured-image',NULL,NULL,'https://mein-zahnarzt-ueberlingen.de/wp-content/uploads/sites/3/setz-dsc8638-b3.jpg','1124','featured-image','{\"width\":1200,\"height\":1800,\"url\":\"https://mein-zahnarzt-ueberlingen.de/wp-content/uploads/sites/3/setz-dsc8638-b3.jpg\",\"path\":\"/home/klinikamschloss/public_html/wp-content/uploads/sites/3/setz-dsc8638-b3.jpg\",\"size\":\"full\",\"id\":1124,\"alt\":\"\",\"pixels\":2160000,\"type\":\"image/jpeg\"}',0,NULL,NULL,'2022-06-24 11:38:18','2022-11-28 13:36:30',3,NULL,NULL,NULL,NULL,0,1,2,'2022-09-14 10:12:54','2022-05-02 16:57:12'),(94,'https://mein-zahnarzt-ueberlingen.de/service/laserbehandlung/','79:8f1913b5db9b33bdc02528c4a8bc113a',394,'post','service',6,0,NULL,NULL,'Dentallabor in Überlingen','publish',NULL,0,NULL,NULL,NULL,NULL,NULL,90,0,NULL,0,NULL,NULL,NULL,NULL,'https://mein-zahnarzt-ueberlingen.de/wp-content/uploads/sites/3/dentallabor-ueberlingen.jpg',NULL,'887','featured-image',NULL,NULL,'https://mein-zahnarzt-ueberlingen.de/wp-content/uploads/sites/3/dentallabor-ueberlingen.jpg','887','featured-image','{\"width\":735,\"height\":1102,\"url\":\"https://mein-zahnarzt-ueberlingen.de/wp-content/uploads/sites/3/dentallabor-ueberlingen.jpg\",\"path\":\"/home/klinikamschloss/public_html/wp-content/uploads/sites/3/dentallabor-ueberlingen.jpg\",\"size\":\"full\",\"id\":887,\"alt\":\"Dentallabor Überlingen\",\"pixels\":809970,\"type\":\"image/jpeg\"}',0,NULL,NULL,'2022-06-24 11:38:18','2022-11-28 13:36:30',3,NULL,NULL,NULL,NULL,0,1,2,'2022-08-30 08:47:48','2022-05-02 16:57:12'),(98,'https://mein-zahnarzt-ueberlingen.de/service/videosprechstunde/','81:fc7f56c68995185cc8dd90d13661f86f',598,'post','service',6,0,NULL,NULL,'Videosprechstunde','publish',NULL,0,NULL,NULL,NULL,NULL,NULL,0,0,NULL,0,NULL,NULL,NULL,NULL,NULL,NULL,NULL,NULL,NULL,NULL,NULL,NULL,NULL,NULL,0,NULL,NULL,'2022-06-24 11:38:18','2022-11-28 13:36:30',3,NULL,NULL,NULL,NULL,0,NULL,2,'2022-05-12 15:44:31','2022-05-12 15:44:31'),(99,'https://mein-zahnarzt-ueberlingen.de/service/zahntechnische-beratung/','87:639c9664f88354e66d508c7b9fe6bee1',613,'post','service',6,0,NULL,NULL,'Zahntechnische Beratung','publish',NULL,0,NULL,NULL,NULL,NULL,NULL,0,0,NULL,0,NULL,NULL,NULL,NULL,NULL,NULL,NULL,NULL,NULL,NULL,NULL,NULL,NULL,NULL,0,NULL,NULL,'2022-06-24 11:38:18','2022-11-28 13:36:30',3,NULL,NULL,NULL,NULL,0,NULL,2,'2022-05-13 11:52:16','2022-05-13 11:52:16'),(100,'https://mein-zahnarzt-ueberlingen.de/service/heil-und-kostenplan/','83:0945e3962520fd380a7d30cca875d419',615,'post','service',6,0,NULL,NULL,'Heil- und Kostenplan','publish',NULL,0,NULL,NULL,NULL,NULL,NULL,0,0,NULL,0,NULL,NULL,NULL,NULL,NULL,NULL,NULL,NULL,NULL,NULL,NULL,NULL,NULL,NULL,0,NULL,NULL,'2022-06-24 11:38:18','2022-11-28 13:36:30',3,NULL,NULL,NULL,NULL,0,NULL,2,'2022-05-13 11:55:10','2022-05-13 11:55:10'),(101,'https://mein-zahnarzt-ueberlingen.de/service/stellungnahmen/','78:80f52e1f13e8d5fbfbb98c3c75719c2e',617,'post','service',6,0,NULL,NULL,'Stellungnahmen','publish',NULL,0,NULL,NULL,NULL,NULL,NULL,0,0,NULL,0,NULL,NULL,NULL,NULL,NULL,NULL,NULL,NULL,NULL,NULL,NULL,NULL,NULL,NULL,0,NULL,NULL,'2022-06-24 11:38:18','2022-11-28 13:36:30',3,NULL,NULL,NULL,NULL,0,NULL,2,'2022-05-13 11:57:08','2022-05-13 11:57:08'),(102,'https://mein-zahnarzt-ueberlingen.de/service/recall/','70:515191a8b16aae63b31d1a9ad0e358f4',619,'post','service',6,0,NULL,NULL,'Recall','publish',NULL,0,NULL,NULL,NULL,NULL,NULL,0,0,NULL,0,NULL,NULL,NULL,NULL,NULL,NULL,NULL,NULL,NULL,NULL,NULL,NULL,NULL,NULL,0,NULL,NULL,'2022-06-24 11:38:18','2022-11-28 13:36:30',3,NULL,NULL,NULL,NULL,0,NULL,2,'2022-05-13 11:58:09','2022-05-13 11:58:09'),(103,'https://mein-zahnarzt-ueberlingen.de/02/wp-global-styles-klinik-am-schloss/','101:901648ea7981b604af36ca3a686b89d7',7,'post','wp_global_styles',6,0,NULL,NULL,'Custom Styles','publish',NULL,0,NULL,NULL,NULL,NULL,NULL,0,0,NULL,0,NULL,NULL,NULL,NULL,NULL,NULL,NULL,NULL,NULL,NULL,NULL,NULL,NULL,NULL,0,NULL,NULL,'2022-06-24 11:38:18','2022-11-28 13:36:30',3,NULL,NULL,NULL,NULL,0,NULL,2,'2022-02-02 10:28:05','2022-02-02 10:28:05'),(104,'https://mein-zahnarzt-ueberlingen.de/?ueberuns=per-shuttle-service-vom-flughafen-zur-zahnklinik','113:421f7633dc5db0cb340f8190531d3642',466,'post','ueberuns',6,0,NULL,NULL,'Spezialisten für moderne Zahnbehandlungen','publish',NULL,0,NULL,NULL,NULL,NULL,NULL,0,0,NULL,0,NULL,NULL,NULL,NULL,'https://mein-zahnarzt-ueberlingen.de/wp-content/uploads/sites/3/blaromanlehmannkl.jpg',NULL,'871','featured-image',NULL,NULL,'https://mein-zahnarzt-ueberlingen.de/wp-content/uploads/sites/3/blaromanlehmannkl.jpg','871','featured-image','{\"width\":1013,\"height\":573,\"url\":\"https://mein-zahnarzt-ueberlingen.de/wp-content/uploads/sites/3/blaromanlehmannkl.jpg\",\"path\":\"/home/klinikamschloss/public_html/wp-content/uploads/sites/3/blaromanlehmannkl.jpg\",\"size\":\"full\",\"id\":871,\"alt\":\"\",\"pixels\":580449,\"type\":\"image/jpeg\"}',1,NULL,NULL,'2022-06-24 11:38:18','2022-11-28 13:36:30',3,NULL,NULL,NULL,NULL,0,NULL,2,'2022-08-30 08:34:53','2022-05-10 16:59:20'),(105,'https://mein-zahnarzt-ueberlingen.de/?ueberuns=renommierte-spezialisten-und-high-end-konzepte','111:3e61c351c1bcbee55de90dea9d72b8bc',467,'post','ueberuns',6,0,NULL,NULL,'Einfach zum Termin in der Zahnklinik','publish',NULL,0,NULL,NULL,NULL,NULL,NULL,0,0,NULL,0,NULL,NULL,NULL,NULL,'https://mein-zahnarzt-ueberlingen.de/wp-content/uploads/sites/3/klinik-am-schloss-suite-enquire-2ramonlehmann.jpg',NULL,'869','featured-image',NULL,NULL,'https://mein-zahnarzt-ueberlingen.de/wp-content/uploads/sites/3/klinik-am-schloss-suite-enquire-2ramonlehmann.jpg','869','featured-image','{\"width\":647,\"height\":467,\"url\":\"https://mein-zahnarzt-ueberlingen.de/wp-content/uploads/sites/3/klinik-am-schloss-suite-enquire-2ramonlehmann.jpg\",\"path\":\"/home/klinikamschloss/public_html/wp-content/uploads/sites/3/klinik-am-schloss-suite-enquire-2ramonlehmann.jpg\",\"size\":\"full\",\"id\":869,\"alt\":\"\",\"pixels\":302149,\"type\":\"image/jpeg\"}',0,NULL,NULL,'2022-06-24 11:38:18','2022-11-28 13:36:30',3,NULL,NULL,NULL,NULL,0,NULL,2,'2022-08-30 08:11:01','2022-05-10 17:00:50'),(106,'https://mein-zahnarzt-ueberlingen.de/service/patientenratgeber/','81:ca00ec573e361d05dfa3a1519e68f8de',621,'post','service',6,0,NULL,NULL,'Patientenratgeber','publish',NULL,0,NULL,NULL,NULL,NULL,NULL,0,0,NULL,0,NULL,NULL,NULL,NULL,NULL,NULL,NULL,NULL,NULL,NULL,NULL,NULL,NULL,NULL,0,NULL,NULL,'2022-06-24 11:38:18','2022-11-28 13:36:30',3,NULL,NULL,NULL,NULL,0,NULL,2,'2022-05-13 11:59:04','2022-05-13 11:59:04'),(107,'https://mein-zahnarzt-ueberlingen.de/24/781/','70:71219935fa82821aa4046f1139cc14bd',781,'post','nav_menu_item',6,0,NULL,NULL,'','publish',NULL,0,NULL,NULL,NULL,NULL,NULL,0,0,NULL,0,NULL,NULL,NULL,NULL,NULL,NULL,NULL,NULL,NULL,NULL,NULL,NULL,NULL,NULL,0,NULL,NULL,'2022-06-24 11:38:18','2022-11-28 13:36:30',3,NULL,NULL,NULL,NULL,0,NULL,2,'2022-06-24 11:38:18','2022-06-24 11:38:18'),(108,'https://mein-zahnarzt-ueberlingen.de/24/782/','70:fc5ab9087befe5c99bed526edba56b42',782,'post','nav_menu_item',6,0,NULL,NULL,'','publish',NULL,0,NULL,NULL,NULL,NULL,NULL,0,0,NULL,0,NULL,NULL,NULL,NULL,NULL,NULL,NULL,NULL,NULL,NULL,NULL,NULL,NULL,NULL,0,NULL,NULL,'2022-06-24 11:38:18','2022-11-28 13:36:30',3,NULL,NULL,NULL,NULL,0,NULL,2,'2022-06-24 11:38:18','2022-06-24 11:38:18'),(109,'https://mein-zahnarzt-ueberlingen.de/24/783/','70:eae56b3b795bc243c84e5e75d63af7d7',783,'post','nav_menu_item',6,0,NULL,NULL,'','publish',NULL,0,NULL,NULL,NULL,NULL,NULL,0,0,NULL,0,NULL,NULL,NULL,NULL,NULL,NULL,NULL,NULL,NULL,NULL,NULL,NULL,NULL,NULL,0,NULL,NULL,'2022-06-24 11:38:18','2022-11-28 13:36:30',3,NULL,NULL,NULL,NULL,0,NULL,2,'2022-06-24 11:38:18','2022-06-24 11:38:18'),(110,'https://mein-zahnarzt-ueberlingen.de/24/784/','70:4687923aa3452981bf362f3ca9bed932',784,'post','nav_menu_item',6,0,NULL,NULL,'Leistungen','publish',NULL,0,NULL,NULL,NULL,NULL,NULL,0,0,NULL,0,NULL,NULL,NULL,NULL,NULL,NULL,NULL,NULL,NULL,NULL,NULL,NULL,NULL,NULL,0,NULL,NULL,'2022-06-24 11:38:19','2022-11-28 13:36:30',3,NULL,NULL,NULL,NULL,0,NULL,2,'2022-08-24 12:02:30','2022-06-24 11:38:18'),(111,'https://mein-zahnarzt-ueberlingen.de/ratgeber/','64:79c75e9ced8bee1f28409c1d6b80933a',NULL,'post-type-archive','ratgeber',NULL,NULL,'%%pt_plural%% Archive %%page%% %%sep%% %%sitename%%','','Ratgeber',NULL,1,0,NULL,NULL,NULL,NULL,NULL,NULL,0,0,0,0,0,0,NULL,NULL,NULL,NULL,NULL,NULL,NULL,NULL,NULL,NULL,NULL,NULL,NULL,NULL,'2022-06-24 11:39:47','2022-11-28 13:36:30',3,NULL,NULL,NULL,NULL,0,NULL,2,'2022-11-01 19:35:09','2022-05-24 08:34:31'),(116,'https://mein-zahnarzt-ueberlingen.de/author/lauracyprian/','75:d52e23f33c0db3a40ea15d31232fc22e',9,'user',NULL,NULL,NULL,NULL,NULL,NULL,NULL,NULL,0,0,NULL,NULL,NULL,NULL,NULL,0,0,NULL,NULL,NULL,NULL,NULL,'https://secure.gravatar.com/avatar/3e189629de05b09726a557d13e470ed9?s=500&d=mm&r=g',NULL,NULL,'gravatar-image',NULL,NULL,'https://secure.gravatar.com/avatar/3e189629de05b09726a557d13e470ed9?s=500&d=mm&r=g',NULL,'gravatar-image',NULL,NULL,NULL,NULL,'2022-06-24 16:04:31','2022-11-28 13:36:30',3,NULL,NULL,NULL,NULL,0,NULL,2,'2022-06-24 16:47:05',NULL),(117,'https://mein-zahnarzt-ueberlingen.de/?post_type=employee&p=814','80:674b4b76cf33205e002c6a96d8c22f9a',814,'post','employee',9,0,NULL,NULL,'Stephanie Metzger','draft',0,0,NULL,NULL,NULL,NULL,NULL,90,0,NULL,0,NULL,NULL,NULL,NULL,NULL,NULL,NULL,NULL,NULL,NULL,NULL,NULL,NULL,NULL,0,NULL,NULL,'2022-06-24 16:47:04','2022-11-28 13:36:30',3,NULL,NULL,NULL,NULL,0,1,2,'2022-08-30 08:22:30','2022-06-24 16:47:04'),(118,'https://mein-zahnarzt-ueberlingen.de/wp-content/uploads/sites/3/5d58aea4eb.jpg','104:9812b29810d06b87f8c572466e21fa4e',836,'post','attachment',9,494,NULL,NULL,'5d58aea4eb','inherit',NULL,0,NULL,NULL,NULL,NULL,NULL,0,0,NULL,0,NULL,NULL,NULL,NULL,'https://mein-zahnarzt-ueberlingen.de/wp-content/uploads/sites/3/5d58aea4eb.jpg',NULL,'836','attachment-image',NULL,NULL,NULL,'836','attachment-image',NULL,NULL,0,NULL,'2022-06-27 16:15:54','2022-11-28 13:36:30',3,NULL,NULL,NULL,NULL,1,NULL,2,'2022-06-27 16:15:54','2022-06-27 16:15:54'),(119,'https://mein-zahnarzt-ueberlingen.de/wp-content/uploads/sites/3/istock-532869760.jpg','110:6e8831870faa45515bd94439c86f47e1',839,'post','attachment',9,494,NULL,NULL,'iStock-532869760','inherit',NULL,0,NULL,NULL,NULL,NULL,NULL,0,0,NULL,0,NULL,NULL,NULL,NULL,'https://mein-zahnarzt-ueberlingen.de/wp-content/uploads/sites/3/istock-532869760.jpg',NULL,'839','attachment-image',NULL,NULL,NULL,'839','attachment-image',NULL,NULL,0,NULL,'2022-06-27 16:18:32','2022-11-28 13:36:30',3,NULL,NULL,NULL,NULL,1,NULL,2,'2022-06-27 16:18:32','2022-06-27 16:18:32'),(120,'https://mein-zahnarzt-ueberlingen.de/author/mira/','67:2500ca41289931b81a0486d44edafc39',3,'user',NULL,NULL,NULL,NULL,NULL,NULL,NULL,NULL,0,0,NULL,NULL,NULL,NULL,NULL,0,0,NULL,NULL,NULL,NULL,NULL,'https://secure.gravatar.com/avatar/9bbbfcd94a2eff0dc33e5b5cef337931?s=500&d=mm&r=g',NULL,NULL,'gravatar-image',NULL,NULL,'https://secure.gravatar.com/avatar/9bbbfcd94a2eff0dc33e5b5cef337931?s=500&d=mm&r=g',NULL,'gravatar-image',NULL,NULL,NULL,NULL,'2022-08-24 11:54:19','2022-11-28 13:36:30',3,NULL,NULL,NULL,NULL,0,NULL,2,'2022-09-14 10:27:40',NULL),(123,'https://mein-zahnarzt-ueberlingen.de/wp-content/uploads/sites/3/three-generation-family-relaxing-in-summer-field-picture-id167768251.jpg','162:39cbc4b9f0f63cca491e1bda261174c8',848,'post','attachment',3,494,NULL,NULL,'three-generation-family-relaxing-in-summer-field-picture-id167768251','inherit',NULL,0,NULL,NULL,NULL,NULL,NULL,0,0,NULL,0,NULL,NULL,NULL,NULL,'https://mein-zahnarzt-ueberlingen.de/wp-content/uploads/sites/3/three-generation-family-relaxing-in-summer-field-picture-id167768251.jpg',NULL,'848','attachment-image',NULL,NULL,NULL,'848','attachment-image',NULL,NULL,0,NULL,'2022-08-24 12:16:41','2022-11-28 13:36:30',3,NULL,NULL,NULL,NULL,1,NULL,2,'2022-08-24 12:16:41','2022-08-24 12:16:41'),(124,'https://mein-zahnarzt-ueberlingen.de/wp-content/uploads/sites/3/zahnarzt-praxis-zzue-privatpraxis-fuer-implantologie-parodonthologie-laderzahnheilunde-ueberlingen-bodensee-logo-small-5-1.png','216:0fb49dcdecdcfa9d5d3b1dabf39a5739',851,'post','attachment',3,0,NULL,NULL,'zahnarzt_praxis_zzue_privatpraxis_fuer_implantologie_parodonthologie_laderzahnheilunde_ueberlingen_bodensee_logo_small_5-1','inherit',0,0,0,NULL,NULL,NULL,NULL,0,0,NULL,0,NULL,NULL,NULL,NULL,'https://mein-zahnarzt-ueberlingen.de/wp-content/uploads/sites/3/zahnarzt-praxis-zzue-privatpraxis-fuer-implantologie-parodonthologie-laderzahnheilunde-ueberlingen-bodensee-logo-small-5-1.png',NULL,'851','attachment-image',NULL,NULL,NULL,'851','attachment-image',NULL,NULL,0,NULL,'2022-08-24 12:19:30','2022-11-28 13:36:30',3,NULL,NULL,NULL,NULL,0,NULL,2,'2022-08-24 12:19:30','2022-08-24 12:19:30'),(125,'https://mein-zahnarzt-ueberlingen.de/wp-content/uploads/sites/3/cropped-zahnarzt-praxis-zzue-privatpraxis-fuer-implantologie-parodonthologie-laderzahnheilunde-ueberlingen-bodensee-logo-small-5-1.png','224:4540c685ac98beeff71927c7c16f516d',852,'post','attachment',3,0,NULL,NULL,'cropped-zahnarzt-praxis-zzue-privatpraxis-fuer-implantologie-parodonthologie-laderzahnheilunde-ueberlingen-bodensee-logo-small-5-1.png','inherit',0,0,0,NULL,NULL,NULL,NULL,0,0,NULL,0,NULL,NULL,NULL,NULL,'https://mein-zahnarzt-ueberlingen.de/wp-content/uploads/sites/3/cropped-zahnarzt-praxis-zzue-privatpraxis-fuer-implantologie-parodonthologie-laderzahnheilunde-ueberlingen-bodensee-logo-small-5-1.png',NULL,'852','attachment-image',NULL,NULL,NULL,'852','attachment-image',NULL,NULL,0,NULL,'2022-08-24 12:19:42','2022-11-28 13:36:30',3,NULL,NULL,NULL,NULL,0,NULL,2,'2022-08-24 12:19:42','2022-08-24 12:19:42'),(127,'https://mein-zahnarzt-ueberlingen.de/wp-content/uploads/sites/3/zahnarzt-uberlingen-veneers.jpg','121:45e73ce0d6ff9431387f1d6d0963872c',855,'post','attachment',3,95,NULL,NULL,'zahnarzt-uberlingen-veneers','inherit',NULL,0,NULL,NULL,NULL,NULL,NULL,0,0,NULL,0,NULL,NULL,NULL,NULL,'https://mein-zahnarzt-ueberlingen.de/wp-content/uploads/sites/3/zahnarzt-uberlingen-veneers.jpg',NULL,'855','attachment-image',NULL,NULL,'https://mein-zahnarzt-ueberlingen.de/wp-content/uploads/sites/3/zahnarzt-uberlingen-veneers.jpg','855','attachment-image','{\"width\":735,\"height\":1102,\"url\":\"https://mein-zahnarzt-ueberlingen.de/wp-content/uploads/sites/3/zahnarzt-uberlingen-veneers.jpg\",\"path\":\"/home/klinikamschloss/public_html/wp-content/uploads/sites/3/zahnarzt-uberlingen-veneers.jpg\",\"size\":\"full\",\"id\":855,\"alt\":\"Veneers vom Zahnarzt in Überlingen\",\"pixels\":809970,\"type\":\"image/jpeg\"}',NULL,2,NULL,'2022-08-24 13:06:11','2022-11-28 13:36:30',3,NULL,NULL,NULL,NULL,1,NULL,2,'2022-08-24 13:06:25','2022-08-24 13:06:11'),(128,'https://mein-zahnarzt-ueberlingen.de/wp-content/uploads/sites/3/zahnarzt-ueberlingen-weisheitszaehne.jpg','130:a0731862ba589771c15742faada72a6c',856,'post','attachment',3,96,NULL,NULL,'zahnarzt-ueberlingen-weisheitszaehne','inherit',NULL,0,NULL,NULL,NULL,NULL,NULL,0,0,NULL,0,NULL,NULL,NULL,NULL,'https://mein-zahnarzt-ueberlingen.de/wp-content/uploads/sites/3/zahnarzt-ueberlingen-weisheitszaehne.jpg',NULL,'856','attachment-image',NULL,NULL,'https://mein-zahnarzt-ueberlingen.de/wp-content/uploads/sites/3/zahnarzt-ueberlingen-weisheitszaehne.jpg','856','attachment-image','{\"width\":735,\"height\":1102,\"url\":\"https://mein-zahnarzt-ueberlingen.de/wp-content/uploads/sites/3/zahnarzt-ueberlingen-weisheitszaehne.jpg\",\"path\":\"/home/klinikamschloss/public_html/wp-content/uploads/sites/3/zahnarzt-ueberlingen-weisheitszaehne.jpg\",\"size\":\"full\",\"id\":856,\"alt\":\"Weisheitszahn gezogen beim Zahnazt in Überlingen\",\"pixels\":809970,\"type\":\"image/jpeg\"}',NULL,2,NULL,'2022-08-24 13:11:31','2022-11-28 13:36:30',3,NULL,NULL,NULL,NULL,1,NULL,2,'2022-08-24 13:11:42','2022-08-24 13:11:31'),(129,'https://mein-zahnarzt-ueberlingen.de/wp-content/uploads/sites/3/zahnarzt-uberlingen-zahnfleischentzuendung.jpg','136:3d7039554f41662b290b97a503546bbf',857,'post','attachment',3,97,NULL,NULL,'zahnarzt-uberlingen-zahnfleischentzuendung','inherit',NULL,0,NULL,NULL,NULL,NULL,NULL,0,0,NULL,0,NULL,NULL,NULL,NULL,'https://mein-zahnarzt-ueberlingen.de/wp-content/uploads/sites/3/zahnarzt-uberlingen-zahnfleischentzuendung.jpg',NULL,'857','attachment-image',NULL,NULL,'https://mein-zahnarzt-ueberlingen.de/wp-content/uploads/sites/3/zahnarzt-uberlingen-zahnfleischentzuendung.jpg','857','attachment-image','{\"width\":735,\"height\":1102,\"url\":\"https://mein-zahnarzt-ueberlingen.de/wp-content/uploads/sites/3/zahnarzt-uberlingen-zahnfleischentzuendung.jpg\",\"path\":\"/home/klinikamschloss/public_html/wp-content/uploads/sites/3/zahnarzt-uberlingen-zahnfleischentzuendung.jpg\",\"size\":\"full\",\"id\":857,\"alt\":\"Keine Zahnfleischentzündung dank Zahnarzt in Überlingen\",\"pixels\":809970,\"type\":\"image/jpeg\"}',NULL,2,NULL,'2022-08-24 13:15:14','2022-11-28 13:36:30',3,NULL,NULL,NULL,NULL,1,NULL,2,'2022-08-24 13:15:30','2022-08-24 13:15:14'),(130,'https://mein-zahnarzt-ueberlingen.de/wp-content/uploads/sites/3/zahnarzt-ueberlingen-karies.jpg','121:016075122111ed1ddfa82bebc52e6ab6',859,'post','attachment',3,98,NULL,NULL,'zahnarzt-ueberlingen-karies','inherit',NULL,0,NULL,NULL,NULL,NULL,NULL,0,0,NULL,0,NULL,NULL,NULL,NULL,'https://mein-zahnarzt-ueberlingen.de/wp-content/uploads/sites/3/zahnarzt-ueberlingen-karies.jpg',NULL,'859','attachment-image',NULL,NULL,'https://mein-zahnarzt-ueberlingen.de/wp-content/uploads/sites/3/zahnarzt-ueberlingen-karies.jpg','859','attachment-image','{\"width\":735,\"height\":1102,\"url\":\"https://mein-zahnarzt-ueberlingen.de/wp-content/uploads/sites/3/zahnarzt-ueberlingen-karies.jpg\",\"path\":\"/home/klinikamschloss/public_html/wp-content/uploads/sites/3/zahnarzt-ueberlingen-karies.jpg\",\"size\":\"full\",\"id\":859,\"alt\":\"Keine Karies mehr dank seinem Zahnarzt in Überlingen\",\"pixels\":809970,\"type\":\"image/jpeg\"}',NULL,2,NULL,'2022-08-24 13:18:48','2022-11-28 13:36:30',3,NULL,NULL,NULL,NULL,1,NULL,2,'2022-08-24 13:19:32','2022-08-24 13:18:48'),(131,'https://mein-zahnarzt-ueberlingen.de/wp-content/uploads/sites/3/zahnarzt-ueberlingen-wurzelbehandlung.jpg','131:a7e1baad0662d71074158a2f5ee0c945',860,'post','attachment',3,99,NULL,NULL,'zahnarzt-ueberlingen-wurzelbehandlung','inherit',NULL,0,NULL,NULL,NULL,NULL,NULL,0,0,NULL,0,NULL,NULL,NULL,NULL,'https://mein-zahnarzt-ueberlingen.de/wp-content/uploads/sites/3/zahnarzt-ueberlingen-wurzelbehandlung.jpg',NULL,'860','attachment-image',NULL,NULL,'https://mein-zahnarzt-ueberlingen.de/wp-content/uploads/sites/3/zahnarzt-ueberlingen-wurzelbehandlung.jpg','860','attachment-image','{\"width\":735,\"height\":1102,\"url\":\"https://mein-zahnarzt-ueberlingen.de/wp-content/uploads/sites/3/zahnarzt-ueberlingen-wurzelbehandlung.jpg\",\"path\":\"/home/klinikamschloss/public_html/wp-content/uploads/sites/3/zahnarzt-ueberlingen-wurzelbehandlung.jpg\",\"size\":\"full\",\"id\":860,\"alt\":\"Wurzelbehandlung beim Zahnarzt in Überlingen\",\"pixels\":809970,\"type\":\"image/jpeg\"}',NULL,2,NULL,'2022-08-24 13:27:10','2022-11-28 13:36:30',3,NULL,NULL,NULL,NULL,1,NULL,2,'2022-08-24 13:27:20','2022-08-24 13:27:10'),(132,'https://mein-zahnarzt-ueberlingen.de/wp-content/uploads/sites/3/zahnarzt-ueberlingen-zahnreinigung.jpg','128:b9280ecca971a899c07685f57fb2a1ec',861,'post','attachment',3,100,NULL,NULL,'zahnarzt-ueberlingen-professionelle-zahnreinigung','inherit',NULL,0,NULL,NULL,NULL,NULL,NULL,0,0,NULL,0,NULL,NULL,NULL,NULL,'https://mein-zahnarzt-ueberlingen.de/wp-content/uploads/sites/3/zahnarzt-ueberlingen-zahnreinigung.jpg',NULL,'861','attachment-image',NULL,NULL,'https://mein-zahnarzt-ueberlingen.de/wp-content/uploads/sites/3/zahnarzt-ueberlingen-zahnreinigung.jpg','861','attachment-image','{\"width\":735,\"height\":1102,\"url\":\"https://mein-zahnarzt-ueberlingen.de/wp-content/uploads/sites/3/zahnarzt-ueberlingen-zahnreinigung.jpg\",\"path\":\"/home/klinikamschloss/public_html/wp-content/uploads/sites/3/zahnarzt-ueberlingen-zahnreinigung.jpg\",\"size\":\"full\",\"id\":861,\"alt\":\"Nach professioneller Zahnreinigung beim Zahnarzt in Überlingen\",\"pixels\":809970,\"type\":\"image/jpeg\"}',NULL,2,NULL,'2022-08-24 13:29:56','2022-11-28 13:36:30',3,NULL,NULL,NULL,NULL,1,NULL,2,'2022-08-24 13:30:43','2022-08-24 13:29:56'),(133,'https://mein-zahnarzt-ueberlingen.de/wp-content/uploads/sites/3/zahnarzt-ueberlingen-implantat.jpg','124:3781c226ae40872fd607d3e67bffa481',862,'post','attachment',3,101,NULL,NULL,'zahnarzt-ueberlingen-implantat','inherit',NULL,0,NULL,NULL,NULL,NULL,NULL,0,0,NULL,0,NULL,NULL,NULL,NULL,'https://mein-zahnarzt-ueberlingen.de/wp-content/uploads/sites/3/zahnarzt-ueberlingen-implantat.jpg',NULL,'862','attachment-image',NULL,NULL,'https://mein-zahnarzt-ueberlingen.de/wp-content/uploads/sites/3/zahnarzt-ueberlingen-implantat.jpg','862','attachment-image','{\"width\":735,\"height\":1102,\"url\":\"https://mein-zahnarzt-ueberlingen.de/wp-content/uploads/sites/3/zahnarzt-ueberlingen-implantat.jpg\",\"path\":\"/home/klinikamschloss/public_html/wp-content/uploads/sites/3/zahnarzt-ueberlingen-implantat.jpg\",\"size\":\"full\",\"id\":862,\"alt\":\"Nach Implantat-Behandlung beim Zahnarzt in Überlingen\",\"pixels\":809970,\"type\":\"image/jpeg\"}',NULL,2,NULL,'2022-08-24 13:34:32','2022-11-28 13:36:30',3,NULL,NULL,NULL,NULL,1,NULL,2,'2022-08-24 13:35:06','2022-08-24 13:34:32'),(134,'https://mein-zahnarzt-ueberlingen.de/wp-content/uploads/sites/3/zahnarzt-ueberlingen-zahnkrone.jpg','124:55e7e5c3554820fdf63da443e3f40905',863,'post','attachment',3,102,NULL,NULL,'zahnarzt-ueberlingen-zahnkrone','inherit',NULL,0,NULL,NULL,NULL,NULL,NULL,0,0,NULL,0,NULL,NULL,NULL,NULL,'https://mein-zahnarzt-ueberlingen.de/wp-content/uploads/sites/3/zahnarzt-ueberlingen-zahnkrone.jpg',NULL,'863','attachment-image',NULL,NULL,'https://mein-zahnarzt-ueberlingen.de/wp-content/uploads/sites/3/zahnarzt-ueberlingen-zahnkrone.jpg','863','attachment-image','{\"width\":735,\"height\":1102,\"url\":\"https://mein-zahnarzt-ueberlingen.de/wp-content/uploads/sites/3/zahnarzt-ueberlingen-zahnkrone.jpg\",\"path\":\"/home/klinikamschloss/public_html/wp-content/uploads/sites/3/zahnarzt-ueberlingen-zahnkrone.jpg\",\"size\":\"full\",\"id\":863,\"alt\":\"Zahnkrone vom Zahnarzt in Überlingen\",\"pixels\":809970,\"type\":\"image/jpeg\"}',NULL,2,NULL,'2022-08-24 13:42:18','2022-11-28 13:36:30',3,NULL,NULL,NULL,NULL,1,NULL,2,'2022-08-24 13:43:51','2022-08-24 13:42:18'),(135,'https://mein-zahnarzt-ueberlingen.de/wp-content/uploads/sites/3/zahnarzt-ueberlingen-zahnschiene.jpg','126:d6d1352f59542d505cc77884425ee2ca',864,'post','attachment',3,46,NULL,NULL,'zahnarzt-ueberlingen-zahnschiene','inherit',NULL,0,NULL,NULL,NULL,NULL,NULL,0,0,NULL,0,NULL,NULL,NULL,NULL,'https://mein-zahnarzt-ueberlingen.de/wp-content/uploads/sites/3/zahnarzt-ueberlingen-zahnschiene.jpg',NULL,'864','attachment-image',NULL,NULL,'https://mein-zahnarzt-ueberlingen.de/wp-content/uploads/sites/3/zahnarzt-ueberlingen-zahnschiene.jpg','864','attachment-image','{\"width\":735,\"height\":1102,\"url\":\"https://mein-zahnarzt-ueberlingen.de/wp-content/uploads/sites/3/zahnarzt-ueberlingen-zahnschiene.jpg\",\"path\":\"/home/klinikamschloss/public_html/wp-content/uploads/sites/3/zahnarzt-ueberlingen-zahnschiene.jpg\",\"size\":\"full\",\"id\":864,\"alt\":\"Nach Behandlung mit Zahnschiene vom Zahnarzt in Überlingen\",\"pixels\":809970,\"type\":\"image/jpeg\"}',NULL,2,NULL,'2022-08-24 13:47:46','2022-11-28 13:36:30',3,NULL,NULL,NULL,NULL,1,NULL,2,'2022-08-24 13:48:06','2022-08-24 13:47:46'),(136,'https://mein-zahnarzt-ueberlingen.de/wp-content/uploads/sites/3/zahnarzt-ueberlingen-zahnaufhellung.jpg','129:caf09a983c59e3b97bba30ca40d1f93b',865,'post','attachment',3,235,NULL,NULL,'zahnarzt-ueberlingen-zaehne-aufhellen','inherit',NULL,0,NULL,NULL,NULL,NULL,NULL,0,0,NULL,0,NULL,NULL,NULL,NULL,'https://mein-zahnarzt-ueberlingen.de/wp-content/uploads/sites/3/zahnarzt-ueberlingen-zahnaufhellung.jpg',NULL,'865','attachment-image',NULL,NULL,'https://mein-zahnarzt-ueberlingen.de/wp-content/uploads/sites/3/zahnarzt-ueberlingen-zahnaufhellung.jpg','865','attachment-image','{\"width\":735,\"height\":1102,\"url\":\"https://mein-zahnarzt-ueberlingen.de/wp-content/uploads/sites/3/zahnarzt-ueberlingen-zahnaufhellung.jpg\",\"path\":\"/home/klinikamschloss/public_html/wp-content/uploads/sites/3/zahnarzt-ueberlingen-zahnaufhellung.jpg\",\"size\":\"full\",\"id\":865,\"alt\":\"Zähne aufhellen lassen beim Zahnarzt in Überlingen\",\"pixels\":809970,\"type\":\"image/jpeg\"}',NULL,2,NULL,'2022-08-24 13:54:09','2022-11-28 13:36:30',3,NULL,NULL,NULL,NULL,1,NULL,2,'2022-08-24 13:54:30','2022-08-24 13:54:09'),(137,'https://mein-zahnarzt-ueberlingen.de/wp-content/uploads/sites/3/klinik-am-schloss-suite-enquire-2ramonlehmann.jpg','139:4582fa9e393ecb479f1338e67b67570b',869,'post','attachment',3,467,NULL,NULL,'Klinik_am_Schloss_SUITE-ENQUIRE-2RamonLehmann','inherit',NULL,0,NULL,NULL,NULL,NULL,NULL,0,0,NULL,0,NULL,NULL,NULL,NULL,'https://mein-zahnarzt-ueberlingen.de/wp-content/uploads/sites/3/klinik-am-schloss-suite-enquire-2ramonlehmann.jpg',NULL,'869','attachment-image',NULL,NULL,NULL,'869','attachment-image',NULL,NULL,0,NULL,'2022-08-30 08:09:44','2022-11-28 13:36:30',3,NULL,NULL,NULL,NULL,1,NULL,2,'2022-08-30 08:09:44','2022-08-30 08:09:44'),(138,'https://mein-zahnarzt-ueberlingen.de/wp-content/uploads/sites/3/SETZ_MS06280_b_16_9-–-720x405-2.jpg','127:1d19242dbe349b24afa63a360ab95c38',870,'post','attachment',3,467,NULL,NULL,'SETZ_MS06280_b_16_9-–-720&#215;405-2','inherit',NULL,0,NULL,NULL,NULL,NULL,NULL,0,0,NULL,0,NULL,NULL,NULL,NULL,'https://mein-zahnarzt-ueberlingen.de/wp-content/uploads/sites/3/SETZ_MS06280_b_16_9-–-720x405-2.jpg',NULL,'870','attachment-image',NULL,NULL,'https://mein-zahnarzt-ueberlingen.de/wp-content/uploads/sites/3/SETZ_MS06280_b_16_9-–-720x405-2.jpg','870','attachment-image','{\"width\":720,\"height\":405,\"filesize\":131447,\"url\":\"https://mein-zahnarzt-ueberlingen.de/wp-content/uploads/sites/3/SETZ_MS06280_b_16_9-–-720x405-2.jpg\",\"path\":\"/home/klinikamschloss/public_html/wp-content/uploads/sites/3/SETZ_MS06280_b_16_9-–-720x405-2.jpg\",\"size\":\"full\",\"id\":870,\"alt\":\"\",\"pixels\":291600,\"type\":\"image/jpeg\"}',NULL,1,NULL,'2022-08-30 08:10:58','2022-11-28 13:36:30',3,NULL,NULL,NULL,NULL,1,NULL,2,'2022-09-29 10:37:21','2022-08-30 08:10:58'),(139,'https://mein-zahnarzt-ueberlingen.de/wp-content/uploads/sites/3/blaromanlehmannkl.jpg','111:4bb7436dc6b0f2554636de3c721471c3',871,'post','attachment',3,466,NULL,NULL,'Blaromanlehmannkl','inherit',NULL,0,NULL,NULL,NULL,NULL,NULL,0,0,NULL,0,NULL,NULL,NULL,NULL,'https://mein-zahnarzt-ueberlingen.de/wp-content/uploads/sites/3/blaromanlehmannkl.jpg',NULL,'871','attachment-image',NULL,NULL,NULL,'871','attachment-image',NULL,NULL,0,NULL,'2022-08-30 08:18:43','2022-11-28 13:36:30',3,NULL,NULL,NULL,NULL,1,NULL,2,'2022-08-30 08:18:43','2022-08-30 08:18:43'),(140,'https://mein-zahnarzt-ueberlingen.de/wp-content/uploads/sites/3/bildschirmfoto-2021-12-23-um-120946.png','129:e0a79303c38692f497e8212d9c55a8f2',876,'post','attachment',3,114,NULL,NULL,'zahnarzt-christian-toth','inherit',NULL,0,NULL,NULL,NULL,NULL,NULL,0,0,NULL,0,NULL,NULL,NULL,NULL,'https://mein-zahnarzt-ueberlingen.de/wp-content/uploads/sites/3/bildschirmfoto-2021-12-23-um-120946.png',NULL,'876','attachment-image',NULL,NULL,'https://mein-zahnarzt-ueberlingen.de/wp-content/uploads/sites/3/bildschirmfoto-2021-12-23-um-120946.png','876','attachment-image','{\"width\":696,\"height\":544,\"url\":\"https://mein-zahnarzt-ueberlingen.de/wp-content/uploads/sites/3/bildschirmfoto-2021-12-23-um-120946.png\",\"path\":\"/home/klinikamschloss/public_html/wp-content/uploads/sites/3/bildschirmfoto-2021-12-23-um-120946.png\",\"size\":\"full\",\"id\":876,\"alt\":\"Zahnarzt Dr. Christian Toth MSc.\",\"pixels\":378624,\"type\":\"image/png\"}',NULL,0,NULL,'2022-08-30 08:23:55','2022-11-28 13:36:30',3,NULL,NULL,NULL,NULL,1,NULL,2,'2022-08-30 08:24:23','2022-08-30 08:23:55'),(141,'https://mein-zahnarzt-ueberlingen.de/wp-content/uploads/sites/3/dr-kresimir-mestrovic-klinik-am-schloss.jpg','133:6eea0bc8c0bc394d360108a6f2349b43',878,'post','attachment',3,38,NULL,NULL,'zahnarzt-kresimir-mestrovic','inherit',NULL,0,NULL,NULL,NULL,NULL,NULL,0,0,NULL,0,NULL,NULL,NULL,NULL,'https://mein-zahnarzt-ueberlingen.de/wp-content/uploads/sites/3/dr-kresimir-mestrovic-klinik-am-schloss.jpg',NULL,'878','attachment-image',NULL,NULL,'https://mein-zahnarzt-ueberlingen.de/wp-content/uploads/sites/3/dr-kresimir-mestrovic-klinik-am-schloss.jpg','878','attachment-image','{\"width\":487,\"height\":406,\"url\":\"https://mein-zahnarzt-ueberlingen.de/wp-content/uploads/sites/3/dr-kresimir-mestrovic-klinik-am-schloss.jpg\",\"path\":\"/home/klinikamschloss/public_html/wp-content/uploads/sites/3/dr-kresimir-mestrovic-klinik-am-schloss.jpg\",\"size\":\"full\",\"id\":878,\"alt\":\"Zahnarzt Überlingen: Dr. Kresimir Mestrovic MSc.\",\"pixels\":197722,\"type\":\"image/jpeg\"}',NULL,0,NULL,'2022-08-30 08:25:08','2022-11-28 13:36:30',3,NULL,NULL,NULL,NULL,1,NULL,2,'2022-08-30 08:25:42','2022-08-30 08:25:08'),(142,'https://mein-zahnarzt-ueberlingen.de/wp-content/uploads/sites/3/zahnarzt-jobs-obermarchtal.jpg','120:931bbf5027b01175b7425dd912bd8db8',882,'post','attachment',3,117,NULL,NULL,'zahnarzt-jobs-ueberlingen','inherit',NULL,0,NULL,NULL,NULL,NULL,NULL,0,0,NULL,0,NULL,NULL,NULL,NULL,'https://mein-zahnarzt-ueberlingen.de/wp-content/uploads/sites/3/zahnarzt-jobs-obermarchtal.jpg',NULL,'882','attachment-image',NULL,NULL,'https://mein-zahnarzt-ueberlingen.de/wp-content/uploads/sites/3/zahnarzt-jobs-obermarchtal.jpg','882','attachment-image','{\"width\":940,\"height\":788,\"url\":\"https://mein-zahnarzt-ueberlingen.de/wp-content/uploads/sites/3/zahnarzt-jobs-obermarchtal.jpg\",\"path\":\"/home/klinikamschloss/public_html/wp-content/uploads/sites/3/zahnarzt-jobs-obermarchtal.jpg\",\"size\":\"full\",\"id\":882,\"alt\":\"Zahnarzt Stellenangebote und ZMFA Stellenangebote\",\"pixels\":740720,\"type\":\"image/jpeg\"}',NULL,2,NULL,'2022-08-30 08:33:05','2022-11-28 13:36:30',3,NULL,NULL,NULL,NULL,1,NULL,2,'2022-08-30 08:33:47','2022-08-30 08:33:05'),(143,'https://mein-zahnarzt-ueberlingen.de/wp-content/uploads/sites/3/ueberlingen_16_9-–-720x405-1.jpg','124:cae60f39c1c4cb891840b9325e650371',885,'post','attachment',3,466,NULL,NULL,'ueberlingen_16_9-–-720&#215;405-1','inherit',NULL,0,NULL,NULL,NULL,NULL,NULL,0,0,NULL,0,NULL,NULL,NULL,NULL,'https://mein-zahnarzt-ueberlingen.de/wp-content/uploads/sites/3/ueberlingen_16_9-–-720x405-1.jpg',NULL,'885','attachment-image',NULL,NULL,'https://mein-zahnarzt-ueberlingen.de/wp-content/uploads/sites/3/ueberlingen_16_9-–-720x405-1.jpg','885','attachment-image','{\"width\":720,\"height\":405,\"filesize\":150900,\"url\":\"https://mein-zahnarzt-ueberlingen.de/wp-content/uploads/sites/3/ueberlingen_16_9-–-720x405-1.jpg\",\"path\":\"/home/klinikamschloss/public_html/wp-content/uploads/sites/3/ueberlingen_16_9-–-720x405-1.jpg\",\"size\":\"full\",\"id\":885,\"alt\":\"Zahnarztpraxis in Überlingen\",\"pixels\":291600,\"type\":\"image/jpeg\"}',NULL,1,NULL,'2022-08-30 08:34:31','2022-11-28 13:36:30',3,NULL,NULL,NULL,NULL,1,NULL,2,'2022-09-29 10:38:22','2022-08-30 08:34:31'),(144,'https://mein-zahnarzt-ueberlingen.de/wp-content/uploads/sites/3/zahnarzt-angst.jpg','108:3a33f4f48e270ef7bed24dcc24bc0869',886,'post','attachment',3,389,NULL,NULL,'zahnarzt-angst-ueberlingen','inherit',NULL,0,NULL,NULL,NULL,NULL,NULL,0,0,NULL,0,NULL,NULL,NULL,NULL,'https://mein-zahnarzt-ueberlingen.de/wp-content/uploads/sites/3/zahnarzt-angst.jpg',NULL,'886','attachment-image',NULL,NULL,'https://mein-zahnarzt-ueberlingen.de/wp-content/uploads/sites/3/zahnarzt-angst.jpg','886','attachment-image','{\"width\":735,\"height\":1102,\"url\":\"https://mein-zahnarzt-ueberlingen.de/wp-content/uploads/sites/3/zahnarzt-angst.jpg\",\"path\":\"/home/klinikamschloss/public_html/wp-content/uploads/sites/3/zahnarzt-angst.jpg\",\"size\":\"full\",\"id\":886,\"alt\":\"Trotz Zahnarzt-Angst zum Zahnarzt in Überlingen\",\"pixels\":809970,\"type\":\"image/jpeg\"}',NULL,2,NULL,'2022-08-30 08:42:18','2022-11-28 13:36:30',3,NULL,NULL,NULL,NULL,1,NULL,2,'2022-08-30 08:42:40','2022-08-30 08:42:18'),(145,'https://mein-zahnarzt-ueberlingen.de/wp-content/uploads/sites/3/dentallabor-ueberlingen.jpg','117:7c49676b310d1f32d779ff399951cec8',887,'post','attachment',3,394,NULL,NULL,'dentallabor-ueberlingen','inherit',NULL,0,NULL,NULL,NULL,NULL,NULL,0,0,NULL,0,NULL,NULL,NULL,NULL,'https://mein-zahnarzt-ueberlingen.de/wp-content/uploads/sites/3/dentallabor-ueberlingen.jpg',NULL,'887','attachment-image',NULL,NULL,'https://mein-zahnarzt-ueberlingen.de/wp-content/uploads/sites/3/dentallabor-ueberlingen.jpg','887','attachment-image','{\"width\":735,\"height\":1102,\"url\":\"https://mein-zahnarzt-ueberlingen.de/wp-content/uploads/sites/3/dentallabor-ueberlingen.jpg\",\"path\":\"/home/klinikamschloss/public_html/wp-content/uploads/sites/3/dentallabor-ueberlingen.jpg\",\"size\":\"full\",\"id\":887,\"alt\":\"Dentallabor Überlingen\",\"pixels\":809970,\"type\":\"image/jpeg\"}',NULL,2,NULL,'2022-08-30 08:47:11','2022-11-28 13:36:30',3,NULL,NULL,NULL,NULL,1,NULL,2,'2022-08-30 08:47:22','2022-08-30 08:47:11'),(148,'https://mein-zahnarzt-ueberlingen.de/wp-content/uploads/sites/3/leistungen-zahnarzt-ueberlingen.jpg','117:0d6f892efd8bf14b72a6d015fa76d2b7',904,'post','attachment',3,246,NULL,NULL,'leistungen-zahnarzt-ueberlingen','inherit',NULL,0,NULL,NULL,NULL,NULL,NULL,0,0,NULL,0,NULL,NULL,NULL,NULL,'https://mein-zahnarzt-ueberlingen.de/wp-content/uploads/sites/3/leistungen-zahnarzt-ueberlingen.jpg',NULL,'904','attachment-image',NULL,NULL,'https://mein-zahnarzt-ueberlingen.de/wp-content/uploads/sites/3/leistungen-zahnarzt-ueberlingen-1200x675.jpg','904','attachment-image','{\"width\":1200,\"height\":675,\"filesize\":101690,\"path\":\"./leistungen-zahnarzt-ueberlingen-1200x675.jpg\",\"url\":\"https://mein-zahnarzt-ueberlingen.de/wp-content/uploads/sites/3/leistungen-zahnarzt-ueberlingen-1200x675.jpg\",\"size\":\"large\",\"id\":904,\"alt\":\"Leistungen Zahnarzt Überlingen\",\"pixels\":810000,\"type\":\"image/jpeg\"}',NULL,1,NULL,'2022-08-30 09:34:50','2022-11-28 13:36:30',3,NULL,NULL,NULL,NULL,1,NULL,2,'2022-11-02 07:40:35','2022-11-02 07:40:23'),(149,'https://mein-zahnarzt-ueberlingen.de/wp-content/uploads/sites/3/zahnarzt-ueberlingen-telefonnummer.jpg','128:de4ca3ea704ee81a476ccbb65e25e566',919,'post','attachment',3,0,NULL,NULL,'zahnarzt-ueberlingen-telefonnummer','inherit',0,0,0,NULL,NULL,NULL,NULL,0,0,NULL,0,NULL,NULL,NULL,NULL,'https://mein-zahnarzt-ueberlingen.de/wp-content/uploads/sites/3/zahnarzt-ueberlingen-telefonnummer.jpg',NULL,'919','attachment-image',NULL,NULL,'https://mein-zahnarzt-ueberlingen.de/wp-content/uploads/sites/3/zahnarzt-ueberlingen-telefonnummer.jpg','919','attachment-image','{\"width\":682,\"height\":1024,\"url\":\"https://mein-zahnarzt-ueberlingen.de/wp-content/uploads/sites/3/zahnarzt-ueberlingen-telefonnummer.jpg\",\"path\":\"/home/klinikamschloss/public_html/wp-content/uploads/sites/3/zahnarzt-ueberlingen-telefonnummer.jpg\",\"size\":\"full\",\"id\":919,\"alt\":\"Anrufen beim Zahnarzt in Überlingen\",\"pixels\":698368,\"type\":\"image/jpeg\"}',NULL,2,NULL,'2022-08-30 09:46:12','2022-11-28 13:36:30',3,NULL,NULL,NULL,NULL,0,NULL,2,'2022-08-30 09:46:30','2022-08-30 09:46:12'),(150,'https://mein-zahnarzt-ueberlingen.de/wp-content/uploads/sites/3/zahnimplantat-ueberlingen.jpg','119:22b4f104f5661a15074f8dd2141838e5',922,'post','attachment',3,779,NULL,NULL,'zahnimplantat-ueberlingen','inherit',NULL,0,NULL,NULL,NULL,NULL,NULL,0,0,NULL,0,NULL,NULL,NULL,NULL,'https://mein-zahnarzt-ueberlingen.de/wp-content/uploads/sites/3/zahnimplantat-ueberlingen.jpg',NULL,'922','attachment-image',NULL,NULL,'https://mein-zahnarzt-ueberlingen.de/wp-content/uploads/sites/3/zahnimplantat-ueberlingen.jpg','922','attachment-image','{\"width\":1024,\"height\":512,\"url\":\"https://mein-zahnarzt-ueberlingen.de/wp-content/uploads/sites/3/zahnimplantat-ueberlingen.jpg\",\"path\":\"/home/klinikamschloss/public_html/wp-content/uploads/sites/3/zahnimplantat-ueberlingen.jpg\",\"size\":\"full\",\"id\":922,\"alt\":\"Frau mit Zahnimplantat vom Zahnarzt in Überlingen\",\"pixels\":524288,\"type\":\"image/jpeg\"}',NULL,NULL,NULL,'2022-08-30 10:05:21','2022-11-28 13:36:30',3,NULL,NULL,NULL,NULL,1,NULL,2,'2022-08-30 10:05:37','2022-08-30 10:05:21'),(151,'https://mein-zahnarzt-ueberlingen.de/wp-content/uploads/sites/3/zahnimplantat-ueberlingen-1.jpg','121:451ef5a3bd80fa80b84405f6533a9dd8',924,'post','attachment',3,779,NULL,NULL,'zahnimplantat-ueberlingen','inherit',NULL,0,NULL,NULL,NULL,NULL,NULL,0,0,NULL,0,NULL,NULL,NULL,NULL,'https://mein-zahnarzt-ueberlingen.de/wp-content/uploads/sites/3/zahnimplantat-ueberlingen-1.jpg',NULL,'924','attachment-image',NULL,NULL,'https://mein-zahnarzt-ueberlingen.de/wp-content/uploads/sites/3/zahnimplantat-ueberlingen-1.jpg','924','attachment-image','{\"width\":1024,\"height\":683,\"url\":\"https://mein-zahnarzt-ueberlingen.de/wp-content/uploads/sites/3/zahnimplantat-ueberlingen-1.jpg\",\"path\":\"/home/klinikamschloss/public_html/wp-content/uploads/sites/3/zahnimplantat-ueberlingen-1.jpg\",\"size\":\"full\",\"id\":924,\"alt\":\"Zahnimplantat Überlingen\",\"pixels\":699392,\"type\":\"image/jpeg\"}',NULL,NULL,NULL,'2022-08-30 10:07:04','2022-11-28 13:36:30',3,NULL,NULL,NULL,NULL,1,NULL,2,'2022-08-30 10:10:04','2022-08-30 10:07:04'),(152,'https://mein-zahnarzt-ueberlingen.de/wp-content/uploads/sites/3/zahnimplantat-ueberlingen-2.jpg','121:86d10348c69e08ce78af5f729e5ea978',925,'post','attachment',3,779,NULL,NULL,'zahnimplantat-ueberlingen','inherit',NULL,0,NULL,NULL,NULL,NULL,NULL,0,0,NULL,0,NULL,NULL,NULL,NULL,'https://mein-zahnarzt-ueberlingen.de/wp-content/uploads/sites/3/zahnimplantat-ueberlingen-2.jpg',NULL,'925','attachment-image',NULL,NULL,'https://mein-zahnarzt-ueberlingen.de/wp-content/uploads/sites/3/zahnimplantat-ueberlingen-2.jpg','925','attachment-image','{\"width\":1024,\"height\":512,\"url\":\"https://mein-zahnarzt-ueberlingen.de/wp-content/uploads/sites/3/zahnimplantat-ueberlingen-2.jpg\",\"path\":\"/home/klinikamschloss/public_html/wp-content/uploads/sites/3/zahnimplantat-ueberlingen-2.jpg\",\"size\":\"full\",\"id\":925,\"alt\":\"Zahnimplantat Ratgeber\",\"pixels\":524288,\"type\":\"image/jpeg\"}',NULL,NULL,NULL,'2022-08-30 10:12:08','2022-11-28 13:36:30',3,NULL,NULL,NULL,NULL,1,NULL,2,'2022-09-02 13:33:30','2022-08-30 10:12:08'),(153,'https://mein-zahnarzt-ueberlingen.de/wp-content/uploads/sites/3/crevis2-tooth-human-implant-3d-rendering-picture-id1125898430kl.jpg','157:e1ff8f0b6aa9e7610a7e142a87da463c',926,'post','attachment',3,779,NULL,NULL,'zahnimplantation','inherit',NULL,0,NULL,NULL,NULL,NULL,NULL,0,0,NULL,0,NULL,NULL,NULL,NULL,'https://mein-zahnarzt-ueberlingen.de/wp-content/uploads/sites/3/crevis2-tooth-human-implant-3d-rendering-picture-id1125898430kl.jpg',NULL,'926','attachment-image',NULL,NULL,'https://mein-zahnarzt-ueberlingen.de/wp-content/uploads/sites/3/crevis2-tooth-human-implant-3d-rendering-picture-id1125898430kl.jpg','926','attachment-image','{\"width\":591,\"height\":296,\"url\":\"https://mein-zahnarzt-ueberlingen.de/wp-content/uploads/sites/3/crevis2-tooth-human-implant-3d-rendering-picture-id1125898430kl.jpg\",\"path\":\"/home/klinikamschloss/public_html/wp-content/uploads/sites/3/crevis2-tooth-human-implant-3d-rendering-picture-id1125898430kl.jpg\",\"size\":\"full\",\"id\":926,\"alt\":\"Zahnimplantat: Modell einer Zahnimplantation\",\"pixels\":174936,\"type\":\"image/jpeg\"}',NULL,1,NULL,'2022-08-30 10:14:51','2022-11-28 13:36:30',3,NULL,NULL,NULL,NULL,1,NULL,2,'2022-09-02 13:33:53','2022-08-30 10:14:51'),(154,'https://mein-zahnarzt-ueberlingen.de/wp-content/uploads/sites/3/zahn-aufbau.jpg','105:1e0279bd2ca144c0edbc4814f49fbc67',933,'post','attachment',3,779,NULL,NULL,'zahn-aufbau','inherit',NULL,0,NULL,NULL,NULL,NULL,NULL,0,0,NULL,0,NULL,NULL,NULL,NULL,'https://mein-zahnarzt-ueberlingen.de/wp-content/uploads/sites/3/zahn-aufbau.jpg',NULL,'933','attachment-image',NULL,NULL,'https://mein-zahnarzt-ueberlingen.de/wp-content/uploads/sites/3/zahn-aufbau.jpg','933','attachment-image','{\"width\":591,\"height\":296,\"url\":\"https://mein-zahnarzt-ueberlingen.de/wp-content/uploads/sites/3/zahn-aufbau.jpg\",\"path\":\"/home/klinikamschloss/public_html/wp-content/uploads/sites/3/zahn-aufbau.jpg\",\"size\":\"full\",\"id\":933,\"alt\":\"Zahnimplantat: Zahn-Aufbau\",\"pixels\":174936,\"type\":\"image/jpeg\"}',NULL,1,NULL,'2022-08-30 11:08:14','2022-11-28 13:36:30',3,NULL,NULL,NULL,NULL,1,NULL,2,'2022-09-02 13:36:24','2022-08-30 11:08:14'),(155,'https://mein-zahnarzt-ueberlingen.de/wp-content/uploads/sites/3/3d-roentgen.jpg','105:c08cdd791e19989e890f511788944c03',935,'post','attachment',3,0,NULL,NULL,'3d-roentgen','inherit',0,0,0,NULL,NULL,NULL,NULL,0,0,NULL,0,NULL,NULL,NULL,NULL,'https://mein-zahnarzt-ueberlingen.de/wp-content/uploads/sites/3/3d-roentgen.jpg',NULL,'935','attachment-image',NULL,NULL,'https://mein-zahnarzt-ueberlingen.de/wp-content/uploads/sites/3/3d-roentgen.jpg','935','attachment-image','{\"width\":591,\"height\":296,\"url\":\"https://mein-zahnarzt-ueberlingen.de/wp-content/uploads/sites/3/3d-roentgen.jpg\",\"path\":\"/home/klinikamschloss/public_html/wp-content/uploads/sites/3/3d-roentgen.jpg\",\"size\":\"full\",\"id\":935,\"alt\":\"Frau lässt 3D-Röntgen machen.\",\"pixels\":174936,\"type\":\"image/jpeg\"}',NULL,1,NULL,'2022-08-30 11:09:47','2022-11-28 13:36:30',3,NULL,NULL,NULL,NULL,0,NULL,2,'2022-08-30 11:31:15','2022-08-30 11:09:47'),(156,'https://mein-zahnarzt-ueberlingen.de/wp-content/uploads/sites/3/alternative-zahnimplantate.jpg','120:ac333ec6bd3f7dcabdcd29234d46f923',936,'post','attachment',3,0,NULL,NULL,'alternative-zahnimplantate','inherit',0,0,0,NULL,NULL,NULL,NULL,0,0,NULL,0,NULL,NULL,NULL,NULL,'https://mein-zahnarzt-ueberlingen.de/wp-content/uploads/sites/3/alternative-zahnimplantate.jpg',NULL,'936','attachment-image',NULL,NULL,'https://mein-zahnarzt-ueberlingen.de/wp-content/uploads/sites/3/alternative-zahnimplantate.jpg','936','attachment-image','{\"width\":591,\"height\":296,\"url\":\"https://mein-zahnarzt-ueberlingen.de/wp-content/uploads/sites/3/alternative-zahnimplantate.jpg\",\"path\":\"/home/klinikamschloss/public_html/wp-content/uploads/sites/3/alternative-zahnimplantate.jpg\",\"size\":\"full\",\"id\":936,\"alt\":\"Symbolbild zum Thema Alternative für Zahnimplantate\",\"pixels\":174936,\"type\":\"image/jpeg\"}',NULL,1,NULL,'2022-08-30 11:09:47','2022-11-28 13:36:30',3,NULL,NULL,NULL,NULL,0,NULL,2,'2022-08-30 11:31:04','2022-08-30 11:09:47'),(157,'https://mein-zahnarzt-ueberlingen.de/wp-content/uploads/sites/3/beste-zahnklinik-fuer-implantate.jpg','126:394669cf3adcc1c6d7a38d4f689b299f',937,'post','attachment',3,0,NULL,NULL,'beste-zahnklinik-fuer-implantate','inherit',0,0,0,NULL,NULL,NULL,NULL,0,0,NULL,0,NULL,NULL,NULL,NULL,'https://mein-zahnarzt-ueberlingen.de/wp-content/uploads/sites/3/beste-zahnklinik-fuer-implantate.jpg',NULL,'937','attachment-image',NULL,NULL,'https://mein-zahnarzt-ueberlingen.de/wp-content/uploads/sites/3/beste-zahnklinik-fuer-implantate.jpg','937','attachment-image','{\"width\":591,\"height\":296,\"url\":\"https://mein-zahnarzt-ueberlingen.de/wp-content/uploads/sites/3/beste-zahnklinik-fuer-implantate.jpg\",\"path\":\"/home/klinikamschloss/public_html/wp-content/uploads/sites/3/beste-zahnklinik-fuer-implantate.jpg\",\"size\":\"full\",\"id\":937,\"alt\":\"Treffer: Die beste Zahnklinik für Implantate möchte die Klinik am Schloss sein.\",\"pixels\":174936,\"type\":\"image/jpeg\"}',NULL,0,NULL,'2022-08-30 11:09:47','2022-11-28 13:36:30',3,NULL,NULL,NULL,NULL,0,NULL,2,'2022-08-30 11:30:39','2022-08-30 11:09:47'),(158,'https://mein-zahnarzt-ueberlingen.de/wp-content/uploads/sites/3/essen-nach-zahnimplantat.jpg','118:0e2f31e6e27d7b11e5a3fc5b09d30d18',938,'post','attachment',3,0,NULL,NULL,'essen-nach-zahnimplantat','inherit',0,0,0,NULL,NULL,NULL,NULL,0,0,NULL,0,NULL,NULL,NULL,NULL,'https://mein-zahnarzt-ueberlingen.de/wp-content/uploads/sites/3/essen-nach-zahnimplantat.jpg',NULL,'938','attachment-image',NULL,NULL,'https://mein-zahnarzt-ueberlingen.de/wp-content/uploads/sites/3/essen-nach-zahnimplantat.jpg','938','attachment-image','{\"width\":591,\"height\":296,\"url\":\"https://mein-zahnarzt-ueberlingen.de/wp-content/uploads/sites/3/essen-nach-zahnimplantat.jpg\",\"path\":\"/home/klinikamschloss/public_html/wp-content/uploads/sites/3/essen-nach-zahnimplantat.jpg\",\"size\":\"full\",\"id\":938,\"alt\":\"Eintöpfe sind ein praktisches Essen nach Zahnimplantat-Insertion.\",\"pixels\":174936,\"type\":\"image/jpeg\"}',NULL,1,NULL,'2022-08-30 11:09:47','2022-11-28 13:36:30',3,NULL,NULL,NULL,NULL,0,NULL,2,'2022-08-30 11:30:00','2022-08-30 11:09:47'),(159,'https://mein-zahnarzt-ueberlingen.de/wp-content/uploads/sites/3/implantat-abutment.jpg','112:6ab54d75b428a7f359f0b6ee8f23d2f8',939,'post','attachment',3,0,NULL,NULL,'implantat-abutment','inherit',0,0,0,NULL,NULL,NULL,NULL,0,0,NULL,0,NULL,NULL,NULL,NULL,'https://mein-zahnarzt-ueberlingen.de/wp-content/uploads/sites/3/implantat-abutment.jpg',NULL,'939','attachment-image',NULL,NULL,'https://mein-zahnarzt-ueberlingen.de/wp-content/uploads/sites/3/implantat-abutment.jpg','939','attachment-image','{\"width\":591,\"height\":296,\"url\":\"https://mein-zahnarzt-ueberlingen.de/wp-content/uploads/sites/3/implantat-abutment.jpg\",\"path\":\"/home/klinikamschloss/public_html/wp-content/uploads/sites/3/implantat-abutment.jpg\",\"size\":\"full\",\"id\":939,\"alt\":\"Veranschaulichung von einem Implantat-Abutment\",\"pixels\":174936,\"type\":\"image/jpeg\"}',NULL,1,NULL,'2022-08-30 11:09:48','2022-11-28 13:36:30',3,NULL,NULL,NULL,NULL,0,NULL,2,'2022-08-30 11:29:35','2022-08-30 11:09:48'),(160,'https://mein-zahnarzt-ueberlingen.de/wp-content/uploads/sites/3/implantat-arten.jpg','109:d28cf9ad611e049dbb54038112ead005',940,'post','attachment',3,0,NULL,NULL,'implantat-arten','inherit',0,0,0,NULL,NULL,NULL,NULL,0,0,NULL,0,NULL,NULL,NULL,NULL,'https://mein-zahnarzt-ueberlingen.de/wp-content/uploads/sites/3/implantat-arten.jpg',NULL,'940','attachment-image',NULL,NULL,'https://mein-zahnarzt-ueberlingen.de/wp-content/uploads/sites/3/implantat-arten.jpg','940','attachment-image','{\"width\":591,\"height\":296,\"url\":\"https://mein-zahnarzt-ueberlingen.de/wp-content/uploads/sites/3/implantat-arten.jpg\",\"path\":\"/home/klinikamschloss/public_html/wp-content/uploads/sites/3/implantat-arten.jpg\",\"size\":\"full\",\"id\":940,\"alt\":\"Verschiedene Apfelsorten symbolisieren Implantat-Arten.\",\"pixels\":174936,\"type\":\"image/jpeg\"}',NULL,1,NULL,'2022-08-30 11:09:48','2022-11-28 13:36:30',3,NULL,NULL,NULL,NULL,0,NULL,2,'2022-08-30 11:29:09','2022-08-30 11:09:48'),(161,'https://mein-zahnarzt-ueberlingen.de/wp-content/uploads/sites/3/implantat-backenzahn.jpg','114:1db6edf7da602ce03950cf180909235a',941,'post','attachment',3,0,NULL,NULL,'implantat-backenzahn','inherit',0,0,0,NULL,NULL,NULL,NULL,0,0,NULL,0,NULL,NULL,NULL,NULL,'https://mein-zahnarzt-ueberlingen.de/wp-content/uploads/sites/3/implantat-backenzahn.jpg',NULL,'941','attachment-image',NULL,NULL,'https://mein-zahnarzt-ueberlingen.de/wp-content/uploads/sites/3/implantat-backenzahn.jpg','941','attachment-image','{\"width\":591,\"height\":296,\"url\":\"https://mein-zahnarzt-ueberlingen.de/wp-content/uploads/sites/3/implantat-backenzahn.jpg\",\"path\":\"/home/klinikamschloss/public_html/wp-content/uploads/sites/3/implantat-backenzahn.jpg\",\"size\":\"full\",\"id\":941,\"alt\":\"Schema von einem Implantat-Backenzahn\",\"pixels\":174936,\"type\":\"image/jpeg\"}',NULL,1,NULL,'2022-08-30 11:09:48','2022-11-28 13:36:30',3,NULL,NULL,NULL,NULL,0,NULL,2,'2022-08-30 11:28:54','2022-08-30 11:09:48'),(162,'https://mein-zahnarzt-ueberlingen.de/wp-content/uploads/sites/3/implantat-behandlung.jpg','114:214b220089792f794011521e08b68bf5',942,'post','attachment',3,0,NULL,NULL,'implantat-behandlung','inherit',0,0,0,NULL,NULL,NULL,NULL,0,0,NULL,0,NULL,NULL,NULL,NULL,'https://mein-zahnarzt-ueberlingen.de/wp-content/uploads/sites/3/implantat-behandlung.jpg',NULL,'942','attachment-image',NULL,NULL,'https://mein-zahnarzt-ueberlingen.de/wp-content/uploads/sites/3/implantat-behandlung.jpg','942','attachment-image','{\"width\":591,\"height\":285,\"url\":\"https://mein-zahnarzt-ueberlingen.de/wp-content/uploads/sites/3/implantat-behandlung.jpg\",\"path\":\"/home/klinikamschloss/public_html/wp-content/uploads/sites/3/implantat-behandlung.jpg\",\"size\":\"full\",\"id\":942,\"alt\":\"Mann erhält Implantat-Behandlung.\",\"pixels\":168435,\"type\":\"image/jpeg\"}',NULL,1,NULL,'2022-08-30 11:09:48','2022-11-28 13:36:30',3,NULL,NULL,NULL,NULL,0,NULL,2,'2022-08-30 11:28:40','2022-08-30 11:09:48'),(163,'https://mein-zahnarzt-ueberlingen.de/wp-content/uploads/sites/3/implantate-bisphosphonattherapie.jpg','126:d781a7b2469565caacaf0e177e25dd3b',943,'post','attachment',3,0,NULL,NULL,'implantate-bisphosphonattherapie','inherit',0,0,0,NULL,NULL,NULL,NULL,0,0,NULL,0,NULL,NULL,NULL,NULL,'https://mein-zahnarzt-ueberlingen.de/wp-content/uploads/sites/3/implantate-bisphosphonattherapie.jpg',NULL,'943','attachment-image',NULL,NULL,'https://mein-zahnarzt-ueberlingen.de/wp-content/uploads/sites/3/implantate-bisphosphonattherapie.jpg','943','attachment-image','{\"width\":591,\"height\":296,\"url\":\"https://mein-zahnarzt-ueberlingen.de/wp-content/uploads/sites/3/implantate-bisphosphonattherapie.jpg\",\"path\":\"/home/klinikamschloss/public_html/wp-content/uploads/sites/3/implantate-bisphosphonattherapie.jpg\",\"size\":\"full\",\"id\":943,\"alt\":\"Ärztin untersucht, ob Implantate trotz Biphosphomnattherapie möglich sind.\",\"pixels\":174936,\"type\":\"image/jpeg\"}',NULL,1,NULL,'2022-08-30 11:09:49','2022-11-28 13:36:30',3,NULL,NULL,NULL,NULL,0,NULL,2,'2022-08-30 11:28:28','2022-08-30 11:09:49'),(164,'https://mein-zahnarzt-ueberlingen.de/wp-content/uploads/sites/3/implantate-herz-kreislauf-erkrankungen.jpg','132:b51f776cc56ad4f84bfbc77ea8593fb5',944,'post','attachment',3,0,NULL,NULL,'implantate-herz-kreislauf-erkrankungen','inherit',0,0,0,NULL,NULL,NULL,NULL,0,0,NULL,0,NULL,NULL,NULL,NULL,'https://mein-zahnarzt-ueberlingen.de/wp-content/uploads/sites/3/implantate-herz-kreislauf-erkrankungen.jpg',NULL,'944','attachment-image',NULL,NULL,'https://mein-zahnarzt-ueberlingen.de/wp-content/uploads/sites/3/implantate-herz-kreislauf-erkrankungen.jpg','944','attachment-image','{\"width\":1200,\"height\":600,\"url\":\"https://mein-zahnarzt-ueberlingen.de/wp-content/uploads/sites/3/implantate-herz-kreislauf-erkrankungen.jpg\",\"path\":\"/home/klinikamschloss/public_html/wp-content/uploads/sites/3/implantate-herz-kreislauf-erkrankungen.jpg\",\"size\":\"full\",\"id\":944,\"alt\":\"Herzlinie symbolisiert Implantate bei Herz-Kreislauf-Erkrankungen.\",\"pixels\":720000,\"type\":\"image/jpeg\"}',NULL,1,NULL,'2022-08-30 11:09:49','2022-11-28 13:36:30',3,NULL,NULL,NULL,NULL,0,NULL,2,'2022-08-30 11:28:06','2022-08-30 11:09:49'),(165,'https://mein-zahnarzt-ueberlingen.de/wp-content/uploads/sites/3/implantate-kortisontherapie.jpg','121:7fddb2a3493da6477f4dfa73d3f0874a',945,'post','attachment',3,0,NULL,NULL,'implantate-kortisontherapie','inherit',0,0,0,NULL,NULL,NULL,NULL,0,0,NULL,0,NULL,NULL,NULL,NULL,'https://mein-zahnarzt-ueberlingen.de/wp-content/uploads/sites/3/implantate-kortisontherapie.jpg',NULL,'945','attachment-image',NULL,NULL,'https://mein-zahnarzt-ueberlingen.de/wp-content/uploads/sites/3/implantate-kortisontherapie.jpg','945','attachment-image','{\"width\":591,\"height\":296,\"url\":\"https://mein-zahnarzt-ueberlingen.de/wp-content/uploads/sites/3/implantate-kortisontherapie.jpg\",\"path\":\"/home/klinikamschloss/public_html/wp-content/uploads/sites/3/implantate-kortisontherapie.jpg\",\"size\":\"full\",\"id\":945,\"alt\":\"Der schriftzug Autoimmune Desease symbolisiert Implantate trotz Kortisontherapie.\",\"pixels\":174936,\"type\":\"image/jpeg\"}',NULL,1,NULL,'2022-08-30 11:09:49','2022-11-28 13:36:30',3,NULL,NULL,NULL,NULL,0,NULL,2,'2022-08-30 11:24:45','2022-08-30 11:09:49'),(166,'https://mein-zahnarzt-ueberlingen.de/wp-content/uploads/sites/3/implantate-multople-systremische-erkrankungen.jpg','139:06cd588591c85ee71302d2a003f9dd51',946,'post','attachment',3,0,NULL,NULL,'implantate-multiple-systremische-erkrankungen','inherit',0,0,0,NULL,NULL,NULL,NULL,0,0,NULL,0,NULL,NULL,NULL,NULL,'https://mein-zahnarzt-ueberlingen.de/wp-content/uploads/sites/3/implantate-multople-systremische-erkrankungen.jpg',NULL,'946','attachment-image',NULL,NULL,'https://mein-zahnarzt-ueberlingen.de/wp-content/uploads/sites/3/implantate-multople-systremische-erkrankungen.jpg','946','attachment-image','{\"width\":591,\"height\":296,\"url\":\"https://mein-zahnarzt-ueberlingen.de/wp-content/uploads/sites/3/implantate-multople-systremische-erkrankungen.jpg\",\"path\":\"/home/klinikamschloss/public_html/wp-content/uploads/sites/3/implantate-multople-systremische-erkrankungen.jpg\",\"size\":\"full\",\"id\":946,\"alt\":\"Frau hat Implantate und multiple systemische Erkrankungen.\",\"pixels\":174936,\"type\":\"image/jpeg\"}',NULL,1,NULL,'2022-08-30 11:09:49','2022-11-28 13:36:30',3,NULL,NULL,NULL,NULL,0,NULL,2,'2022-08-30 11:24:13','2022-08-30 11:09:49'),(167,'https://mein-zahnarzt-ueberlingen.de/wp-content/uploads/sites/3/implantat-entfernen.jpg','113:81a967eaa55ee869dc4aaa04f7bd43cc',947,'post','attachment',3,0,NULL,NULL,'implantat-entfernen','inherit',0,0,0,NULL,NULL,NULL,NULL,0,0,NULL,0,NULL,NULL,NULL,NULL,'https://mein-zahnarzt-ueberlingen.de/wp-content/uploads/sites/3/implantat-entfernen.jpg',NULL,'947','attachment-image',NULL,NULL,'https://mein-zahnarzt-ueberlingen.de/wp-content/uploads/sites/3/implantat-entfernen.jpg','947','attachment-image','{\"width\":591,\"height\":296,\"url\":\"https://mein-zahnarzt-ueberlingen.de/wp-content/uploads/sites/3/implantat-entfernen.jpg\",\"path\":\"/home/klinikamschloss/public_html/wp-content/uploads/sites/3/implantat-entfernen.jpg\",\"size\":\"full\",\"id\":947,\"alt\":\"Zettel auf dem Goodbye steht, symbolisiert, dass man manchmal ein Implantat entfernen muss.\",\"pixels\":174936,\"type\":\"image/jpeg\"}',NULL,1,NULL,'2022-08-30 11:09:50','2022-11-28 13:36:30',3,NULL,NULL,NULL,NULL,0,NULL,2,'2022-08-30 11:23:53','2022-08-30 11:09:50'),(168,'https://mein-zahnarzt-ueberlingen.de/wp-content/uploads/sites/3/implantate-stoffwechselerkrankungen.jpg','129:9906e93f8336f59c08938f82caf48ec2',948,'post','attachment',3,0,NULL,NULL,'implantate-stoffwechselerkrankungen','inherit',0,0,0,NULL,NULL,NULL,NULL,0,0,NULL,0,NULL,NULL,NULL,NULL,'https://mein-zahnarzt-ueberlingen.de/wp-content/uploads/sites/3/implantate-stoffwechselerkrankungen.jpg',NULL,'948','attachment-image',NULL,NULL,'https://mein-zahnarzt-ueberlingen.de/wp-content/uploads/sites/3/implantate-stoffwechselerkrankungen.jpg','948','attachment-image','{\"width\":591,\"height\":296,\"url\":\"https://mein-zahnarzt-ueberlingen.de/wp-content/uploads/sites/3/implantate-stoffwechselerkrankungen.jpg\",\"path\":\"/home/klinikamschloss/public_html/wp-content/uploads/sites/3/implantate-stoffwechselerkrankungen.jpg\",\"size\":\"full\",\"id\":948,\"alt\":\"Mediznisches Modell symbolisiert das Thema Implantate und Stoffwechselerkrankungen.\",\"pixels\":174936,\"type\":\"image/jpeg\"}',NULL,1,NULL,'2022-08-30 11:09:50','2022-11-28 13:36:30',3,NULL,NULL,NULL,NULL,0,NULL,2,'2022-08-30 11:23:28','2022-08-30 11:09:50'),(169,'https://mein-zahnarzt-ueberlingen.de/wp-content/uploads/sites/3/implantate-trotz-cmd.jpg','114:7cc6f97c2f5dd50301a35558205b37bf',949,'post','attachment',3,0,NULL,NULL,'implantate-trotz-cmd','inherit',0,0,0,NULL,NULL,NULL,NULL,0,0,NULL,0,NULL,NULL,NULL,NULL,'https://mein-zahnarzt-ueberlingen.de/wp-content/uploads/sites/3/implantate-trotz-cmd.jpg',NULL,'949','attachment-image',NULL,NULL,'https://mein-zahnarzt-ueberlingen.de/wp-content/uploads/sites/3/implantate-trotz-cmd.jpg','949','attachment-image','{\"width\":591,\"height\":296,\"url\":\"https://mein-zahnarzt-ueberlingen.de/wp-content/uploads/sites/3/implantate-trotz-cmd.jpg\",\"path\":\"/home/klinikamschloss/public_html/wp-content/uploads/sites/3/implantate-trotz-cmd.jpg\",\"size\":\"full\",\"id\":949,\"alt\":\"Senior hat Implantate trotz CMD.\",\"pixels\":174936,\"type\":\"image/jpeg\"}',NULL,1,NULL,'2022-08-30 11:09:50','2022-11-28 13:36:30',3,NULL,NULL,NULL,NULL,0,NULL,2,'2022-08-30 11:23:06','2022-08-30 11:09:50'),(170,'https://mein-zahnarzt-ueberlingen.de/wp-content/uploads/sites/3/implantate-trotz-zahnfleischentzuendung.jpg','133:a67389dca74e4b3273fc81ec0930059c',950,'post','attachment',3,0,NULL,NULL,'implantate-trotz-zahnfleischentzuendung','inherit',0,0,0,NULL,NULL,NULL,NULL,0,0,NULL,0,NULL,NULL,NULL,NULL,'https://mein-zahnarzt-ueberlingen.de/wp-content/uploads/sites/3/implantate-trotz-zahnfleischentzuendung.jpg',NULL,'950','attachment-image',NULL,NULL,'https://mein-zahnarzt-ueberlingen.de/wp-content/uploads/sites/3/implantate-trotz-zahnfleischentzuendung.jpg','950','attachment-image','{\"width\":591,\"height\":296,\"url\":\"https://mein-zahnarzt-ueberlingen.de/wp-content/uploads/sites/3/implantate-trotz-zahnfleischentzuendung.jpg\",\"path\":\"/home/klinikamschloss/public_html/wp-content/uploads/sites/3/implantate-trotz-zahnfleischentzuendung.jpg\",\"size\":\"full\",\"id\":950,\"alt\":\"Paar mit Zahnseide: Implantate trotz Zahnfleischentzündung.\",\"pixels\":174936,\"type\":\"image/jpeg\"}',NULL,1,NULL,'2022-08-30 11:09:50','2022-11-28 13:36:30',3,NULL,NULL,NULL,NULL,0,NULL,2,'2022-08-30 11:22:54','2022-08-30 11:09:50'),(171,'https://mein-zahnarzt-ueberlingen.de/wp-content/uploads/sites/3/implantation-schmerzen.jpg','116:290cf0c3cdc7bdcabfe4ddbf43fbfde2',951,'post','attachment',3,0,NULL,NULL,'implantation-schmerzen','inherit',0,0,0,NULL,NULL,NULL,NULL,0,0,NULL,0,NULL,NULL,NULL,NULL,'https://mein-zahnarzt-ueberlingen.de/wp-content/uploads/sites/3/implantation-schmerzen.jpg',NULL,'951','attachment-image',NULL,NULL,'https://mein-zahnarzt-ueberlingen.de/wp-content/uploads/sites/3/implantation-schmerzen.jpg','951','attachment-image','{\"width\":591,\"height\":296,\"url\":\"https://mein-zahnarzt-ueberlingen.de/wp-content/uploads/sites/3/implantation-schmerzen.jpg\",\"path\":\"/home/klinikamschloss/public_html/wp-content/uploads/sites/3/implantation-schmerzen.jpg\",\"size\":\"full\",\"id\":951,\"alt\":\"Älteres Paar ruht sich aus nach Implantation, um Schmerzen zu vermeiden.\",\"pixels\":174936,\"type\":\"image/jpeg\"}',NULL,1,NULL,'2022-08-30 11:09:51','2022-11-28 13:36:30',3,NULL,NULL,NULL,NULL,0,NULL,2,'2022-08-30 11:22:21','2022-08-30 11:09:51'),(172,'https://mein-zahnarzt-ueberlingen.de/wp-content/uploads/sites/3/implantat-schneidezahn.jpg','116:4815ea43783243a0a193e8fc50c58da5',952,'post','attachment',3,0,NULL,NULL,'implantat-schneidezahn','inherit',0,0,0,NULL,NULL,NULL,NULL,0,0,NULL,0,NULL,NULL,NULL,NULL,'https://mein-zahnarzt-ueberlingen.de/wp-content/uploads/sites/3/implantat-schneidezahn.jpg',NULL,'952','attachment-image',NULL,NULL,'https://mein-zahnarzt-ueberlingen.de/wp-content/uploads/sites/3/implantat-schneidezahn.jpg','952','attachment-image','{\"width\":591,\"height\":296,\"url\":\"https://mein-zahnarzt-ueberlingen.de/wp-content/uploads/sites/3/implantat-schneidezahn.jpg\",\"path\":\"/home/klinikamschloss/public_html/wp-content/uploads/sites/3/implantat-schneidezahn.jpg\",\"size\":\"full\",\"id\":952,\"alt\":\"Modell mit Implantat-Schneidezahn\",\"pixels\":174936,\"type\":\"image/jpeg\"}',NULL,1,NULL,'2022-08-30 11:09:51','2022-11-28 13:36:30',3,NULL,NULL,NULL,NULL,0,NULL,2,'2022-08-30 11:22:03','2022-08-30 11:09:51'),(173,'https://mein-zahnarzt-ueberlingen.de/wp-content/uploads/sites/3/implantat-zahn.jpg','108:dbbeda313d921a523d59fa05703b71f6',953,'post','attachment',3,0,NULL,NULL,'implantat-zahn','inherit',0,0,0,NULL,NULL,NULL,NULL,0,0,NULL,0,NULL,NULL,NULL,NULL,'https://mein-zahnarzt-ueberlingen.de/wp-content/uploads/sites/3/implantat-zahn.jpg',NULL,'953','attachment-image',NULL,NULL,'https://mein-zahnarzt-ueberlingen.de/wp-content/uploads/sites/3/implantat-zahn.jpg','953','attachment-image','{\"width\":591,\"height\":296,\"url\":\"https://mein-zahnarzt-ueberlingen.de/wp-content/uploads/sites/3/implantat-zahn.jpg\",\"path\":\"/home/klinikamschloss/public_html/wp-content/uploads/sites/3/implantat-zahn.jpg\",\"size\":\"full\",\"id\":953,\"alt\":\"Zahnimplantat: Farbbestimmung\",\"pixels\":174936,\"type\":\"image/jpeg\"}',NULL,1,NULL,'2022-08-30 11:09:51','2022-11-28 13:36:30',3,NULL,NULL,NULL,NULL,0,NULL,2,'2022-09-02 13:36:51','2022-08-30 11:09:51'),(174,'https://mein-zahnarzt-ueberlingen.de/wp-content/uploads/sites/3/intraoralscanner.jpg','110:7a87e984201a5a5a00bbf776d0e59bcd',954,'post','attachment',3,0,NULL,NULL,'intraoralscanner','inherit',0,0,0,NULL,NULL,NULL,NULL,0,0,NULL,0,NULL,NULL,NULL,NULL,'https://mein-zahnarzt-ueberlingen.de/wp-content/uploads/sites/3/intraoralscanner.jpg',NULL,'954','attachment-image',NULL,NULL,'https://mein-zahnarzt-ueberlingen.de/wp-content/uploads/sites/3/intraoralscanner.jpg','954','attachment-image','{\"width\":591,\"height\":296,\"url\":\"https://mein-zahnarzt-ueberlingen.de/wp-content/uploads/sites/3/intraoralscanner.jpg\",\"path\":\"/home/klinikamschloss/public_html/wp-content/uploads/sites/3/intraoralscanner.jpg\",\"size\":\"full\",\"id\":954,\"alt\":\"Intraoralscanner\",\"pixels\":174936,\"type\":\"image/jpeg\"}',NULL,1,NULL,'2022-08-30 11:09:51','2022-11-28 13:36:30',3,NULL,NULL,NULL,NULL,0,NULL,2,'2022-08-30 11:21:31','2022-08-30 11:09:51'),(175,'https://mein-zahnarzt-ueberlingen.de/wp-content/uploads/sites/3/in-welchem-alter-zahnimplantate.jpg','125:ff56cb757fe29065a06e62d4d10fd35d',955,'post','attachment',3,0,NULL,NULL,'in-welchem-alter-zahnimplantate','inherit',0,0,0,NULL,NULL,NULL,NULL,0,0,NULL,0,NULL,NULL,NULL,NULL,'https://mein-zahnarzt-ueberlingen.de/wp-content/uploads/sites/3/in-welchem-alter-zahnimplantate.jpg',NULL,'955','attachment-image',NULL,NULL,'https://mein-zahnarzt-ueberlingen.de/wp-content/uploads/sites/3/in-welchem-alter-zahnimplantate.jpg','955','attachment-image','{\"width\":1200,\"height\":600,\"url\":\"https://mein-zahnarzt-ueberlingen.de/wp-content/uploads/sites/3/in-welchem-alter-zahnimplantate.jpg\",\"path\":\"/home/klinikamschloss/public_html/wp-content/uploads/sites/3/in-welchem-alter-zahnimplantate.jpg\",\"size\":\"full\",\"id\":955,\"alt\":\"Junges Paar fragt sich, in welchem Alter Zahnimplantate sinnvoll sind.\",\"pixels\":720000,\"type\":\"image/jpeg\"}',NULL,1,NULL,'2022-08-30 11:09:52','2022-11-28 13:36:30',3,NULL,NULL,NULL,NULL,0,NULL,2,'2022-08-30 11:21:24','2022-08-30 11:09:52'),(176,'https://mein-zahnarzt-ueberlingen.de/wp-content/uploads/sites/3/kieferknochenaufbau.jpg','113:63204866d2059e1c5c75018f958b2c17',956,'post','attachment',3,0,NULL,NULL,'kieferknochenaufbau','inherit',0,0,0,NULL,NULL,NULL,NULL,0,0,NULL,0,NULL,NULL,NULL,NULL,'https://mein-zahnarzt-ueberlingen.de/wp-content/uploads/sites/3/kieferknochenaufbau.jpg',NULL,'956','attachment-image',NULL,NULL,'https://mein-zahnarzt-ueberlingen.de/wp-content/uploads/sites/3/kieferknochenaufbau.jpg','956','attachment-image','{\"width\":591,\"height\":296,\"url\":\"https://mein-zahnarzt-ueberlingen.de/wp-content/uploads/sites/3/kieferknochenaufbau.jpg\",\"path\":\"/home/klinikamschloss/public_html/wp-content/uploads/sites/3/kieferknochenaufbau.jpg\",\"size\":\"full\",\"id\":956,\"alt\":\"Baum mit starker Wurzel symbolisiert Kieferknochenaufbau.\",\"pixels\":174936,\"type\":\"image/jpeg\"}',NULL,1,NULL,'2022-08-30 11:09:52','2022-11-28 13:36:30',3,NULL,NULL,NULL,NULL,0,NULL,2,'2022-08-30 11:21:03','2022-08-30 11:09:52'),(177,'https://mein-zahnarzt-ueberlingen.de/wp-content/uploads/sites/3/krankheiten-implantate.jpg','116:f289e9822449e35323cddd1429eb3f35',957,'post','attachment',3,0,NULL,NULL,'krankheiten-implantate','inherit',0,0,0,NULL,NULL,NULL,NULL,0,0,NULL,0,NULL,NULL,NULL,NULL,'https://mein-zahnarzt-ueberlingen.de/wp-content/uploads/sites/3/krankheiten-implantate.jpg',NULL,'957','attachment-image',NULL,NULL,'https://mein-zahnarzt-ueberlingen.de/wp-content/uploads/sites/3/krankheiten-implantate.jpg','957','attachment-image','{\"width\":591,\"height\":296,\"url\":\"https://mein-zahnarzt-ueberlingen.de/wp-content/uploads/sites/3/krankheiten-implantate.jpg\",\"path\":\"/home/klinikamschloss/public_html/wp-content/uploads/sites/3/krankheiten-implantate.jpg\",\"size\":\"full\",\"id\":957,\"alt\":\"Dass Implantate Krankehiten verursachen, befürchtet dieser Mann.\",\"pixels\":174936,\"type\":\"image/jpeg\"}',NULL,1,NULL,'2022-08-30 11:09:52','2022-11-28 13:36:30',3,NULL,NULL,NULL,NULL,0,NULL,2,'2022-08-30 11:20:46','2022-08-30 11:09:52'),(178,'https://mein-zahnarzt-ueberlingen.de/wp-content/uploads/sites/3/kuenstliches-zahnfleisch.jpg','118:3cb2ae74b4c92faaa481fb328b974cb6',958,'post','attachment',3,0,NULL,NULL,'kuenstliches-zahnfleisch','inherit',0,0,0,NULL,NULL,NULL,NULL,0,0,NULL,0,NULL,NULL,NULL,NULL,'https://mein-zahnarzt-ueberlingen.de/wp-content/uploads/sites/3/kuenstliches-zahnfleisch.jpg',NULL,'958','attachment-image',NULL,NULL,'https://mein-zahnarzt-ueberlingen.de/wp-content/uploads/sites/3/kuenstliches-zahnfleisch.jpg','958','attachment-image','{\"width\":591,\"height\":296,\"url\":\"https://mein-zahnarzt-ueberlingen.de/wp-content/uploads/sites/3/kuenstliches-zahnfleisch.jpg\",\"path\":\"/home/klinikamschloss/public_html/wp-content/uploads/sites/3/kuenstliches-zahnfleisch.jpg\",\"size\":\"full\",\"id\":958,\"alt\":\"Frau zeigt ihr künstliches Zahnfleisch.\",\"pixels\":174936,\"type\":\"image/jpeg\"}',NULL,1,NULL,'2022-08-30 11:09:52','2022-11-28 13:36:30',3,NULL,NULL,NULL,NULL,0,NULL,2,'2022-08-30 11:20:25','2022-08-30 11:09:52'),(179,'https://mein-zahnarzt-ueberlingen.de/wp-content/uploads/sites/3/mini-implantate.jpg','109:339758c7fbcea13512c3669966d0b07e',959,'post','attachment',3,0,NULL,NULL,'mini-implantate','inherit',0,0,0,NULL,NULL,NULL,NULL,0,0,NULL,0,NULL,NULL,NULL,NULL,'https://mein-zahnarzt-ueberlingen.de/wp-content/uploads/sites/3/mini-implantate.jpg',NULL,'959','attachment-image',NULL,NULL,'https://mein-zahnarzt-ueberlingen.de/wp-content/uploads/sites/3/mini-implantate.jpg','959','attachment-image','{\"width\":591,\"height\":296,\"url\":\"https://mein-zahnarzt-ueberlingen.de/wp-content/uploads/sites/3/mini-implantate.jpg\",\"path\":\"/home/klinikamschloss/public_html/wp-content/uploads/sites/3/mini-implantate.jpg\",\"size\":\"full\",\"id\":959,\"alt\":\"Knirps mit Hanteln symbolisert Mini-Implantate.\",\"pixels\":174936,\"type\":\"image/jpeg\"}',NULL,1,NULL,'2022-08-30 11:09:53','2022-11-28 13:36:30',3,NULL,NULL,NULL,NULL,0,NULL,2,'2022-08-30 11:20:12','2022-08-30 11:09:53'),(180,'https://mein-zahnarzt-ueberlingen.de/wp-content/uploads/sites/3/navigierte-implantologie.jpg','118:a308f42f2fe0790405cec1dfad312802',960,'post','attachment',3,0,NULL,NULL,'navigierte-implantologie','inherit',0,0,0,NULL,NULL,NULL,NULL,0,0,NULL,0,NULL,NULL,NULL,NULL,'https://mein-zahnarzt-ueberlingen.de/wp-content/uploads/sites/3/navigierte-implantologie.jpg',NULL,'960','attachment-image',NULL,NULL,'https://mein-zahnarzt-ueberlingen.de/wp-content/uploads/sites/3/navigierte-implantologie.jpg','960','attachment-image','{\"width\":591,\"height\":296,\"url\":\"https://mein-zahnarzt-ueberlingen.de/wp-content/uploads/sites/3/navigierte-implantologie.jpg\",\"path\":\"/home/klinikamschloss/public_html/wp-content/uploads/sites/3/navigierte-implantologie.jpg\",\"size\":\"full\",\"id\":960,\"alt\":\"Implantat und Kompass symbolisieren navigierte Implantologie.\",\"pixels\":174936,\"type\":\"image/jpeg\"}',NULL,1,NULL,'2022-08-30 11:09:53','2022-11-28 13:36:30',3,NULL,NULL,NULL,NULL,0,NULL,2,'2022-08-30 11:19:56','2022-08-30 11:09:53'),(181,'https://mein-zahnarzt-ueberlingen.de/wp-content/uploads/sites/3/periimplantitis.jpg','109:062aae237e3f0b8ed0dfc0956d62e0de',961,'post','attachment',3,0,NULL,NULL,'periimplantitis','inherit',0,0,0,NULL,NULL,NULL,NULL,0,0,NULL,0,NULL,NULL,NULL,NULL,'https://mein-zahnarzt-ueberlingen.de/wp-content/uploads/sites/3/periimplantitis.jpg',NULL,'961','attachment-image',NULL,NULL,'https://mein-zahnarzt-ueberlingen.de/wp-content/uploads/sites/3/periimplantitis.jpg','961','attachment-image','{\"width\":1200,\"height\":600,\"url\":\"https://mein-zahnarzt-ueberlingen.de/wp-content/uploads/sites/3/periimplantitis.jpg\",\"path\":\"/home/klinikamschloss/public_html/wp-content/uploads/sites/3/periimplantitis.jpg\",\"size\":\"full\",\"id\":961,\"alt\":\"Frauenmund ohne Periimplantitis\",\"pixels\":720000,\"type\":\"image/jpeg\"}',NULL,1,NULL,'2022-08-30 11:09:53','2022-11-28 13:36:30',3,NULL,NULL,NULL,NULL,0,NULL,2,'2022-08-30 11:19:36','2022-08-30 11:09:53'),(182,'https://mein-zahnarzt-ueberlingen.de/wp-content/uploads/sites/3/rauchen-implantate.jpg','112:245de457f338a0519646311518521055',962,'post','attachment',3,0,NULL,NULL,'rauchen-implantate','inherit',0,0,0,NULL,NULL,NULL,NULL,0,0,NULL,0,NULL,NULL,NULL,NULL,'https://mein-zahnarzt-ueberlingen.de/wp-content/uploads/sites/3/rauchen-implantate.jpg',NULL,'962','attachment-image',NULL,NULL,'https://mein-zahnarzt-ueberlingen.de/wp-content/uploads/sites/3/rauchen-implantate.jpg','962','attachment-image','{\"width\":1200,\"height\":600,\"url\":\"https://mein-zahnarzt-ueberlingen.de/wp-content/uploads/sites/3/rauchen-implantate.jpg\",\"path\":\"/home/klinikamschloss/public_html/wp-content/uploads/sites/3/rauchen-implantate.jpg\",\"size\":\"full\",\"id\":962,\"alt\":\"Paar überlegt, ob Rauchen Implantate ausschließt.\",\"pixels\":720000,\"type\":\"image/jpeg\"}',NULL,1,NULL,'2022-08-30 11:09:54','2022-11-28 13:36:30',3,NULL,NULL,NULL,NULL,0,NULL,2,'2022-08-30 11:19:22','2022-08-30 11:09:54'),(183,'https://mein-zahnarzt-ueberlingen.de/wp-content/uploads/sites/3/wie-viele-implantate.jpg','114:cd0456aefd551e9ca865e4f4e9bf055b',963,'post','attachment',3,0,NULL,NULL,'wie-viele-implantate','inherit',0,0,0,NULL,NULL,NULL,NULL,0,0,NULL,0,NULL,NULL,NULL,NULL,'https://mein-zahnarzt-ueberlingen.de/wp-content/uploads/sites/3/wie-viele-implantate.jpg',NULL,'963','attachment-image',NULL,NULL,'https://mein-zahnarzt-ueberlingen.de/wp-content/uploads/sites/3/wie-viele-implantate.jpg','963','attachment-image','{\"width\":591,\"height\":296,\"url\":\"https://mein-zahnarzt-ueberlingen.de/wp-content/uploads/sites/3/wie-viele-implantate.jpg\",\"path\":\"/home/klinikamschloss/public_html/wp-content/uploads/sites/3/wie-viele-implantate.jpg\",\"size\":\"full\",\"id\":963,\"alt\":\"Modell zeigt, wie viele Implantate man braucht.\",\"pixels\":174936,\"type\":\"image/jpeg\"}',NULL,1,NULL,'2022-08-30 11:09:54','2022-11-28 13:36:30',3,NULL,NULL,NULL,NULL,0,NULL,2,'2022-08-30 11:19:09','2022-08-30 11:09:54'),(184,'https://mein-zahnarzt-ueberlingen.de/wp-content/uploads/sites/3/zahnarzt-zahnimplantate.jpg','117:2ac7cae44e3553e85a4483aa7424fe08',964,'post','attachment',3,0,NULL,NULL,'zahnarzt-zahnimplantate','inherit',0,0,0,NULL,NULL,NULL,NULL,0,0,NULL,0,NULL,NULL,NULL,NULL,'https://mein-zahnarzt-ueberlingen.de/wp-content/uploads/sites/3/zahnarzt-zahnimplantate.jpg',NULL,'964','attachment-image',NULL,NULL,'https://mein-zahnarzt-ueberlingen.de/wp-content/uploads/sites/3/zahnarzt-zahnimplantate.jpg','964','attachment-image','{\"width\":591,\"height\":296,\"url\":\"https://mein-zahnarzt-ueberlingen.de/wp-content/uploads/sites/3/zahnarzt-zahnimplantate.jpg\",\"path\":\"/home/klinikamschloss/public_html/wp-content/uploads/sites/3/zahnarzt-zahnimplantate.jpg\",\"size\":\"full\",\"id\":964,\"alt\":\"Zahnarzt: Zahnimplantate darf wie diese Zahnärztin jeder setzen.\",\"pixels\":174936,\"type\":\"image/jpeg\"}',NULL,1,NULL,'2022-08-30 11:09:54','2022-11-28 13:36:30',3,NULL,NULL,NULL,NULL,0,NULL,2,'2022-08-30 11:18:51','2022-08-30 11:09:54'),(185,'https://mein-zahnarzt-ueberlingen.de/wp-content/uploads/sites/3/zahnersatz-vollkeramik.jpg','116:75be79d3314cea1cbce8b46dd6b50c90',965,'post','attachment',3,0,NULL,NULL,'zahnersatz-vollkeramik','inherit',0,0,0,NULL,NULL,NULL,NULL,0,0,NULL,0,NULL,NULL,NULL,NULL,'https://mein-zahnarzt-ueberlingen.de/wp-content/uploads/sites/3/zahnersatz-vollkeramik.jpg',NULL,'965','attachment-image',NULL,NULL,'https://mein-zahnarzt-ueberlingen.de/wp-content/uploads/sites/3/zahnersatz-vollkeramik.jpg','965','attachment-image','{\"width\":591,\"height\":296,\"url\":\"https://mein-zahnarzt-ueberlingen.de/wp-content/uploads/sites/3/zahnersatz-vollkeramik.jpg\",\"path\":\"/home/klinikamschloss/public_html/wp-content/uploads/sites/3/zahnersatz-vollkeramik.jpg\",\"size\":\"full\",\"id\":965,\"alt\":\"Zahnersatz aus Vollkeramik\",\"pixels\":174936,\"type\":\"image/jpeg\"}',NULL,1,NULL,'2022-08-30 11:09:54','2022-11-28 13:36:30',3,NULL,NULL,NULL,NULL,0,NULL,2,'2022-08-30 11:18:15','2022-08-30 11:09:54'),(186,'https://mein-zahnarzt-ueberlingen.de/wp-content/uploads/sites/3/zahnersatz-zahnimplantat.jpg','118:1e205329800f494e68416e6c7b563a37',966,'post','attachment',3,0,NULL,NULL,'zahnersatz-zahnimplantat','inherit',0,0,0,NULL,NULL,NULL,NULL,0,0,NULL,0,NULL,NULL,NULL,NULL,'https://mein-zahnarzt-ueberlingen.de/wp-content/uploads/sites/3/zahnersatz-zahnimplantat.jpg',NULL,'966','attachment-image',NULL,NULL,'https://mein-zahnarzt-ueberlingen.de/wp-content/uploads/sites/3/zahnersatz-zahnimplantat.jpg','966','attachment-image','{\"width\":591,\"height\":296,\"url\":\"https://mein-zahnarzt-ueberlingen.de/wp-content/uploads/sites/3/zahnersatz-zahnimplantat.jpg\",\"path\":\"/home/klinikamschloss/public_html/wp-content/uploads/sites/3/zahnersatz-zahnimplantat.jpg\",\"size\":\"full\",\"id\":966,\"alt\":\"Zahnersatz auf einem Zahnimplantat kann eine Prothese sein.\",\"pixels\":174936,\"type\":\"image/jpeg\"}',NULL,NULL,NULL,'2022-08-30 11:09:55','2022-11-28 13:36:30',3,NULL,NULL,NULL,NULL,0,NULL,2,'2022-08-30 11:18:08','2022-08-30 11:09:55'),(187,'https://mein-zahnarzt-ueberlingen.de/wp-content/uploads/sites/3/zahnimplantat-ablauf.jpg','114:f01342ef992dd2e125990b0c61d4b74a',967,'post','attachment',3,0,NULL,NULL,'zahnimplantat-ablauf','inherit',0,0,0,NULL,NULL,NULL,NULL,0,0,NULL,0,NULL,NULL,NULL,NULL,'https://mein-zahnarzt-ueberlingen.de/wp-content/uploads/sites/3/zahnimplantat-ablauf.jpg',NULL,'967','attachment-image',NULL,NULL,'https://mein-zahnarzt-ueberlingen.de/wp-content/uploads/sites/3/zahnimplantat-ablauf.jpg','967','attachment-image','{\"width\":591,\"height\":296,\"url\":\"https://mein-zahnarzt-ueberlingen.de/wp-content/uploads/sites/3/zahnimplantat-ablauf.jpg\",\"path\":\"/home/klinikamschloss/public_html/wp-content/uploads/sites/3/zahnimplantat-ablauf.jpg\",\"size\":\"full\",\"id\":967,\"alt\":\"Patient blickt in Spiegel und freut sich über sein Zahnimplantat - Ablauf der Behandlung abgeschlossen.\",\"pixels\":174936,\"type\":\"image/jpeg\"}',NULL,1,NULL,'2022-08-30 11:09:55','2022-11-28 13:36:30',3,NULL,NULL,NULL,NULL,0,NULL,2,'2022-08-30 11:17:52','2022-08-30 11:09:55'),(188,'https://mein-zahnarzt-ueberlingen.de/wp-content/uploads/sites/3/zahnimplantate-ablauf.jpg','115:f180d6d8d7c042a97fef3b812625c1a4',968,'post','attachment',3,0,NULL,NULL,'zahnimplantate-ablauf','inherit',0,0,0,NULL,NULL,NULL,NULL,0,0,NULL,0,NULL,NULL,NULL,NULL,'https://mein-zahnarzt-ueberlingen.de/wp-content/uploads/sites/3/zahnimplantate-ablauf.jpg',NULL,'968','attachment-image',NULL,NULL,'https://mein-zahnarzt-ueberlingen.de/wp-content/uploads/sites/3/zahnimplantate-ablauf.jpg','968','attachment-image','{\"width\":591,\"height\":296,\"url\":\"https://mein-zahnarzt-ueberlingen.de/wp-content/uploads/sites/3/zahnimplantate-ablauf.jpg\",\"path\":\"/home/klinikamschloss/public_html/wp-content/uploads/sites/3/zahnimplantate-ablauf.jpg\",\"size\":\"full\",\"id\":968,\"alt\":\"Zahnarzt erklärt Ablauf einer Behandlung mit Zahnimpülantaten.\",\"pixels\":174936,\"type\":\"image/jpeg\"}',NULL,1,NULL,'2022-08-30 11:09:55','2022-11-28 13:36:30',3,NULL,NULL,NULL,NULL,0,NULL,2,'2022-08-30 11:17:15','2022-08-30 11:09:55'),(189,'https://mein-zahnarzt-ueberlingen.de/wp-content/uploads/sites/3/zahnimplantate-kosten.jpg','115:6a7f250f97ac93ee68c477401a402397',969,'post','attachment',3,779,NULL,NULL,'zahnimplantate-kosten','inherit',NULL,0,NULL,NULL,NULL,NULL,NULL,0,0,NULL,0,NULL,NULL,NULL,NULL,'https://mein-zahnarzt-ueberlingen.de/wp-content/uploads/sites/3/zahnimplantate-kosten.jpg',NULL,'969','attachment-image',NULL,NULL,'https://mein-zahnarzt-ueberlingen.de/wp-content/uploads/sites/3/zahnimplantate-kosten.jpg','969','attachment-image','{\"width\":1200,\"height\":600,\"url\":\"https://mein-zahnarzt-ueberlingen.de/wp-content/uploads/sites/3/zahnimplantate-kosten.jpg\",\"path\":\"/home/klinikamschloss/public_html/wp-content/uploads/sites/3/zahnimplantate-kosten.jpg\",\"size\":\"full\",\"id\":969,\"alt\":\"Gebiss-Modell und Geldscheine symbolisieren die Kosten für Zahnimplantate.\",\"pixels\":720000,\"type\":\"image/jpeg\"}',NULL,2,NULL,'2022-08-30 11:09:55','2022-11-28 13:36:30',3,NULL,NULL,NULL,NULL,1,NULL,2,'2022-08-31 07:47:54','2022-08-30 11:09:55'),(190,'https://mein-zahnarzt-ueberlingen.de/wp-content/uploads/sites/3/zahnimplantat-entzuendung.jpg','119:0682d01079aeba73ac8dd14a50cd7951',970,'post','attachment',3,779,NULL,NULL,'zahnimplantat-entzuendung','inherit',NULL,0,NULL,NULL,NULL,NULL,NULL,0,0,NULL,0,NULL,NULL,NULL,NULL,'https://mein-zahnarzt-ueberlingen.de/wp-content/uploads/sites/3/zahnimplantat-entzuendung.jpg',NULL,'970','attachment-image',NULL,NULL,'https://mein-zahnarzt-ueberlingen.de/wp-content/uploads/sites/3/zahnimplantat-entzuendung.jpg','970','attachment-image','{\"width\":591,\"height\":296,\"url\":\"https://mein-zahnarzt-ueberlingen.de/wp-content/uploads/sites/3/zahnimplantat-entzuendung.jpg\",\"path\":\"/home/klinikamschloss/public_html/wp-content/uploads/sites/3/zahnimplantat-entzuendung.jpg\",\"size\":\"full\",\"id\":970,\"alt\":\"Frau hat keine Zahnimplantat-entzündung.\",\"pixels\":174936,\"type\":\"image/jpeg\"}',NULL,2,NULL,'2022-08-30 11:09:56','2022-11-28 13:36:30',3,NULL,NULL,NULL,NULL,1,NULL,2,'2022-08-31 07:55:18','2022-08-30 11:09:56'),(191,'https://mein-zahnarzt-ueberlingen.de/wp-content/uploads/sites/3/zahnimplantat-erfahrungen.jpg','119:83ee9879b87e67ba33fea8d2f6c69181',971,'post','attachment',3,779,NULL,NULL,'zahnimplantat-erfahrungen','inherit',NULL,0,NULL,NULL,NULL,NULL,NULL,0,0,NULL,0,NULL,NULL,NULL,NULL,'https://mein-zahnarzt-ueberlingen.de/wp-content/uploads/sites/3/zahnimplantat-erfahrungen.jpg',NULL,'971','attachment-image',NULL,NULL,'https://mein-zahnarzt-ueberlingen.de/wp-content/uploads/sites/3/zahnimplantat-erfahrungen.jpg','971','attachment-image','{\"width\":1200,\"height\":600,\"url\":\"https://mein-zahnarzt-ueberlingen.de/wp-content/uploads/sites/3/zahnimplantat-erfahrungen.jpg\",\"path\":\"/home/klinikamschloss/public_html/wp-content/uploads/sites/3/zahnimplantat-erfahrungen.jpg\",\"size\":\"full\",\"id\":971,\"alt\":\"Grafik zu Zahnimplantat-Erfahrungen\",\"pixels\":720000,\"type\":\"image/jpeg\"}',NULL,2,NULL,'2022-08-30 11:09:56','2022-11-28 13:36:30',3,NULL,NULL,NULL,NULL,1,NULL,2,'2022-08-31 07:36:24','2022-08-30 11:09:56'),(192,'https://mein-zahnarzt-ueberlingen.de/wp-content/uploads/sites/3/zahnimplantate-risiken.jpg','116:d5d96683315bc79117df9938596b5b14',972,'post','attachment',3,0,NULL,NULL,'zahnimplantate-risiken','inherit',0,0,0,NULL,NULL,NULL,NULL,0,0,NULL,0,NULL,NULL,NULL,NULL,'https://mein-zahnarzt-ueberlingen.de/wp-content/uploads/sites/3/zahnimplantate-risiken.jpg',NULL,'972','attachment-image',NULL,NULL,'https://mein-zahnarzt-ueberlingen.de/wp-content/uploads/sites/3/zahnimplantate-risiken.jpg','972','attachment-image','{\"width\":1200,\"height\":600,\"url\":\"https://mein-zahnarzt-ueberlingen.de/wp-content/uploads/sites/3/zahnimplantate-risiken.jpg\",\"path\":\"/home/klinikamschloss/public_html/wp-content/uploads/sites/3/zahnimplantate-risiken.jpg\",\"size\":\"full\",\"id\":972,\"alt\":\"Patientin lässt sich über Zahnimplantate und risiken aufklären.\",\"pixels\":720000,\"type\":\"image/jpeg\"}',NULL,1,NULL,'2022-08-30 11:09:56','2022-11-28 13:36:30',3,NULL,NULL,NULL,NULL,0,NULL,2,'2022-08-30 11:15:55','2022-08-30 11:09:56'),(193,'https://mein-zahnarzt-ueberlingen.de/wp-content/uploads/sites/3/zahnimplantate-sinnvoll.jpg','117:58fa19e7bd0fdd7bbb21109fe4321d5e',973,'post','attachment',3,779,NULL,NULL,'zahnimplantate-sinnvoll','inherit',NULL,0,NULL,NULL,NULL,NULL,NULL,0,0,NULL,0,NULL,NULL,NULL,NULL,'https://mein-zahnarzt-ueberlingen.de/wp-content/uploads/sites/3/zahnimplantate-sinnvoll.jpg',NULL,'973','attachment-image',NULL,NULL,'https://mein-zahnarzt-ueberlingen.de/wp-content/uploads/sites/3/zahnimplantate-sinnvoll.jpg','973','attachment-image','{\"width\":1200,\"height\":600,\"url\":\"https://mein-zahnarzt-ueberlingen.de/wp-content/uploads/sites/3/zahnimplantate-sinnvoll.jpg\",\"path\":\"/home/klinikamschloss/public_html/wp-content/uploads/sites/3/zahnimplantate-sinnvoll.jpg\",\"size\":\"full\",\"id\":973,\"alt\":\"Älteres Paar findet Zahnimplantate sinnvoll.\",\"pixels\":720000,\"type\":\"image/jpeg\"}',NULL,2,NULL,'2022-08-30 11:09:57','2022-11-28 13:36:30',3,NULL,NULL,NULL,NULL,1,NULL,2,'2022-08-31 07:51:39','2022-08-30 11:09:57'),(194,'https://mein-zahnarzt-ueberlingen.de/wp-content/uploads/sites/3/zahnimplantat-gefaehrlich.jpg','119:c24e30e00f6f60f4bc0a699e800f84d8',974,'post','attachment',3,779,NULL,NULL,'zahnimplantat-gefaehrlich','inherit',NULL,0,NULL,NULL,NULL,NULL,NULL,0,0,NULL,0,NULL,NULL,NULL,NULL,'https://mein-zahnarzt-ueberlingen.de/wp-content/uploads/sites/3/zahnimplantat-gefaehrlich.jpg',NULL,'974','attachment-image',NULL,NULL,'https://mein-zahnarzt-ueberlingen.de/wp-content/uploads/sites/3/zahnimplantat-gefaehrlich.jpg','974','attachment-image','{\"width\":1200,\"height\":600,\"url\":\"https://mein-zahnarzt-ueberlingen.de/wp-content/uploads/sites/3/zahnimplantat-gefaehrlich.jpg\",\"path\":\"/home/klinikamschloss/public_html/wp-content/uploads/sites/3/zahnimplantat-gefaehrlich.jpg\",\"size\":\"full\",\"id\":974,\"alt\":\"Damit ein Zahnimplantat nicht gefährlich nah am Nerv landet, wird ein DVT erstellt.\",\"pixels\":720000,\"type\":\"image/jpeg\"}',NULL,2,NULL,'2022-08-30 11:09:57','2022-11-28 13:36:30',3,NULL,NULL,NULL,NULL,1,NULL,2,'2022-08-31 07:52:34','2022-08-30 11:09:57'),(195,'https://mein-zahnarzt-ueberlingen.de/wp-content/uploads/sites/3/zahnimplantation.jpg','110:b024eab5ca3096df5f9b8b7f13a443d4',975,'post','attachment',3,0,NULL,NULL,'zahnimplantation','inherit',0,0,0,NULL,NULL,NULL,NULL,0,0,NULL,0,NULL,NULL,NULL,NULL,'https://mein-zahnarzt-ueberlingen.de/wp-content/uploads/sites/3/zahnimplantation.jpg',NULL,'975','attachment-image',NULL,NULL,'https://mein-zahnarzt-ueberlingen.de/wp-content/uploads/sites/3/zahnimplantation.jpg','975','attachment-image','{\"width\":591,\"height\":296,\"url\":\"https://mein-zahnarzt-ueberlingen.de/wp-content/uploads/sites/3/zahnimplantation.jpg\",\"path\":\"/home/klinikamschloss/public_html/wp-content/uploads/sites/3/zahnimplantation.jpg\",\"size\":\"full\",\"id\":975,\"alt\":\"Patienten lässt sich von Zahnarzt über eine Zahnimplantation informieren.\",\"pixels\":174936,\"type\":\"image/jpeg\"}',NULL,1,NULL,'2022-08-30 11:09:57','2022-11-28 13:36:30',3,NULL,NULL,NULL,NULL,0,NULL,2,'2022-08-30 11:13:33','2022-08-30 11:09:57'),(196,'https://mein-zahnarzt-ueberlingen.de/wp-content/uploads/sites/3/zahnimplantat-kosten.jpg','114:1c6b7ec7fcb68eb45fcde4b2a05ddc8f',976,'post','attachment',3,0,NULL,NULL,'zahnimplantat-kosten','inherit',0,0,0,NULL,NULL,NULL,NULL,0,0,NULL,0,NULL,NULL,NULL,NULL,'https://mein-zahnarzt-ueberlingen.de/wp-content/uploads/sites/3/zahnimplantat-kosten.jpg',NULL,'976','attachment-image',NULL,NULL,'https://mein-zahnarzt-ueberlingen.de/wp-content/uploads/sites/3/zahnimplantat-kosten.jpg','976','attachment-image','{\"width\":591,\"height\":296,\"url\":\"https://mein-zahnarzt-ueberlingen.de/wp-content/uploads/sites/3/zahnimplantat-kosten.jpg\",\"path\":\"/home/klinikamschloss/public_html/wp-content/uploads/sites/3/zahnimplantat-kosten.jpg\",\"size\":\"full\",\"id\":976,\"alt\":\"Paar recherchiert zu Zahnimplantat-Kosten.\",\"pixels\":174936,\"type\":\"image/jpeg\"}',NULL,1,NULL,'2022-08-30 11:09:58','2022-11-28 13:36:30',3,NULL,NULL,NULL,NULL,0,NULL,2,'2022-08-30 11:13:11','2022-08-30 11:09:58'),(197,'https://mein-zahnarzt-ueberlingen.de/wp-content/uploads/sites/3/zahnimplantat-kosten-krankenkasse.jpg','127:6a5d683babdfb3c5ed6f0910891e04a6',977,'post','attachment',3,0,NULL,NULL,'zahnimplantat-kosten-krankenkasse','inherit',0,0,0,NULL,NULL,NULL,NULL,0,0,NULL,0,NULL,NULL,NULL,NULL,'https://mein-zahnarzt-ueberlingen.de/wp-content/uploads/sites/3/zahnimplantat-kosten-krankenkasse.jpg',NULL,'977','attachment-image',NULL,NULL,'https://mein-zahnarzt-ueberlingen.de/wp-content/uploads/sites/3/zahnimplantat-kosten-krankenkasse.jpg','977','attachment-image','{\"width\":735,\"height\":1102,\"url\":\"https://mein-zahnarzt-ueberlingen.de/wp-content/uploads/sites/3/zahnimplantat-kosten-krankenkasse.jpg\",\"path\":\"/home/klinikamschloss/public_html/wp-content/uploads/sites/3/zahnimplantat-kosten-krankenkasse.jpg\",\"size\":\"full\",\"id\":977,\"alt\":\"Zahnimplantat-Kosten_ Die Krankenkasse dieser Frau leistet eine Zuzahlung zur Regelversorgung.\",\"pixels\":809970,\"type\":\"image/jpeg\"}',NULL,1,NULL,'2022-08-30 11:09:58','2022-11-28 13:36:30',3,NULL,NULL,NULL,NULL,0,NULL,2,'2022-08-30 11:12:57','2022-08-30 11:09:58'),(198,'https://mein-zahnarzt-ueberlingen.de/wp-content/uploads/sites/3/zahnimplantat-kosten-rechner.jpg','122:b539a7ff463d4e9d80d7b68fd1966a22',978,'post','attachment',3,0,NULL,NULL,'zahnimplantat-kosten-rechner','inherit',0,0,0,NULL,NULL,NULL,NULL,0,0,NULL,0,NULL,NULL,NULL,NULL,'https://mein-zahnarzt-ueberlingen.de/wp-content/uploads/sites/3/zahnimplantat-kosten-rechner.jpg',NULL,'978','attachment-image',NULL,NULL,'https://mein-zahnarzt-ueberlingen.de/wp-content/uploads/sites/3/zahnimplantat-kosten-rechner.jpg','978','attachment-image','{\"width\":591,\"height\":296,\"url\":\"https://mein-zahnarzt-ueberlingen.de/wp-content/uploads/sites/3/zahnimplantat-kosten-rechner.jpg\",\"path\":\"/home/klinikamschloss/public_html/wp-content/uploads/sites/3/zahnimplantat-kosten-rechner.jpg\",\"size\":\"full\",\"id\":978,\"alt\":\"Zahnimplantat: Kosten-Rechner hat ein älteres Paar online gesucht.\",\"pixels\":174936,\"type\":\"image/jpeg\"}',NULL,1,NULL,'2022-08-30 11:09:58','2022-11-28 13:36:30',3,NULL,NULL,NULL,NULL,0,NULL,2,'2022-08-30 11:11:58','2022-08-30 11:09:58'),(199,'https://mein-zahnarzt-ueberlingen.de/wp-content/uploads/sites/3/zahnimplantat-versicherung.jpg','120:da8138139be8131b635fbf340a7989dc',979,'post','attachment',3,0,NULL,NULL,'zahnimplantat-versicherung','inherit',0,0,0,NULL,NULL,NULL,NULL,0,0,NULL,0,NULL,NULL,NULL,NULL,'https://mein-zahnarzt-ueberlingen.de/wp-content/uploads/sites/3/zahnimplantat-versicherung.jpg',NULL,'979','attachment-image',NULL,NULL,'https://mein-zahnarzt-ueberlingen.de/wp-content/uploads/sites/3/zahnimplantat-versicherung.jpg','979','attachment-image','{\"width\":591,\"height\":296,\"url\":\"https://mein-zahnarzt-ueberlingen.de/wp-content/uploads/sites/3/zahnimplantat-versicherung.jpg\",\"path\":\"/home/klinikamschloss/public_html/wp-content/uploads/sites/3/zahnimplantat-versicherung.jpg\",\"size\":\"full\",\"id\":979,\"alt\":\"Eine Zahnimplantat-Versicherung ist eine Zahnzusatzversicherung.\",\"pixels\":174936,\"type\":\"image/jpeg\"}',NULL,1,NULL,'2022-08-30 11:09:58','2022-11-28 13:36:30',3,NULL,NULL,NULL,NULL,0,NULL,2,'2022-08-30 11:11:30','2022-08-30 11:09:58'),(200,'https://mein-zahnarzt-ueberlingen.de/wp-content/uploads/sites/3/zahnklinik-implantate.jpg','115:dc92bb4e2102c11754ad0fe6ca508500',980,'post','attachment',3,779,NULL,NULL,'zahnklinik-implantate','inherit',NULL,0,NULL,NULL,NULL,NULL,NULL,0,0,NULL,0,NULL,NULL,NULL,NULL,'https://mein-zahnarzt-ueberlingen.de/wp-content/uploads/sites/3/zahnklinik-implantate.jpg',NULL,'980','attachment-image',NULL,NULL,'https://mein-zahnarzt-ueberlingen.de/wp-content/uploads/sites/3/zahnklinik-implantate.jpg','980','attachment-image','{\"width\":639,\"height\":426,\"url\":\"https://mein-zahnarzt-ueberlingen.de/wp-content/uploads/sites/3/zahnklinik-implantate.jpg\",\"path\":\"/home/klinikamschloss/public_html/wp-content/uploads/sites/3/zahnklinik-implantate.jpg\",\"size\":\"full\",\"id\":980,\"alt\":\"Zahnklinik: Implantate bekommen und dann in der Patientensuite der Klinik im Schloss ausruhen.\",\"pixels\":272214,\"type\":\"image/jpeg\"}',NULL,0,NULL,'2022-08-30 11:09:59','2022-11-28 13:36:30',3,NULL,NULL,NULL,NULL,1,NULL,2,'2022-08-31 07:50:20','2022-08-30 11:09:59'),(201,'https://mein-zahnarzt-ueberlingen.de/wp-content/uploads/sites/3/zahnkrone-zahnimplantat.jpg','117:327db91e51acc3bc8cf3c6bcb76dd290',981,'post','attachment',3,0,NULL,NULL,'zahnkrone-zahnimplantat','inherit',0,0,0,NULL,NULL,NULL,NULL,0,0,NULL,0,NULL,NULL,NULL,NULL,'https://mein-zahnarzt-ueberlingen.de/wp-content/uploads/sites/3/zahnkrone-zahnimplantat.jpg',NULL,'981','attachment-image',NULL,NULL,'https://mein-zahnarzt-ueberlingen.de/wp-content/uploads/sites/3/zahnkrone-zahnimplantat.jpg','981','attachment-image','{\"width\":1200,\"height\":600,\"url\":\"https://mein-zahnarzt-ueberlingen.de/wp-content/uploads/sites/3/zahnkrone-zahnimplantat.jpg\",\"path\":\"/home/klinikamschloss/public_html/wp-content/uploads/sites/3/zahnkrone-zahnimplantat.jpg\",\"size\":\"full\",\"id\":981,\"alt\":\"Ein Implantat besteht aus dem Zahnimplantat selbst und der Zahnkrone.\",\"pixels\":720000,\"type\":\"image/jpeg\"}',NULL,1,NULL,'2022-08-30 11:09:59','2022-11-28 13:36:30',3,NULL,NULL,NULL,NULL,0,NULL,2,'2022-08-30 11:10:29','2022-08-30 11:09:59'),(202,'https://mein-zahnarzt-ueberlingen.de/author/laylahaering/','75:2c6e8d54aae513a2a5a49945cbb50e47',7,'user',NULL,NULL,NULL,NULL,NULL,NULL,NULL,NULL,0,0,NULL,NULL,NULL,NULL,NULL,0,0,NULL,NULL,NULL,NULL,NULL,'https://secure.gravatar.com/avatar/999416fa8480809c5529745988eebec1?s=500&d=mm&r=g',NULL,NULL,'gravatar-image',NULL,NULL,'https://secure.gravatar.com/avatar/999416fa8480809c5529745988eebec1?s=500&d=mm&r=g',NULL,'gravatar-image',NULL,NULL,NULL,NULL,'2022-09-02 12:02:19','2022-11-28 13:36:30',3,NULL,NULL,NULL,NULL,0,NULL,2,NULL,NULL),(203,'https://mein-zahnarzt-ueberlingen.de/wp-content/uploads/sites/3/setz-dsc8581-b.jpg','108:0c71543ba4a2286d897a43e898cf7f9a',1122,'post','attachment',3,114,NULL,NULL,'SETZ_DSC8581_b','inherit',NULL,0,NULL,NULL,NULL,NULL,NULL,0,0,NULL,0,NULL,NULL,NULL,NULL,'https://mein-zahnarzt-ueberlingen.de/wp-content/uploads/sites/3/setz-dsc8581-b.jpg',NULL,'1122','attachment-image',NULL,NULL,NULL,'1122','attachment-image',NULL,NULL,2,NULL,'2022-09-14 10:10:42','2022-11-28 13:36:30',3,NULL,NULL,NULL,NULL,1,NULL,2,'2022-09-14 10:10:42','2022-09-14 10:10:42'),(204,'https://mein-zahnarzt-ueberlingen.de/wp-content/uploads/sites/3/setz-dsc8616-b.jpg','108:deed5cfdfc4a7e5f3be05c317f3900f3',1123,'post','attachment',3,38,NULL,NULL,'SETZ_DSC8616_b','inherit',NULL,0,NULL,NULL,NULL,NULL,NULL,0,0,NULL,0,NULL,NULL,NULL,NULL,'https://mein-zahnarzt-ueberlingen.de/wp-content/uploads/sites/3/setz-dsc8616-b.jpg',NULL,'1123','attachment-image',NULL,NULL,NULL,'1123','attachment-image',NULL,NULL,2,NULL,'2022-09-14 10:11:40','2022-11-28 13:36:30',3,NULL,NULL,NULL,NULL,1,NULL,2,'2022-09-14 10:11:40','2022-09-14 10:11:40'),(205,'https://mein-zahnarzt-ueberlingen.de/wp-content/uploads/sites/3/setz-dsc8638-b3.jpg','109:b7845fdbdd529d0a301f831ca4e62f93',1124,'post','attachment',3,393,NULL,NULL,'SETZ_DSC8638_b3','inherit',NULL,0,NULL,NULL,NULL,NULL,NULL,0,0,NULL,0,NULL,NULL,NULL,NULL,'https://mein-zahnarzt-ueberlingen.de/wp-content/uploads/sites/3/setz-dsc8638-b3.jpg',NULL,'1124','attachment-image',NULL,NULL,NULL,'1124','attachment-image',NULL,NULL,2,NULL,'2022-09-14 10:12:51','2022-11-28 13:36:30',3,NULL,NULL,NULL,NULL,1,NULL,2,'2022-09-14 10:12:51','2022-09-14 10:12:51'),(206,'https://mein-zahnarzt-ueberlingen.de/wp-content/uploads/sites/3/SETZ_MS06280_b_16_9_2500.jpg','110:be2cd585efad7e89363ab8431fe871a3',1127,'post','attachment',3,779,NULL,NULL,'SETZ_MS06280_b_16_9_2500','inherit',NULL,0,NULL,NULL,NULL,NULL,NULL,0,0,NULL,0,NULL,NULL,NULL,NULL,'https://mein-zahnarzt-ueberlingen.de/wp-content/uploads/sites/3/SETZ_MS06280_b_16_9_2500.jpg',NULL,'1127','attachment-image',NULL,NULL,'https://mein-zahnarzt-ueberlingen.de/wp-content/uploads/sites/3/SETZ_MS06280_b_16_9_2500.jpg','1127','attachment-image','{\"width\":2500,\"height\":1406,\"filesize\":1402886,\"url\":\"https://mein-zahnarzt-ueberlingen.de/wp-content/uploads/sites/3/SETZ_MS06280_b_16_9_2500.jpg\",\"path\":\"/home/klinikamschloss/public_html/wp-content/uploads/sites/3/SETZ_MS06280_b_16_9_2500.jpg\",\"size\":\"full\",\"id\":1127,\"alt\":\"\",\"pixels\":3515000,\"type\":\"image/jpeg\"}',NULL,NULL,NULL,'2022-09-14 10:17:52','2022-11-28 13:36:30',3,NULL,NULL,NULL,NULL,1,NULL,2,'2022-11-02 20:04:39','2022-11-02 20:04:24'),(207,'https://mein-zahnarzt-ueberlingen.de/wp-content/uploads/sites/3/setzyun-0766-b.jpg','108:43796fb6ece75e9868382006bd4d042b',1128,'post','attachment',3,779,NULL,NULL,'SETZYUN_0766_b','inherit',NULL,0,NULL,NULL,NULL,NULL,NULL,0,0,NULL,0,NULL,NULL,NULL,NULL,'https://mein-zahnarzt-ueberlingen.de/wp-content/uploads/sites/3/setzyun-0766-b.jpg',NULL,'1128','attachment-image',NULL,NULL,NULL,'1128','attachment-image',NULL,NULL,1,NULL,'2022-09-14 10:18:22','2022-11-28 13:36:30',3,NULL,NULL,NULL,NULL,1,NULL,2,'2022-09-14 10:18:22','2022-09-14 10:18:22'),(208,'https://mein-zahnarzt-ueberlingen.de/wp-content/uploads/sites/3/setz-ms06249-b.jpg','108:313f076cb2d5e15d994a084bfb8f18c2',1130,'post','attachment',3,779,NULL,NULL,'SETZ_MS06249_b','inherit',NULL,0,NULL,NULL,NULL,NULL,NULL,0,0,NULL,0,NULL,NULL,NULL,NULL,'https://mein-zahnarzt-ueberlingen.de/wp-content/uploads/sites/3/setz-ms06249-b.jpg',NULL,'1130','attachment-image',NULL,NULL,NULL,'1130','attachment-image',NULL,NULL,2,NULL,'2022-09-14 10:18:50','2022-11-28 13:36:30',3,NULL,NULL,NULL,NULL,1,NULL,2,'2022-09-14 10:18:50','2022-09-14 10:18:50'),(209,'https://mein-zahnarzt-ueberlingen.de/wp-content/uploads/sites/3/cropped-cropped-zahnarzt-praxis-zzue-privatpraxis-fuer-implantologie-parodonthologie-laderzahnheilunde-ueberlingen-bodensee-logo-small-5-1.png','232:cac11eb2621f0c3753f08f2c6ae3aae5',1133,'post','attachment',3,0,NULL,NULL,'cropped-cropped-zahnarzt-praxis-zzue-privatpraxis-fuer-implantologie-parodonthologie-laderzahnheilunde-ueberlingen-bodensee-logo-small-5-1.png','inherit',0,0,0,NULL,NULL,NULL,NULL,0,0,NULL,0,NULL,NULL,NULL,NULL,'https://mein-zahnarzt-ueberlingen.de/wp-content/uploads/sites/3/cropped-cropped-zahnarzt-praxis-zzue-privatpraxis-fuer-implantologie-parodonthologie-laderzahnheilunde-ueberlingen-bodensee-logo-small-5-1.png',NULL,'1133','attachment-image',NULL,NULL,NULL,'1133','attachment-image',NULL,NULL,NULL,NULL,'2022-09-14 10:27:36','2022-11-28 13:36:30',3,NULL,NULL,NULL,NULL,0,NULL,2,'2022-09-14 10:27:36','2022-09-14 10:27:36'),(211,'https://mein-zahnarzt-ueberlingen.de/author/uwe/','66:82c977510a679abaaa444dfbd26c8d6b',4,'user',NULL,NULL,NULL,NULL,NULL,NULL,NULL,NULL,0,0,NULL,NULL,NULL,NULL,NULL,0,0,NULL,NULL,NULL,NULL,NULL,'https://secure.gravatar.com/avatar/cae64fe2ef061db73c6be01aefc69b11?s=500&d=mm&r=g',NULL,NULL,'gravatar-image',NULL,NULL,'https://secure.gravatar.com/avatar/cae64fe2ef061db73c6be01aefc69b11?s=500&d=mm&r=g',NULL,'gravatar-image',NULL,NULL,NULL,NULL,'2022-09-20 19:09:12','2022-11-28 13:36:30',3,NULL,NULL,NULL,NULL,0,NULL,2,NULL,NULL),(212,'https://mein-zahnarzt-ueberlingen.de/2022/09/21/klinik-am-schloss/','84:8eec359813a503f765265b2bbc541514',1140,'post','custom_css',1,0,NULL,NULL,'klinik-am-schloss','publish',NULL,0,NULL,NULL,NULL,NULL,NULL,0,0,NULL,0,NULL,NULL,NULL,NULL,NULL,NULL,NULL,NULL,NULL,NULL,NULL,NULL,NULL,NULL,0,NULL,NULL,'2022-09-21 21:19:41','2022-11-28 13:36:30',3,NULL,NULL,NULL,NULL,0,NULL,2,'2022-10-11 07:06:07','2022-09-21 21:19:41'),(216,'https://mein-zahnarzt-ueberlingen.de/author/toth/','67:ee0a8fd94e76c244bd8f31330a51312b',10,'user',NULL,NULL,NULL,NULL,NULL,NULL,NULL,NULL,0,0,NULL,NULL,NULL,NULL,NULL,0,0,NULL,NULL,NULL,NULL,NULL,'https://secure.gravatar.com/avatar/211e303b6855c4a40da2144e5d2cd649?s=500&d=mm&r=g',NULL,NULL,'gravatar-image',NULL,NULL,'https://secure.gravatar.com/avatar/211e303b6855c4a40da2144e5d2cd649?s=500&d=mm&r=g',NULL,'gravatar-image',NULL,NULL,NULL,NULL,'2022-09-29 08:58:38','2022-11-28 13:36:30',3,NULL,NULL,NULL,NULL,0,NULL,2,'2022-09-29 08:58:38',NULL),(223,'https://mein-zahnarzt-ueberlingen.de/wp-content/uploads/sites/3/ueberlingen_16_9-–-1920x1080-1.jpg','118:67e5c53506e8b521854bff7b29710f7a',1173,'post','attachment',4,466,NULL,NULL,'ueberlingen_16_9-–-1920&#215;1080-1','inherit',NULL,0,NULL,NULL,NULL,NULL,NULL,0,0,NULL,0,NULL,NULL,NULL,NULL,'https://mein-zahnarzt-ueberlingen.de/wp-content/uploads/sites/3/ueberlingen_16_9-–-1920x1080-1.jpg',NULL,'1173','attachment-image',NULL,NULL,'https://mein-zahnarzt-ueberlingen.de/wp-content/uploads/sites/3/ueberlingen_16_9-–-1920x1080-1-1200x675.jpg','1173','attachment-image','{\"width\":1200,\"height\":675,\"filesize\":171340,\"path\":\"./ueberlingen_16_9-–-1920x1080-1-1200x675.jpg\",\"url\":\"https://mein-zahnarzt-ueberlingen.de/wp-content/uploads/sites/3/ueberlingen_16_9-–-1920x1080-1-1200x675.jpg\",\"size\":\"large\",\"id\":1173,\"alt\":\"\",\"pixels\":810000,\"type\":\"image/jpeg\"}',NULL,NULL,NULL,'2022-10-25 10:18:34','2022-11-28 13:36:30',3,NULL,NULL,NULL,NULL,1,NULL,2,'2022-10-25 10:20:26','2022-10-25 10:20:15'),(224,'https://mein-zahnarzt-ueberlingen.de/?p=1175','62:97af497318fa3acd9e6cded140f1895a',1175,'post','customize_changeset',1,0,NULL,NULL,'','trash',0,0,NULL,NULL,NULL,NULL,NULL,0,0,NULL,0,NULL,NULL,NULL,NULL,NULL,NULL,NULL,NULL,NULL,NULL,NULL,NULL,NULL,NULL,NULL,NULL,NULL,'2022-11-01 07:38:06','2022-11-28 13:36:30',3,NULL,NULL,NULL,NULL,0,NULL,2,'2022-11-01 07:38:06','2022-11-01 07:38:06'),(225,'https://mein-zahnarzt-ueberlingen.de/wp-content/uploads/sites/3/istock-166105088.jpg','102:cb9f36786312ba25dfec64c54e955db0',1177,'post','attachment',4,779,NULL,NULL,'iStock-166105088','inherit',NULL,0,NULL,NULL,NULL,NULL,NULL,0,0,NULL,0,NULL,NULL,NULL,NULL,'https://mein-zahnarzt-ueberlingen.de/wp-content/uploads/sites/3/istock-166105088.jpg',NULL,'1177','attachment-image',NULL,NULL,NULL,'1177','attachment-image',NULL,NULL,NULL,NULL,'2022-11-01 19:34:32','2022-11-28 13:36:30',3,NULL,NULL,NULL,NULL,1,NULL,2,'2022-11-01 19:34:32','2022-11-01 19:34:32'),(226,'https://mein-zahnarzt-ueberlingen.de/wp-content/uploads/sites/3/ueberlingen-view.jpg','102:2e44df41d3672b16693bb84faddce750',1179,'post','attachment',4,494,NULL,NULL,'ueberlingen_view','inherit',NULL,0,NULL,NULL,NULL,NULL,NULL,0,0,NULL,0,NULL,NULL,NULL,NULL,'https://mein-zahnarzt-ueberlingen.de/wp-content/uploads/sites/3/ueberlingen-view.jpg',NULL,'1179','attachment-image',NULL,NULL,NULL,'1179','attachment-image',NULL,NULL,1,NULL,'2022-11-02 07:55:04','2022-11-28 13:36:30',3,NULL,NULL,NULL,NULL,1,NULL,2,'2022-11-02 07:55:04','2022-11-02 07:55:04'),(227,'https://mein-zahnarzt-ueberlingen.de/wp-content/uploads/sites/3/Logo_ZZUE_Negativ.svg','103:df8250084ff0856f264438ffaac4aad8',1183,'post','attachment',1,0,NULL,NULL,'Logo_ZZUE_Negativ','inherit',0,0,0,NULL,NULL,NULL,NULL,0,0,NULL,0,NULL,NULL,NULL,NULL,NULL,NULL,NULL,NULL,NULL,NULL,NULL,NULL,NULL,NULL,NULL,1,NULL,'2022-11-03 06:50:55','2022-11-28 13:36:30',3,NULL,NULL,NULL,NULL,0,NULL,2,'2022-11-03 06:50:55','2022-11-03 06:50:55'),(228,'https://mein-zahnarzt-ueberlingen.de/?p=1184','62:21b45b19c33835088565b02035fb7040',1184,'post','customize_changeset',1,0,NULL,NULL,'','trash',0,0,NULL,NULL,NULL,NULL,NULL,0,0,NULL,0,NULL,NULL,NULL,NULL,NULL,NULL,NULL,NULL,NULL,NULL,NULL,NULL,NULL,NULL,NULL,NULL,NULL,'2022-11-03 06:51:07','2022-11-28 13:36:30',3,NULL,NULL,NULL,NULL,0,NULL,2,'2022-11-03 06:51:07','2022-11-03 06:51:07'),(229,'https://mein-zahnarzt-ueberlingen.de/?p=1187','62:86f9b3ebd22a8314fbbec884d089f9e8',1187,'post','customize_changeset',3,0,NULL,NULL,'','trash',0,0,NULL,NULL,NULL,NULL,NULL,0,0,NULL,0,NULL,NULL,NULL,NULL,NULL,NULL,NULL,NULL,NULL,NULL,NULL,NULL,NULL,NULL,NULL,NULL,NULL,'2022-11-03 09:10:21','2022-11-28 13:36:30',3,NULL,NULL,NULL,NULL,0,NULL,2,'2022-11-03 09:10:21','2022-11-03 09:10:21');

--
-- Table structure for table `kas_3_yoast_indexable_hierarchy`
--

CREATE TABLE `kas_3_yoast_indexable_hierarchy` (
  `indexable_id` int unsigned NOT NULL,
  `ancestor_id` int unsigned NOT NULL,
  `depth` int unsigned DEFAULT NULL,
  `blog_id` bigint NOT NULL DEFAULT '3',
  PRIMARY KEY (`indexable_id`,`ancestor_id`),
  KEY `indexable_id` (`indexable_id`),
  KEY `ancestor_id` (`ancestor_id`),
  KEY `depth` (`depth`)
) ENGINE=InnoDB DEFAULT CHARSET=utf8mb4 COLLATE=utf8mb4_general_ci;

--
-- Dumping data for table `kas_3_yoast_indexable_hierarchy`
--

INSERT INTO `kas_3_yoast_indexable_hierarchy` VALUES (1,0,0,3),(2,0,0,3),(4,0,0,3),(5,0,0,3),(9,0,0,3),(11,0,0,3),(13,0,0,3),(14,0,0,3),(15,0,0,3),(47,0,0,3),(50,0,0,3),(52,0,0,3),(53,0,0,3),(56,0,0,3),(61,0,0,3),(63,0,0,3),(64,0,0,3),(65,0,0,3),(66,0,0,3),(67,0,0,3),(68,0,0,3),(69,0,0,3),(70,0,0,3),(71,0,0,3),(72,0,0,3),(73,0,0,3),(74,0,0,3),(77,0,0,3),(78,0,0,3),(79,0,0,3),(80,0,0,3),(81,0,0,3),(82,0,0,3),(83,0,0,3),(84,0,0,3),(85,0,0,3),(86,0,0,3),(87,0,0,3),(89,0,0,3),(93,0,0,3),(94,0,0,3),(104,0,0,3),(105,0,0,3),(110,0,0,3),(111,0,0,3),(116,0,0,3),(117,0,0,3),(118,63,1,3),(119,63,1,3),(120,0,0,3),(123,63,1,3),(124,0,0,3),(127,70,1,3),(128,71,1,3),(129,72,1,3),(130,73,1,3),(131,83,1,3),(132,84,1,3),(133,85,1,3),(134,86,1,3),(135,67,1,3),(136,87,1,3),(137,105,1,3),(138,105,1,3),(139,104,1,3),(140,53,1,3),(141,50,1,3),(142,56,1,3),(143,104,1,3),(144,89,1,3),(145,94,1,3),(148,78,1,3),(149,0,0,3),(150,81,1,3),(151,81,1,3),(152,81,1,3),(153,81,1,3),(154,81,1,3),(155,0,0,3),(156,0,0,3),(157,0,0,3),(158,0,0,3),(159,0,0,3),(160,0,0,3),(161,0,0,3),(162,0,0,3),(163,0,0,3),(164,0,0,3),(165,0,0,3),(166,0,0,3),(167,0,0,3),(168,0,0,3),(169,0,0,3),(170,0,0,3),(171,0,0,3),(172,0,0,3),(173,0,0,3),(174,0,0,3),(175,0,0,3),(176,0,0,3),(177,0,0,3),(178,0,0,3),(179,0,0,3),(180,0,0,3),(181,0,0,3),(182,0,0,3),(183,0,0,3),(184,0,0,3),(185,0,0,3),(186,0,0,3),(187,0,0,3),(188,0,0,3),(189,81,1,3),(190,81,1,3),(191,81,1,3),(192,0,0,3),(193,81,1,3),(194,81,1,3),(195,0,0,3),(196,0,0,3),(197,0,0,3),(198,0,0,3),(199,0,0,3),(200,81,1,3),(201,0,0,3),(202,0,0,3),(203,53,1,3),(204,50,1,3),(205,93,1,3),(206,81,1,3),(207,81,1,3),(208,81,1,3),(211,0,0,3),(212,0,0,3),(223,104,1,3),(224,0,0,3),(225,81,1,3),(226,63,1,3),(227,0,0,3),(228,0,0,3),(229,0,0,3);

--
-- Table structure for table `kas_3_yoast_migrations`
--

CREATE TABLE `kas_3_yoast_migrations` (
  `id` int unsigned NOT NULL AUTO_INCREMENT,
  `version` varchar(191) COLLATE utf8mb4_general_ci DEFAULT NULL,
  PRIMARY KEY (`id`),
  UNIQUE KEY `kas_3_yoast_migrations_version` (`version`)
) ENGINE=InnoDB AUTO_INCREMENT=24 DEFAULT CHARSET=utf8mb4 COLLATE=utf8mb4_general_ci;

--
-- Dumping data for table `kas_3_yoast_migrations`
--

INSERT INTO `kas_3_yoast_migrations` VALUES (1,'20171228151840'),(2,'20171228151841'),(3,'20190529075038'),(4,'20191011111109'),(5,'20200408101900'),(6,'20200420073606'),(7,'20200428123747'),(8,'20200428194858'),(9,'20200429105310'),(10,'20200430075614'),(11,'20200430150130'),(12,'20200507054848'),(13,'20200513133401'),(14,'20200609154515'),(15,'20200616130143'),(16,'20200617122511'),(17,'20200702141921'),(18,'20200728095334'),(19,'20201202144329'),(20,'20201216124002'),(21,'20201216141134'),(22,'20210817092415'),(23,'20211020091404');

--
-- Table structure for table `kas_3_yoast_primary_term`
--

CREATE TABLE `kas_3_yoast_primary_term` (
  `id` int unsigned NOT NULL AUTO_INCREMENT,
  `post_id` bigint DEFAULT NULL,
  `term_id` bigint DEFAULT NULL,
  `taxonomy` varchar(32) COLLATE utf8mb4_general_ci NOT NULL,
  `created_at` datetime DEFAULT NULL,
  `updated_at` timestamp NOT NULL DEFAULT CURRENT_TIMESTAMP ON UPDATE CURRENT_TIMESTAMP,
  `blog_id` bigint NOT NULL DEFAULT '3',
  PRIMARY KEY (`id`),
  KEY `post_taxonomy` (`post_id`,`taxonomy`),
  KEY `post_term` (`post_id`,`term_id`)
) ENGINE=InnoDB AUTO_INCREMENT=9 DEFAULT CHARSET=utf8mb4 COLLATE=utf8mb4_general_ci;

--
-- Dumping data for table `kas_3_yoast_primary_term`
--

INSERT INTO `kas_3_yoast_primary_term` VALUES (1,38,5,'employee-category','2022-06-24 11:38:19','2022-09-14 09:11:43',3),(3,113,5,'employee-category','2022-06-24 11:38:19','2022-08-30 07:22:44',3),(4,114,6,'employee-category','2022-06-24 11:38:19','2022-09-14 09:10:50',3),(7,117,5,'employee-category','2022-06-24 11:38:19','2022-10-30 23:21:21',3),(8,335,5,'employee-category','2022-06-24 11:38:19','2022-08-30 07:22:36',3);

--
-- Table structure for table `kas_3_yoast_seo_links`
--

CREATE TABLE `kas_3_yoast_seo_links` (
  `id` bigint unsigned NOT NULL AUTO_INCREMENT,
  `url` varchar(255) DEFAULT NULL,
  `post_id` bigint unsigned DEFAULT NULL,
  `target_post_id` bigint unsigned DEFAULT NULL,
  `type` varchar(8) DEFAULT NULL,
  `indexable_id` int unsigned DEFAULT NULL,
  `target_indexable_id` int unsigned DEFAULT NULL,
  `height` int unsigned DEFAULT NULL,
  `width` int unsigned DEFAULT NULL,
  `size` int unsigned DEFAULT NULL,
  `language` varchar(32) DEFAULT NULL,
  `region` varchar(32) DEFAULT NULL,
  PRIMARY KEY (`id`),
  KEY `link_direction` (`post_id`,`type`),
  KEY `indexable_link_direction` (`indexable_id`,`type`)
) ENGINE=InnoDB AUTO_INCREMENT=402 DEFAULT CHARSET=utf8mb3;

--
-- Dumping data for table `kas_3_yoast_seo_links`
--

INSERT INTO `kas_3_yoast_seo_links` VALUES (2,'https://klinik-am-schloss.de/',1,NULL,'external',4,NULL,NULL,NULL,NULL,NULL,NULL),(3,'/wp-content/themes/klinik-am-schloss/img/admin/complex_image_text-1.png',166,NULL,'image-in',16,NULL,NULL,NULL,NULL,NULL,NULL),(4,'/wp-content/themes/klinik-am-schloss/img/admin/complex_image_text-2.png',166,NULL,'image-in',16,NULL,NULL,NULL,NULL,NULL,NULL),(8,'',494,NULL,'internal',63,2,NULL,NULL,NULL,NULL,NULL),(13,'https://klinik-am-schloss.de/wp-content/uploads/awards.png',494,NULL,'image-ex',63,NULL,NULL,NULL,NULL,NULL,NULL),(14,'',494,NULL,'image-in',63,2,NULL,NULL,NULL,NULL,NULL),(15,'',494,NULL,'image-in',63,2,NULL,NULL,NULL,NULL,NULL),(16,'',494,NULL,'image-in',63,2,NULL,NULL,NULL,NULL,NULL),(17,'mailto:info@klinik-am-schloss.de',20,NULL,'external',64,NULL,NULL,NULL,NULL,NULL,NULL),(21,'',246,NULL,'internal',78,2,NULL,NULL,NULL,NULL,NULL),(39,'',246,NULL,'internal',78,2,NULL,NULL,NULL,NULL,NULL),(43,'',246,NULL,'image-in',78,2,NULL,NULL,NULL,NULL,NULL),(44,'',246,NULL,'image-in',78,2,NULL,NULL,NULL,NULL,NULL),(45,'',246,NULL,'image-in',78,2,NULL,NULL,NULL,NULL,NULL),(46,'',246,NULL,'image-in',78,2,NULL,NULL,NULL,NULL,NULL),(48,'',246,NULL,'image-in',78,2,NULL,NULL,NULL,NULL,NULL),(49,'',246,NULL,'image-in',78,2,NULL,NULL,NULL,NULL,NULL),(50,'',246,NULL,'image-in',78,2,NULL,NULL,NULL,NULL,NULL),(51,'',246,NULL,'image-in',78,2,NULL,NULL,NULL,NULL,NULL),(52,'',246,NULL,'image-in',78,2,NULL,NULL,NULL,NULL,NULL),(53,'',246,NULL,'image-in',78,2,NULL,NULL,NULL,NULL,NULL),(55,'https://www.dgoi.info/',779,NULL,'external',81,NULL,NULL,NULL,NULL,NULL,NULL),(56,'http://www.oralchirurgie.org/',779,NULL,'external',81,NULL,NULL,NULL,NULL,NULL,NULL),(57,'https://www.icoi.org/',779,NULL,'external',81,NULL,NULL,NULL,NULL,NULL,NULL),(60,'https://www.thm.de/mni/forschung/institute-gruppen/imps/imps-strahlung-information/radiologie/modalitaeten/digitale-volumentomographie-dvt.html',779,NULL,'external',81,NULL,NULL,NULL,NULL,NULL,NULL),(64,'https://klinik-am-schloss.de/',779,NULL,'external',81,NULL,NULL,NULL,NULL,NULL,NULL),(65,'https://klinik-am-schloss.de/',779,NULL,'external',81,NULL,NULL,NULL,NULL,NULL,NULL),(67,'https://klinik-am-schloss.de/wp-content/uploads/istock-544815008-partiell-00-1.jpg',779,NULL,'image-ex',81,NULL,NULL,NULL,NULL,NULL,NULL),(68,'https://klinik-am-schloss.de/wp-content/uploads/istock-544815008-partiell-01.jpg',779,NULL,'image-ex',81,NULL,NULL,NULL,NULL,NULL,NULL),(69,'https://klinik-am-schloss.de/wp-content/uploads/istock-544815008-partiell-02.jpg',779,NULL,'image-ex',81,NULL,NULL,NULL,NULL,NULL,NULL),(70,'https://klinik-am-schloss.de/wp-content/uploads/istock-544815008-partiell-03.jpg',779,NULL,'image-ex',81,NULL,NULL,NULL,NULL,NULL,NULL),(71,'https://klinik-am-schloss.de/wp-content/uploads/istock-544815008-partiell-04.jpg',779,NULL,'image-ex',81,NULL,NULL,NULL,NULL,NULL,NULL),(72,'https://klinik-am-schloss.de/wp-content/uploads/istock-544815008-partiell-05.jpg',779,NULL,'image-ex',81,NULL,NULL,NULL,NULL,NULL,NULL),(73,'https://klinik-am-schloss.de/wp-content/uploads/istock-544815008-partiell-06.jpg',779,NULL,'image-ex',81,NULL,NULL,NULL,NULL,NULL,NULL),(74,'https://klinik-am-schloss.de/wp-content/uploads/istock-544815008-partiell-07-1.jpg',779,NULL,'image-ex',81,NULL,NULL,NULL,NULL,NULL,NULL),(75,'https://klinik-am-schloss.de/wp-content/uploads/istock-544815008-partiell-08.jpg',779,NULL,'image-ex',81,NULL,NULL,NULL,NULL,NULL,NULL),(76,'https://klinik-am-schloss.de/wp-content/uploads/istock-544815008-partiell-09.jpg',779,NULL,'image-ex',81,NULL,NULL,NULL,NULL,NULL,NULL),(77,'https://klinik-am-schloss.de/wp-content/uploads/istock-544815008-partiell-10.jpg',779,NULL,'image-ex',81,NULL,NULL,NULL,NULL,NULL,NULL),(81,'https://klinik-am-schloss.de/wp-content/uploads/thomasvogel-dental-technician-working-on-a-dention-picture-id500276615-900x450.jpg',779,NULL,'image-ex',81,NULL,NULL,NULL,NULL,NULL,NULL),(93,'https://klinik-am-schloss.de/wp-content/uploads/talaj-dental-implant-with-road-signs-picture-id1271649135.jpg',779,NULL,'image-ex',81,NULL,NULL,NULL,NULL,NULL,NULL),(94,'https://klinik-am-schloss.de/wp-content/uploads/yuri-arcurs-success-was-always-going-to-be-hers-picture-id484222033.jpg',779,NULL,'image-ex',81,NULL,NULL,NULL,NULL,NULL,NULL),(95,'https://klinik-am-schloss.de/wp-content/uploads/djelics-mature-man-eating-an-apple-in-a-gym-picture-id1166399722.jpg',779,NULL,'image-ex',81,NULL,NULL,NULL,NULL,NULL,NULL),(96,'https://klinik-am-schloss.de/wp-content/uploads/filadendron-mature-couple-outdoor-picture-id1176965873.jpg',779,NULL,'image-ex',81,NULL,NULL,NULL,NULL,NULL,NULL),(97,'',779,NULL,'image-in',81,2,NULL,NULL,NULL,NULL,NULL),(98,'https://klinik-am-schloss.de/wp-content/uploads/ate-sept2004-cost-of-retirment-happiness-picture-id1098111742.jpg',779,NULL,'image-ex',81,NULL,NULL,NULL,NULL,NULL,NULL),(99,'https://klinik-am-schloss.de/wp-content/uploads/sdecoret-businessman-on-blurred-background-holding-hand-drawn-question-marks-picture-id1211202460.jpg',779,NULL,'image-ex',81,NULL,NULL,NULL,NULL,NULL,NULL),(100,'https://klinik-am-schloss.de/wp-content/uploads/delmaine-donson-life-is-all-about-the-choices-you-make-picture-id1223243609.jpg',779,NULL,'image-ex',81,NULL,NULL,NULL,NULL,NULL,NULL),(101,'https://klinik-am-schloss.de/wp-content/uploads/implantat-kosten.jpg',779,NULL,'image-ex',81,NULL,NULL,NULL,NULL,NULL,NULL),(102,'https://klinik-am-schloss.de/wp-content/uploads/peterschreibermedia-dental-implants-isolated-on-blue-background-picture-id1319048412.jpg',779,NULL,'image-ex',81,NULL,NULL,NULL,NULL,NULL,NULL),(103,'https://klinik-am-schloss.de/wp-content/uploads/turk-stock-photographer-male-dentist-explaining-tooth-implantation-picture-id1201849227.jpg',779,NULL,'image-ex',81,NULL,NULL,NULL,NULL,NULL,NULL),(144,'https://www.jameda.de/sigmaringen/zahnaerzte/oralchirurgen/dr-m-sc-christian-toth/uebersicht/81058002_1/',51,NULL,'external',68,NULL,NULL,NULL,NULL,NULL,NULL),(145,'https://www.jameda.de/sigmaringen/zahnaerzte/oralchirurgen/dr-m-sc-christian-toth/uebersicht/81058002_1/',240,NULL,'external',74,NULL,NULL,NULL,NULL,NULL,NULL),(146,'https://www.jameda.de/sigmaringen/zahnaerzte/implantologie/dr-m-sc-kresimir-mestrovic/uebersicht/81001858_1/',243,NULL,'external',77,NULL,NULL,NULL,NULL,NULL,NULL),(147,'https://mein-zahnarzt-ueberlingen.de/ratgeber/zahnimplantat/?preview_id=779&amp;preview_nonce=06b530fa22&amp;preview=true&amp;_thumbnail_id=753',466,779,'internal',104,81,NULL,NULL,NULL,NULL,NULL),(148,'https://klinik-am-schloss.de/',467,NULL,'external',105,NULL,NULL,NULL,NULL,NULL,NULL),(149,'https://www.jameda.de/sigmaringen/zahnaerzte/oralchirurgen/dr-m-sc-christian-toth/uebersicht/81058002_1/',494,NULL,'external',63,NULL,NULL,NULL,NULL,NULL,NULL),(150,'https://www.jameda.de/sigmaringen/zahnaerzte/oralchirurgen/dr-m-sc-christian-toth/uebersicht/81058002_1/',494,NULL,'external',63,NULL,NULL,NULL,NULL,NULL,NULL),(151,'https://www.jameda.de/sigmaringen/zahnaerzte/implantologie/dr-m-sc-kresimir-mestrovic/uebersicht/81001858_1/',494,NULL,'external',63,NULL,NULL,NULL,NULL,NULL,NULL),(152,'https://mein-zahnarzt-ueberlingen.de/ratgeber/zahnimplantat/?preview_id=779&amp;preview_nonce=06b530fa22&amp;preview=true&amp;_thumbnail_id=753',494,779,'internal',63,81,NULL,NULL,NULL,NULL,NULL),(153,'https://klinik-am-schloss.de/',494,NULL,'external',63,NULL,NULL,NULL,NULL,NULL,NULL),(154,'http://www.google.de/privacy/ads',20,NULL,'external',64,NULL,NULL,NULL,NULL,NULL,NULL),(155,'http://www.networkadvertising.org/managing/opt_out.asp',20,NULL,'external',64,NULL,NULL,NULL,NULL,NULL,NULL),(156,'http://www.google.com/intl/de/privacy',20,NULL,'external',64,NULL,NULL,NULL,NULL,NULL,NULL),(157,'https://support.google.com/analytics/answer/2838718?hl=de',20,NULL,'external',64,NULL,NULL,NULL,NULL,NULL,NULL),(158,'http://www.google.de/privacy/ads',22,NULL,'external',65,NULL,NULL,NULL,NULL,NULL,NULL),(159,'http://www.networkadvertising.org/managing/opt_out.asp',22,NULL,'external',65,NULL,NULL,NULL,NULL,NULL,NULL),(160,'http://www.google.com/intl/de/privacy',22,NULL,'external',65,NULL,NULL,NULL,NULL,NULL,NULL),(161,'https://support.google.com/analytics/answer/2838718?hl=de',22,NULL,'external',65,NULL,NULL,NULL,NULL,NULL,NULL),(162,'https://mein-zahnarzt-ueberlingen.de/kontakt-videosprechstunde/',494,495,'internal',63,79,NULL,NULL,NULL,NULL,NULL),(163,'https://mein-zahnarzt-ueberlingen.de/kontakt-videosprechstunde/',494,495,'internal',63,79,NULL,NULL,NULL,NULL,NULL),(164,'https://mein-zahnarzt-ueberlingen.de/kontakt-videosprechstunde/',494,495,'internal',63,79,NULL,NULL,NULL,NULL,NULL),(165,'https://mein-zahnarzt-ueberlingen.de/kontakt-videosprechstunde/',494,495,'internal',63,79,NULL,NULL,NULL,NULL,NULL),(166,'https://mein-zahnarzt-ueberlingen.de/kontakt-videosprechstunde/',494,495,'internal',63,79,NULL,NULL,NULL,NULL,NULL),(167,'https://mein-zahnarzt-ueberlingen.de/kontakt-videosprechstunde/',494,495,'internal',63,79,NULL,NULL,NULL,NULL,NULL),(168,'https://mein-zahnarzt-ueberlingen.de/kontakt-videosprechstunde/',494,495,'internal',63,79,NULL,NULL,NULL,NULL,NULL),(169,'https://mein-zahnarzt-ueberlingen.de/kontakt-videosprechstunde/',494,495,'internal',63,79,NULL,NULL,NULL,NULL,NULL),(170,'https://mein-zahnarzt-ueberlingen.de/kontakt-videosprechstunde/',494,495,'internal',63,79,NULL,NULL,NULL,NULL,NULL),(171,'https://mein-zahnarzt-ueberlingen.de/kontakt-videosprechstunde/',494,495,'internal',63,79,NULL,NULL,NULL,NULL,NULL),(172,'https://mein-zahnarzt-ueberlingen.de/kontakt-videosprechstunde/',494,495,'internal',63,79,NULL,NULL,NULL,NULL,NULL),(173,'https://mein-zahnarzt-ueberlingen.de/kontakt-videosprechstunde/',494,495,'internal',63,79,NULL,NULL,NULL,NULL,NULL),(174,'https://mein-zahnarzt-ueberlingen.de/kontakt-videosprechstunde/',494,495,'internal',63,79,NULL,NULL,NULL,NULL,NULL),(175,'https://mein-zahnarzt-ueberlingen.de/kontakt-videosprechstunde/',494,495,'internal',63,79,NULL,NULL,NULL,NULL,NULL),(176,'https://mein-zahnarzt-ueberlingen.de/kontakt-videosprechstunde/',494,495,'internal',63,79,NULL,NULL,NULL,NULL,NULL),(177,'https://mein-zahnarzt-ueberlingen.de/kontakt-videosprechstunde/',494,495,'internal',63,79,NULL,NULL,NULL,NULL,NULL),(178,'https://mein-zahnarzt-ueberlingen.de/kontakt-videosprechstunde/',494,495,'internal',63,79,NULL,NULL,NULL,NULL,NULL),(179,'https://mein-zahnarzt-ueberlingen.de/kontakt-videosprechstunde/',494,495,'internal',63,79,NULL,NULL,NULL,NULL,NULL),(180,'https://mein-zahnarzt-ueberlingen.de/kontakt-videosprechstunde/',494,495,'internal',63,79,NULL,NULL,NULL,NULL,NULL),(183,'mailto:info@zzü.de',494,NULL,'external',63,NULL,NULL,NULL,NULL,NULL,NULL),(185,'https://mein-zahnarzt-ueberlingen.de/kontakt-videosprechstunde/?preview_id=495&amp;preview_nonce=7d362e068c&amp;preview=true',494,495,'internal',63,79,NULL,NULL,NULL,NULL,NULL),(186,'https://mein-zahnarzt-ueberlingen.de/kontakt-videosprechstunde/?preview_id=495&amp;preview_nonce=7d362e068c&amp;preview=true',494,495,'internal',63,79,NULL,NULL,NULL,NULL,NULL),(187,'https://mein-zahnarzt-ueberlingen.de/kontakt-videosprechstunde/?preview_id=495&amp;preview_nonce=7d362e068c&amp;preview=true',494,495,'internal',63,79,NULL,NULL,NULL,NULL,NULL),(188,'https://mein-zahnarzt-ueberlingen.de/kontakt-videosprechstunde/?preview_id=495&amp;preview_nonce=7d362e068c&amp;preview=true',494,495,'internal',63,79,NULL,NULL,NULL,NULL,NULL),(189,'https://mein-zahnarzt-ueberlingen.de/kontakt-videosprechstunde/?preview_id=495&amp;preview_nonce=7d362e068c&amp;preview=true',494,495,'internal',63,79,NULL,NULL,NULL,NULL,NULL),(190,'https://mein-zahnarzt-ueberlingen.de/kontakt-videosprechstunde/?preview_id=495&amp;preview_nonce=7d362e068c&amp;preview=true',494,495,'internal',63,79,NULL,NULL,NULL,NULL,NULL),(191,'https://mein-zahnarzt-ueberlingen.de/kontakt-videosprechstunde/?preview_id=495&amp;preview_nonce=7d362e068c&amp;preview=true',494,495,'internal',63,79,NULL,NULL,NULL,NULL,NULL),(192,'https://mein-zahnarzt-ueberlingen.de/kontakt-videosprechstunde/?preview_id=495&amp;preview_nonce=7d362e068c&amp;preview=true',494,495,'internal',63,79,NULL,NULL,NULL,NULL,NULL),(193,'https://mein-zahnarzt-ueberlingen.de/kontakt-videosprechstunde/?preview_id=495&amp;preview_nonce=7d362e068c&amp;preview=true',494,495,'internal',63,79,NULL,NULL,NULL,NULL,NULL),(206,'mailto:info@klinik-am-schloss.de',494,NULL,'external',63,NULL,NULL,NULL,NULL,NULL,NULL),(213,'https://mein-zahnarzt-ueberlingen.de/kontakt-videosprechstunde/?preview_id=495&amp;preview_nonce=03615c4772&amp;preview=true',131,495,'internal',47,79,NULL,NULL,NULL,NULL,NULL),(214,'https://mein-zahnarzt-ueberlingen.de/datenschutz/?preview_id=22&amp;preview_nonce=1f4a503b42&amp;preview=true',131,22,'internal',47,65,NULL,NULL,NULL,NULL,NULL),(215,'https://mein-zahnarzt-ueberlingen.de/impressum/?preview_id=20&amp;preview_nonce=35e4d59114&amp;preview=true',131,20,'internal',47,64,NULL,NULL,NULL,NULL,NULL),(216,'https://mein-zahnarzt-ueberlingen.de/kontakt-videosprechstunde/?preview_id=495&amp;preview_nonce=7d362e068c&amp;preview=true',246,495,'internal',78,79,NULL,NULL,NULL,NULL,NULL),(217,'https://mein-zahnarzt-ueberlingen.de/kontakt-videosprechstunde/?preview_id=495&amp;preview_nonce=7d362e068c&amp;preview=true',246,495,'internal',78,79,NULL,NULL,NULL,NULL,NULL),(218,'https://mein-zahnarzt-ueberlingen.de/kontakt-videosprechstunde/?preview_id=495&amp;preview_nonce=7d362e068c&amp;preview=true',246,495,'internal',78,79,NULL,NULL,NULL,NULL,NULL),(219,'https://mein-zahnarzt-ueberlingen.de/kontakt-videosprechstunde/?preview_id=495&amp;preview_nonce=7d362e068c&amp;preview=true',246,495,'internal',78,79,NULL,NULL,NULL,NULL,NULL),(220,'https://mein-zahnarzt-ueberlingen.de/kontakt-videosprechstunde/?preview_id=495&amp;preview_nonce=7d362e068c&amp;preview=true',246,495,'internal',78,79,NULL,NULL,NULL,NULL,NULL),(221,'https://mein-zahnarzt-ueberlingen.de/kontakt-videosprechstunde/?preview_id=495&amp;preview_nonce=7d362e068c&amp;preview=true',246,495,'internal',78,79,NULL,NULL,NULL,NULL,NULL),(222,'https://mein-zahnarzt-ueberlingen.de/kontakt-videosprechstunde/?preview_id=495&amp;preview_nonce=7d362e068c&amp;preview=true',246,495,'internal',78,79,NULL,NULL,NULL,NULL,NULL),(223,'https://mein-zahnarzt-ueberlingen.de/kontakt-videosprechstunde/?preview_id=495&amp;preview_nonce=7d362e068c&amp;preview=true',246,495,'internal',78,79,NULL,NULL,NULL,NULL,NULL),(224,'https://mein-zahnarzt-ueberlingen.de/kontakt-videosprechstunde/',246,495,'internal',78,79,NULL,NULL,NULL,NULL,NULL),(225,'https://mein-zahnarzt-ueberlingen.de/kontakt-videosprechstunde/',246,495,'internal',78,79,NULL,NULL,NULL,NULL,NULL),(226,'https://mein-zahnarzt-ueberlingen.de/kontakt-videosprechstunde/',246,495,'internal',78,79,NULL,NULL,NULL,NULL,NULL),(227,'https://mein-zahnarzt-ueberlingen.de/kontakt-videosprechstunde/',246,495,'internal',78,79,NULL,NULL,NULL,NULL,NULL),(228,'https://mein-zahnarzt-ueberlingen.de/kontakt-videosprechstunde/',246,495,'internal',78,79,NULL,NULL,NULL,NULL,NULL),(229,'https://mein-zahnarzt-ueberlingen.de/kontakt-videosprechstunde/',246,495,'internal',78,79,NULL,NULL,NULL,NULL,NULL),(230,'https://mein-zahnarzt-ueberlingen.de/kontakt-videosprechstunde/',246,495,'internal',78,79,NULL,NULL,NULL,NULL,NULL),(231,'https://mein-zahnarzt-ueberlingen.de/kontakt-videosprechstunde/',246,495,'internal',78,79,NULL,NULL,NULL,NULL,NULL),(232,'https://mein-zahnarzt-ueberlingen.de/kontakt-videosprechstunde/',246,495,'internal',78,79,NULL,NULL,NULL,NULL,NULL),(233,'https://mein-zahnarzt-ueberlingen.de/kontakt-videosprechstunde/',246,495,'internal',78,79,NULL,NULL,NULL,NULL,NULL),(234,'https://mein-zahnarzt-ueberlingen.de/kontakt-videosprechstunde/',246,495,'internal',78,79,NULL,NULL,NULL,NULL,NULL),(235,'https://mein-zahnarzt-ueberlingen.de/kontakt-videosprechstunde/?preview_id=495&amp;preview_nonce=7d362e068c&amp;preview=true',246,495,'internal',78,79,NULL,NULL,NULL,NULL,NULL),(236,'mailto:info@zzü.de',246,NULL,'external',78,NULL,NULL,NULL,NULL,NULL,NULL),(237,'https://mein-zahnarzt-ueberlingen.de/wp-content/uploads/sites/3/zahnarzt-uberlingen-veneers-683x1024.jpg',246,855,'image-in',78,127,1102,735,273950,NULL,NULL),(238,'https://mein-zahnarzt-ueberlingen.de/wp-content/uploads/sites/3/zahnarzt-angst-683x1024.jpg',246,886,'image-in',78,144,1102,735,219654,NULL,NULL),(239,'https://mein-zahnarzt-ueberlingen.de/wp-content/uploads/sites/3/zahnarzt-ueberlingen-weisheitszaehne-683x1024.jpg',246,856,'image-in',78,128,1102,735,153957,NULL,NULL),(240,'https://mein-zahnarzt-ueberlingen.de/wp-content/uploads/sites/3/dentallabor-ueberlingen-683x1024.jpg',246,887,'image-in',78,145,1102,735,130011,NULL,NULL),(241,'https://mein-zahnarzt-ueberlingen.de/wp-content/uploads/sites/3/zahnarzt-uberlingen-zahnfleischentzuendung-683x1024.jpg',246,857,'image-in',78,129,1102,735,156819,NULL,NULL),(243,'https://mein-zahnarzt-ueberlingen.de/wp-content/uploads/sites/3/zahnarzt-ueberlingen-karies-683x1024.jpg',246,859,'image-in',78,130,1102,735,197444,NULL,NULL),(244,'https://mein-zahnarzt-ueberlingen.de/wp-content/uploads/sites/3/zahnarzt-ueberlingen-wurzelbehandlung-683x1024.jpg',246,860,'image-in',78,131,1102,735,168294,NULL,NULL),(245,'https://mein-zahnarzt-ueberlingen.de/wp-content/uploads/sites/3/zahnarzt-ueberlingen-zahnreinigung-683x1024.jpg',246,861,'image-in',78,132,1102,735,167057,NULL,NULL),(246,'https://mein-zahnarzt-ueberlingen.de/wp-content/uploads/sites/3/zahnarzt-ueberlingen-implantat-683x1024.jpg',246,862,'image-in',78,133,1102,735,252468,NULL,NULL),(247,'https://mein-zahnarzt-ueberlingen.de/wp-content/uploads/sites/3/zahnarzt-ueberlingen-zahnkrone-683x1024.jpg',246,863,'image-in',78,134,1102,735,184076,NULL,NULL),(248,'https://mein-zahnarzt-ueberlingen.de/wp-content/uploads/sites/3/zahnarzt-ueberlingen-zahnschiene-683x1024.jpg',246,864,'image-in',78,135,1102,735,249353,NULL,NULL),(249,'https://mein-zahnarzt-ueberlingen.de/wp-content/uploads/sites/3/zahnarzt-ueberlingen-zahnaufhellung-683x1024.jpg',246,865,'image-in',78,136,1102,735,203764,NULL,NULL),(250,'https://mein-zahnarzt-ueberlingen.de/wp-content/uploads/sites/3/leistungen-zahnarzt-ueberlingen-720x480.jpg',246,904,'image-in',78,148,683,1024,179603,NULL,NULL),(255,'https://mein-zahnarzt-ueberlingen.de/wp-content/uploads/sites/3/zahnarzt-ueberlingen-telefonnummer.jpg',246,919,'image-in',78,149,1024,682,108441,NULL,NULL),(277,'https://mein-zahnarzt-ueberlingen.de/wp-content/uploads/sites/3/crevis2-tooth-human-implant-3d-rendering-picture-id1125898430kl.jpg',779,926,'image-in',81,153,296,591,30844,NULL,NULL),(278,'https://mein-zahnarzt-ueberlingen.de/wp-content/uploads/sites/3/zahn-aufbau.jpg',779,933,'image-in',81,154,296,591,32682,NULL,NULL),(279,'https://mein-zahnarzt-ueberlingen.de/wp-content/uploads/sites/3/implantat-zahn.jpg',779,953,'image-in',81,173,296,591,25947,NULL,NULL),(280,'https://mein-zahnarzt-ueberlingen.de/wp-content/uploads/sites/3/implantat-arten.jpg',779,940,'image-in',81,160,296,591,28138,NULL,NULL),(281,'https://mein-zahnarzt-ueberlingen.de/wp-content/uploads/sites/3/implantat-abutment.jpg',779,939,'image-in',81,159,296,591,20724,NULL,NULL),(282,'https://mein-zahnarzt-ueberlingen.de/wp-content/uploads/sites/3/kuenstliches-zahnfleisch.jpg',779,958,'image-in',81,178,296,591,30667,NULL,NULL),(283,'https://mein-zahnarzt-ueberlingen.de/wp-content/uploads/sites/3/zahnimplantate-ablauf.jpg',779,968,'image-in',81,188,296,591,39776,NULL,NULL),(284,'https://mein-zahnarzt-ueberlingen.de/wp-content/uploads/sites/3/zahnimplantat-erfahrungen-300x150.jpg',779,971,'image-in',81,191,600,1200,44034,NULL,NULL),(285,'https://mein-zahnarzt-ueberlingen.de/wp-content/uploads/sites/3/zahnimplantat-erfahrungen-300x150.jpg',779,971,'image-in',81,191,600,1200,44034,NULL,NULL),(286,'https://mein-zahnarzt-ueberlingen.de/wp-content/uploads/sites/3/implantat-behandlung.jpg',779,942,'image-in',81,162,285,591,33194,NULL,NULL),(287,'https://mein-zahnarzt-ueberlingen.de/wp-content/uploads/sites/3/zahnimplantation.jpg',779,975,'image-in',81,195,296,591,39057,NULL,NULL),(288,'https://mein-zahnarzt-ueberlingen.de/wp-content/uploads/sites/3/3d-roentgen.jpg',779,935,'image-in',81,155,296,591,32806,NULL,NULL),(289,'https://mein-zahnarzt-ueberlingen.de/wp-content/uploads/sites/3/navigierte-implantologie.jpg',779,960,'image-in',81,180,296,591,24789,NULL,NULL),(290,'https://mein-zahnarzt-ueberlingen.de/wp-content/uploads/sites/3/intraoralscanner.jpg',779,954,'image-in',81,174,296,591,39219,NULL,NULL),(291,'https://mein-zahnarzt-ueberlingen.de/wp-content/uploads/sites/3/zahnimplantat-ablauf.jpg',779,967,'image-in',81,187,296,591,35663,NULL,NULL),(292,'https://mein-zahnarzt-ueberlingen.de/wp-content/uploads/sites/3/implantation-schmerzen.jpg',779,951,'image-in',81,171,296,591,38964,NULL,NULL),(293,'https://mein-zahnarzt-ueberlingen.de/wp-content/uploads/sites/3/essen-nach-zahnimplantat.jpg',779,938,'image-in',81,158,296,591,75216,NULL,NULL),(294,'https://mein-zahnarzt-ueberlingen.de/wp-content/uploads/sites/3/zahnkrone-zahnimplantat-830x415.jpg',779,981,'image-in',81,201,600,1200,75220,NULL,NULL),(295,'https://mein-zahnarzt-ueberlingen.de/wp-content/uploads/sites/3/implantat-backenzahn.jpg',779,941,'image-in',81,161,296,591,29139,NULL,NULL),(296,'https://mein-zahnarzt-ueberlingen.de/wp-content/uploads/sites/3/implantat-schneidezahn.jpg',779,952,'image-in',81,172,296,591,35656,NULL,NULL),(297,'https://mein-zahnarzt-ueberlingen.de/wp-content/uploads/sites/3/zahnersatz-vollkeramik.jpg',779,965,'image-in',81,185,296,591,21470,NULL,NULL),(298,'https://mein-zahnarzt-ueberlingen.de/wp-content/uploads/sites/3/wie-viele-implantate.jpg',779,963,'image-in',81,183,296,591,37311,NULL,NULL),(299,'https://mein-zahnarzt-ueberlingen.de/wp-content/uploads/sites/3/zahnimplantat-kosten.jpg',779,976,'image-in',81,196,296,591,42800,NULL,NULL),(300,'https://mein-zahnarzt-ueberlingen.de/wp-content/uploads/sites/3/zahnimplantate-kosten-300x150.jpg',779,969,'image-in',81,189,600,1200,70545,NULL,NULL),(301,'https://mein-zahnarzt-ueberlingen.de/wp-content/uploads/sites/3/zahnimplantate-kosten-300x150.jpg',779,969,'image-in',81,189,600,1200,70545,NULL,NULL),(302,'https://mein-zahnarzt-ueberlingen.de/wp-content/uploads/sites/3/mini-implantate.jpg',779,959,'image-in',81,179,296,591,21856,NULL,NULL),(303,'https://mein-zahnarzt-ueberlingen.de/wp-content/uploads/sites/3/zahnimplantat-kosten-krankenkasse.jpg',779,977,'image-in',81,197,1102,735,138567,NULL,NULL),(304,'https://mein-zahnarzt-ueberlingen.de/wp-content/uploads/sites/3/zahnimplantat-versicherung.jpg',779,979,'image-in',81,199,296,591,44363,NULL,NULL),(305,'https://mein-zahnarzt-ueberlingen.de/wp-content/uploads/sites/3/alternative-zahnimplantate.jpg',779,936,'image-in',81,156,296,591,37760,NULL,NULL),(306,'https://mein-zahnarzt-ueberlingen.de/wp-content/uploads/sites/3/zahnimplantat-kosten-rechner.jpg',779,978,'image-in',81,198,296,591,35741,NULL,NULL),(310,'https://mein-zahnarzt-ueberlingen.de/wp-content/uploads/sites/3/zahnarzt-zahnimplantate.jpg',779,964,'image-in',81,184,296,591,25869,NULL,NULL),(311,'https://mein-zahnarzt-ueberlingen.de/wp-content/uploads/sites/3/in-welchem-alter-zahnimplantate-830x415.jpg',779,955,'image-in',81,175,600,1200,65246,NULL,NULL),(312,'https://mein-zahnarzt-ueberlingen.de/wp-content/uploads/sites/3/zahnimplantate-sinnvoll-300x150.jpg',779,973,'image-in',81,193,600,1200,84778,NULL,NULL),(313,'https://mein-zahnarzt-ueberlingen.de/wp-content/uploads/sites/3/zahnimplantate-sinnvoll-300x150.jpg',779,973,'image-in',81,193,600,1200,84778,NULL,NULL),(314,'https://mein-zahnarzt-ueberlingen.de/wp-content/uploads/sites/3/kieferknochenaufbau.jpg',779,956,'image-in',81,176,296,591,91926,NULL,NULL),(315,'https://mein-zahnarzt-ueberlingen.de/wp-content/uploads/sites/3/zahnimplantate-risiken-830x415.jpg',779,972,'image-in',81,192,600,1200,72260,NULL,NULL),(316,'https://mein-zahnarzt-ueberlingen.de/wp-content/uploads/sites/3/zahnimplantat-gefaehrlich-300x150.jpg',779,974,'image-in',81,194,600,1200,61408,NULL,NULL),(317,'https://mein-zahnarzt-ueberlingen.de/wp-content/uploads/sites/3/zahnimplantat-gefaehrlich-300x150.jpg',779,974,'image-in',81,194,600,1200,61408,NULL,NULL),(318,'https://mein-zahnarzt-ueberlingen.de/wp-content/uploads/sites/3/rauchen-implantate-830x415.jpg',779,962,'image-in',81,182,600,1200,90317,NULL,NULL),(319,'https://mein-zahnarzt-ueberlingen.de/wp-content/uploads/sites/3/implantate-trotz-zahnfleischentzuendung.jpg',779,950,'image-in',81,170,296,591,34261,NULL,NULL),(320,'https://mein-zahnarzt-ueberlingen.de/wp-content/uploads/sites/3/implantate-trotz-cmd.jpg',779,949,'image-in',81,169,296,591,33540,NULL,NULL),(321,'https://mein-zahnarzt-ueberlingen.de/wp-content/uploads/sites/3/implantate-herz-kreislauf-erkrankungen-830x415.jpg',779,944,'image-in',81,164,600,1200,36493,NULL,NULL),(322,'https://mein-zahnarzt-ueberlingen.de/wp-content/uploads/sites/3/implantate-stoffwechselerkrankungen.jpg',779,948,'image-in',81,168,296,591,39524,NULL,NULL),(323,'https://mein-zahnarzt-ueberlingen.de/wp-content/uploads/sites/3/implantate-multople-systremische-erkrankungen.jpg',779,946,'image-in',81,166,296,591,33083,NULL,NULL),(324,'https://mein-zahnarzt-ueberlingen.de/wp-content/uploads/sites/3/implantate-bisphosphonattherapie.jpg',779,943,'image-in',81,163,296,591,36309,NULL,NULL),(325,'https://mein-zahnarzt-ueberlingen.de/wp-content/uploads/sites/3/implantate-kortisontherapie.jpg',779,945,'image-in',81,165,296,591,46693,NULL,NULL),(326,'https://mein-zahnarzt-ueberlingen.de/wp-content/uploads/sites/3/periimplantitis-830x415.jpg',779,961,'image-in',81,181,600,1200,63996,NULL,NULL),(327,'https://mein-zahnarzt-ueberlingen.de/wp-content/uploads/sites/3/zahnimplantat-entzuendung-300x150.jpg',779,970,'image-in',81,190,296,591,30684,NULL,NULL),(328,'https://mein-zahnarzt-ueberlingen.de/wp-content/uploads/sites/3/zahnimplantat-entzuendung-300x150.jpg',779,970,'image-in',81,190,296,591,30684,NULL,NULL),(329,'https://mein-zahnarzt-ueberlingen.de/wp-content/uploads/sites/3/krankheiten-implantate.jpg',779,957,'image-in',81,177,296,591,34705,NULL,NULL),(330,'https://mein-zahnarzt-ueberlingen.de/wp-content/uploads/sites/3/implantat-entfernen.jpg',779,947,'image-in',81,167,296,591,39456,NULL,NULL),(331,'https://mein-zahnarzt-ueberlingen.de/patientenservice-bundesweit/',779,246,'internal',81,78,NULL,NULL,NULL,NULL,NULL),(332,'https://mein-zahnarzt-ueberlingen.de/kontakt-videosprechstunde/',779,495,'internal',81,79,NULL,NULL,NULL,NULL,NULL),(333,'https://mein-zahnarzt-ueberlingen.de/wp-content/uploads/sites/3/setz-dsc8638-b3-683x1024.jpg',246,1124,'image-in',78,205,1800,1200,352570,NULL,NULL),(334,'mailto:info@zzü.de',779,NULL,'external',81,NULL,NULL,NULL,NULL,NULL,NULL),(335,'https://mein-zahnarzt-ueberlingen.de/wp-content/uploads/sites/3/zahnarzt-ueberlingen-telefonnummer.jpg',779,919,'image-in',81,149,1024,682,108441,NULL,NULL),(336,'https://mein-zahnarzt-ueberlingen.de/wp-content/uploads/sites/3/setzyun-0766-b-830x553.jpg',779,1128,'image-in',81,207,1200,1800,538580,NULL,NULL),(337,'https://mein-zahnarzt-ueberlingen.de/wp-content/uploads/sites/3/setz-ms06249-b-300x200.jpg',779,1130,'image-in',81,208,1201,1800,450281,NULL,NULL),(338,'https://mein-zahnarzt-ueberlingen.de/wp-content/uploads/sites/3/setz-ms06249-b-300x200.jpg',779,1130,'image-in',81,208,1201,1800,450281,NULL,NULL),(344,'https://mein-zahnarzt-ueberlingen.de/datenschutz/',779,22,'internal',81,65,NULL,NULL,NULL,NULL,NULL),(345,'https://mein-zahnarzt-ueberlingen.de/datenschutz/',494,22,'internal',63,65,NULL,NULL,NULL,NULL,NULL),(346,'https://mein-zahnarzt-ueberlingen.de/wp-content/uploads/sites/3/ueberlingen_16_9-–-720x405-1.jpg',494,885,'image-in',63,143,405,720,150900,NULL,NULL),(347,'https://mein-zahnarzt-ueberlingen.de/wp-content/uploads/sites/3/SETZ_MS06280_b_16_9-–-720x405-2.jpg',494,870,'image-in',63,138,405,720,131447,NULL,NULL),(348,'https://mein-zahnarzt-ueberlingen.de/wp-content/themes/klinik-am-schloss/img/map-obermarchtal.png',494,NULL,'image-in',63,NULL,NULL,NULL,NULL,NULL,NULL),(350,'https://mein-zahnarzt-ueberlingen.de/wp-content/themes/klinik-am-schloss/img/map-sigmaringen.png',494,NULL,'image-in',63,NULL,NULL,NULL,NULL,NULL,NULL),(351,'https://mein-zahnarzt-ueberlingen.de/wp-content/themes/klinik-am-schloss/img/map-obermarchtal.png',494,NULL,'image-in',63,NULL,NULL,NULL,NULL,NULL,NULL),(353,'https://mein-zahnarzt-ueberlingen.de/wp-content/themes/klinik-am-schloss/img/map-sigmaringen.png',494,NULL,'image-in',63,NULL,NULL,NULL,NULL,NULL,NULL),(354,'https://mein-zahnarzt-ueberlingen.de',494,494,'internal',63,63,NULL,NULL,NULL,NULL,NULL),(355,'https://goo.gl/maps/Z9tqWmfKY3TnaR1u5',494,NULL,'external',63,NULL,NULL,NULL,NULL,NULL,NULL),(356,'https://goo.gl/maps/Z9tqWmfKY3TnaR1u5',494,NULL,'external',63,NULL,NULL,NULL,NULL,NULL,NULL),(357,'https://klinik-am-schloss.de',494,NULL,'external',63,NULL,NULL,NULL,NULL,NULL,NULL),(358,'https://goo.gl/maps/jhvBCdLjDLLUFKHC6',494,NULL,'external',63,NULL,NULL,NULL,NULL,NULL,NULL),(359,'https://goo.gl/maps/jhvBCdLjDLLUFKHC6',494,NULL,'external',63,NULL,NULL,NULL,NULL,NULL,NULL),(360,'mailto:info@h5zahnarzt.de',494,NULL,'external',63,NULL,NULL,NULL,NULL,NULL,NULL),(361,'https://mein-zahnarzt-obermarchtal.de',494,NULL,'external',63,NULL,NULL,NULL,NULL,NULL,NULL),(362,'https://goo.gl/maps/1sqQQMjLddMM6bJx5',494,NULL,'external',63,NULL,NULL,NULL,NULL,NULL,NULL),(363,'https://goo.gl/maps/1sqQQMjLddMM6bJx5',494,NULL,'external',63,NULL,NULL,NULL,NULL,NULL,NULL),(364,'https://mein-zahnarzt-ueberlingen.de',494,494,'internal',63,63,NULL,NULL,NULL,NULL,NULL),(365,'https://goo.gl/maps/Z9tqWmfKY3TnaR1u5',494,NULL,'external',63,NULL,NULL,NULL,NULL,NULL,NULL),(366,'https://klinik-am-schloss.de',494,NULL,'external',63,NULL,NULL,NULL,NULL,NULL,NULL),(367,'https://goo.gl/maps/jhvBCdLjDLLUFKHC6',494,NULL,'external',63,NULL,NULL,NULL,NULL,NULL,NULL),(368,'mailto:info@h5zahnarzt.de',494,NULL,'external',63,NULL,NULL,NULL,NULL,NULL,NULL),(369,'https://mein-zahnarzt-obermarchtal.de',494,NULL,'external',63,NULL,NULL,NULL,NULL,NULL,NULL),(370,'https://goo.gl/maps/1sqQQMjLddMM6bJx5',494,NULL,'external',63,NULL,NULL,NULL,NULL,NULL,NULL),(371,'https://goo.gl/maps/Z9tqWmfKY3TnaR1u5',494,NULL,'external',63,NULL,NULL,NULL,NULL,NULL,NULL),(372,'https://goo.gl/maps/jhvBCdLjDLLUFKHC6',494,NULL,'external',63,NULL,NULL,NULL,NULL,NULL,NULL),(373,'https://goo.gl/maps/1sqQQMjLddMM6bJx5',494,NULL,'external',63,NULL,NULL,NULL,NULL,NULL,NULL),(374,'https://mein-zahnarzt-ueberlingen.de/wp-content/uploads/sites/3/zahnarzt-uberlingen-veneers-360x540.jpg',494,855,'image-in',63,127,1102,735,273950,NULL,NULL),(375,'https://mein-zahnarzt-ueberlingen.de/wp-content/uploads/sites/3/zahnarzt-ueberlingen-weisheitszaehne-360x540.jpg',494,856,'image-in',63,128,1102,735,153957,NULL,NULL),(376,'https://mein-zahnarzt-ueberlingen.de/wp-content/uploads/sites/3/zahnarzt-uberlingen-zahnfleischentzuendung-360x540.jpg',494,857,'image-in',63,129,1102,735,156819,NULL,NULL),(377,'https://mein-zahnarzt-ueberlingen.de/wp-content/uploads/sites/3/zahnarzt-ueberlingen-karies-360x540.jpg',494,859,'image-in',63,130,1102,735,197444,NULL,NULL),(378,'https://mein-zahnarzt-ueberlingen.de/wp-content/uploads/sites/3/zahnarzt-ueberlingen-wurzelbehandlung-360x540.jpg',494,860,'image-in',63,131,1102,735,168294,NULL,NULL),(379,'https://mein-zahnarzt-ueberlingen.de/wp-content/uploads/sites/3/zahnarzt-ueberlingen-zahnreinigung-360x540.jpg',494,861,'image-in',63,132,1102,735,167057,NULL,NULL),(380,'https://mein-zahnarzt-ueberlingen.de/wp-content/uploads/sites/3/zahnarzt-ueberlingen-implantat-360x540.jpg',494,862,'image-in',63,133,1102,735,252468,NULL,NULL),(381,'https://mein-zahnarzt-ueberlingen.de/wp-content/uploads/sites/3/zahnarzt-ueberlingen-zahnkrone-360x540.jpg',494,863,'image-in',63,134,1102,735,184076,NULL,NULL),(382,'https://mein-zahnarzt-ueberlingen.de/wp-content/uploads/sites/3/zahnarzt-ueberlingen-zahnschiene-360x540.jpg',494,864,'image-in',63,135,1102,735,249353,NULL,NULL),(383,'https://mein-zahnarzt-ueberlingen.de/wp-content/uploads/sites/3/zahnarzt-ueberlingen-zahnaufhellung-360x540.jpg',494,865,'image-in',63,136,1102,735,203764,NULL,NULL),(384,'https://mein-zahnarzt-ueberlingen.de/wp-content/uploads/sites/3/setz-dsc8616-b-900x600.jpg',494,1123,'image-in',63,204,1200,1800,342226,NULL,NULL),(385,'https://mein-zahnarzt-ueberlingen.de/wp-content/uploads/sites/3/setz-dsc8616-b-360x240.jpg',494,1123,'image-in',63,204,1200,1800,342226,NULL,NULL),(386,'https://mein-zahnarzt-ueberlingen.de/wp-content/uploads/sites/3/setz-dsc8581-b-900x600.jpg',494,1122,'image-in',63,203,1200,1800,394665,NULL,NULL),(387,'https://mein-zahnarzt-ueberlingen.de/wp-content/uploads/sites/3/setz-dsc8581-b-360x240.jpg',494,1122,'image-in',63,203,1200,1800,394665,NULL,NULL),(388,'https://mein-zahnarzt-ueberlingen.de/wp-content/uploads/sites/3/zahnarzt-angst-360x540.jpg',494,886,'image-in',63,144,1102,735,219654,NULL,NULL),(389,'https://mein-zahnarzt-ueberlingen.de/wp-content/uploads/sites/3/dentallabor-ueberlingen-360x540.jpg',494,887,'image-in',63,145,1102,735,130011,NULL,NULL),(390,'https://mein-zahnarzt-ueberlingen.de/wp-content/uploads/sites/3/setz-dsc8638-b3-360x540.jpg',494,1124,'image-in',63,205,1800,1200,352570,NULL,NULL),(391,'https://mein-zahnarzt-ueberlingen.de/wp-content/themes/klinik-am-schloss/img/map-überlingen.png',494,NULL,'image-in',63,NULL,NULL,NULL,NULL,NULL,NULL),(392,'https://mein-zahnarzt-ueberlingen.de/wp-content/themes/klinik-am-schloss/img/map-überlingen.png',494,NULL,'image-in',63,NULL,NULL,NULL,NULL,NULL,NULL),(396,'https://mein-zahnarzt-ueberlingen.de/wp-content/uploads/sites/3/zahnarzt-jobs-obermarchtal-900x754.jpg',494,882,'image-in',63,142,788,940,105983,NULL,NULL),(397,'https://mein-zahnarzt-ueberlingen.de/wp-content/uploads/sites/3/zahnarzt-jobs-obermarchtal-360x302.jpg',494,882,'image-in',63,142,788,940,105983,NULL,NULL),(398,'https://mein-zahnarzt-ueberlingen.de/wp-content/uploads/sites/3/ueberlingen-view.jpg',494,1179,'image-in',63,226,1407,2500,3217140,NULL,NULL),(399,'https://klinik-am-schloss.de/wp-content/uploads/sigmaringen-negativ.svg',494,NULL,'image-ex',63,NULL,NULL,NULL,NULL,NULL,NULL),(400,'https://mein-zahnarzt-obermarchtal.de/wp-content/uploads/sites/2/H5_Negativ.svg',494,NULL,'image-ex',63,NULL,NULL,NULL,NULL,NULL,NULL),(401,'https://mein-zahnarzt-ueberlingen.de/wp-content/uploads/sites/3/Logo_ZZUE_Negativ.svg',494,1183,'image-in',63,227,79,131,1616,NULL,NULL);

--
-- Table structure for table `kas_aiowps_debug_log`
--

CREATE TABLE `kas_aiowps_debug_log` (
  `id` bigint NOT NULL AUTO_INCREMENT,
  `level` varchar(25) COLLATE utf8mb4_general_ci NOT NULL DEFAULT '',
  `message` text COLLATE utf8mb4_general_ci NOT NULL,
  `type` varchar(25) COLLATE utf8mb4_general_ci NOT NULL DEFAULT '',
  `created` datetime NOT NULL DEFAULT '1000-10-10 10:00:00',
  PRIMARY KEY (`id`)
) ENGINE=InnoDB DEFAULT CHARSET=utf8mb4 COLLATE=utf8mb4_general_ci;

--
-- Dumping data for table `kas_aiowps_debug_log`
--


--
-- Table structure for table `kas_aiowps_events`
--

CREATE TABLE `kas_aiowps_events` (
  `id` bigint NOT NULL AUTO_INCREMENT,
  `event_type` varchar(150) COLLATE utf8mb4_general_ci NOT NULL DEFAULT '',
  `username` varchar(150) COLLATE utf8mb4_general_ci DEFAULT NULL,
  `user_id` bigint DEFAULT NULL,
  `event_date` datetime NOT NULL DEFAULT '1000-10-10 10:00:00',
  `ip_or_host` varchar(100) COLLATE utf8mb4_general_ci DEFAULT NULL,
  `referer_info` varchar(255) COLLATE utf8mb4_general_ci DEFAULT NULL,
  `url` varchar(255) COLLATE utf8mb4_general_ci DEFAULT NULL,
  `country_code` varchar(50) COLLATE utf8mb4_general_ci DEFAULT NULL,
  `event_data` longtext COLLATE utf8mb4_general_ci,
  PRIMARY KEY (`id`)
) ENGINE=InnoDB DEFAULT CHARSET=utf8mb4 COLLATE=utf8mb4_general_ci;

--
-- Dumping data for table `kas_aiowps_events`
--


--
-- Table structure for table `kas_aiowps_failed_logins`
--

CREATE TABLE `kas_aiowps_failed_logins` (
  `id` bigint NOT NULL AUTO_INCREMENT,
  `user_id` bigint NOT NULL,
  `user_login` varchar(150) COLLATE utf8mb4_general_ci NOT NULL,
  `failed_login_date` datetime NOT NULL DEFAULT '1000-10-10 10:00:00',
  `login_attempt_ip` varchar(100) COLLATE utf8mb4_general_ci NOT NULL DEFAULT '',
  PRIMARY KEY (`id`)
) ENGINE=InnoDB AUTO_INCREMENT=57 DEFAULT CHARSET=utf8mb4 COLLATE=utf8mb4_general_ci;

--
-- Dumping data for table `kas_aiowps_failed_logins`
--

INSERT INTO `kas_aiowps_failed_logins` VALUES (1,0,'admin','2022-09-29 00:57:30','193.112.202.112'),(2,0,'admin','2022-09-29 03:27:50','145.239.3.48'),(3,0,'admin','2022-09-29 03:36:46','212.33.197.207'),(4,0,'admin','2022-09-29 03:42:52','168.197.172.22'),(5,0,'admin','2022-09-29 03:49:52','167.71.63.47'),(6,0,'admin','2022-09-29 04:08:34','162.241.225.120'),(7,0,'admin','2022-09-29 04:38:16','51.255.64.58'),(8,0,'admin','2022-09-29 04:43:18','27.254.194.202'),(9,0,'admin','2022-09-29 05:14:00','194.163.156.168'),(10,0,'admin','2022-09-29 05:29:35','119.18.54.142'),(11,0,'admin','2022-09-29 05:51:58','195.93.152.83'),(12,0,'admin','2022-09-29 08:03:32','107.180.107.103'),(13,10,'toth','2022-09-29 09:09:47','93.211.134.6'),(14,10,'toth','2022-09-29 09:10:04','93.211.134.6'),(15,10,'toth','2022-09-29 09:11:52','93.211.134.6'),(16,0,'admin','2022-09-29 09:27:48','1.116.44.97'),(17,0,'admin','2022-09-29 11:07:11','162.14.71.142'),(18,0,'admin','2022-09-29 11:24:28','192.99.34.140'),(19,0,'admin','2022-09-29 12:25:23','87.236.20.180'),(20,0,'wwwadmin','2022-09-29 13:25:40','31.172.80.147'),(21,0,'admin','2022-09-29 15:09:52','194.242.56.232'),(22,0,'admin','2022-09-29 16:26:29','95.81.81.219'),(23,0,'admin','2022-09-29 17:37:09','139.162.50.202'),(24,0,'admin','2022-09-29 17:44:09','104.243.26.114'),(25,0,'admin','2022-09-29 18:26:46','51.255.64.58'),(26,0,'admin','2022-09-29 18:32:50','50.87.144.160'),(27,0,'admin','2022-10-13 02:32:42','128.199.131.42'),(28,0,'admin','2022-10-13 06:46:25','120.24.108.217'),(29,0,'admin','2022-10-13 08:17:28','103.180.120.176'),(30,0,'admin','2022-10-13 20:02:01','138.68.90.29'),(31,0,'admin','2022-10-13 21:20:50','51.91.220.143'),(32,0,'admin','2022-10-13 23:22:18','212.103.4.29'),(33,0,'admin','2022-10-14 00:03:51','198.244.167.101'),(34,0,'admin','2022-10-14 00:44:13','188.165.198.224'),(35,0,'admin','2022-10-14 01:24:51','167.172.105.95'),(36,0,'admin','2022-10-14 02:46:06','34.76.63.113'),(37,0,'admin','2022-10-14 03:26:34','166.62.125.246'),(38,0,'admin','2022-10-14 04:07:35','136.243.19.225'),(39,0,'admin','2022-10-14 06:47:13','51.255.81.60'),(40,0,'admin','2022-10-14 09:31:09','165.22.198.112'),(41,0,'admin','2022-10-15 22:31:29','82.223.139.139'),(42,0,'admin','2022-10-16 04:37:48','37.187.24.159'),(43,0,'admin','2022-10-16 05:07:27','198.57.247.157'),(44,0,'admin','2022-10-16 07:15:26','34.84.42.54'),(45,0,'wadminw','2022-10-16 12:31:06','51.159.57.26'),(46,0,'wwwadmin','2022-10-16 12:53:05','109.234.161.93'),(47,0,'wwwadmin','2022-10-16 14:26:09','37.187.24.159'),(48,0,'admin','2022-10-16 16:11:44','46.101.150.34'),(49,0,'admin','2022-10-16 19:22:01','167.71.63.47'),(50,0,'admin','2022-10-17 01:49:48','207.188.156.68'),(51,0,'admin','2022-10-17 04:00:41','167.172.168.111'),(52,0,'admin','2022-10-17 07:13:12','143.244.155.35'),(53,0,'admin','2022-10-17 09:24:28','139.59.96.126'),(54,0,'admin','2022-10-17 11:35:58','85.146.18.88'),(55,0,'wadminw','2022-10-22 12:34:32','8.210.102.36'),(56,0,'admin','2022-10-22 14:32:20','51.159.105.232');

--
-- Table structure for table `kas_aiowps_global_meta`
--

CREATE TABLE `kas_aiowps_global_meta` (
  `meta_id` bigint NOT NULL AUTO_INCREMENT,
  `date_time` datetime NOT NULL DEFAULT '1000-10-10 10:00:00',
  `meta_key1` varchar(255) COLLATE utf8mb4_general_ci NOT NULL,
  `meta_key2` varchar(255) COLLATE utf8mb4_general_ci NOT NULL,
  `meta_key3` varchar(255) COLLATE utf8mb4_general_ci NOT NULL,
  `meta_key4` varchar(255) COLLATE utf8mb4_general_ci NOT NULL,
  `meta_key5` varchar(255) COLLATE utf8mb4_general_ci NOT NULL,
  `meta_value1` varchar(255) COLLATE utf8mb4_general_ci NOT NULL,
  `meta_value2` text COLLATE utf8mb4_general_ci NOT NULL,
  `meta_value3` text COLLATE utf8mb4_general_ci NOT NULL,
  `meta_value4` longtext COLLATE utf8mb4_general_ci NOT NULL,
  `meta_value5` longtext COLLATE utf8mb4_general_ci NOT NULL,
  PRIMARY KEY (`meta_id`)
) ENGINE=InnoDB DEFAULT CHARSET=utf8mb4 COLLATE=utf8mb4_general_ci;

--
-- Dumping data for table `kas_aiowps_global_meta`
--


--
-- Table structure for table `kas_aiowps_login_activity`
--

CREATE TABLE `kas_aiowps_login_activity` (
  `id` bigint NOT NULL AUTO_INCREMENT,
  `user_id` bigint NOT NULL,
  `user_login` varchar(150) COLLATE utf8mb4_general_ci NOT NULL,
  `login_date` datetime NOT NULL DEFAULT '1000-10-10 10:00:00',
  `logout_date` datetime NOT NULL DEFAULT '1000-10-10 10:00:00',
  `login_ip` varchar(100) COLLATE utf8mb4_general_ci NOT NULL DEFAULT '',
  `login_country` varchar(150) COLLATE utf8mb4_general_ci NOT NULL DEFAULT '',
  `browser_type` varchar(150) COLLATE utf8mb4_general_ci NOT NULL DEFAULT '',
  PRIMARY KEY (`id`)
) ENGINE=InnoDB AUTO_INCREMENT=40 DEFAULT CHARSET=utf8mb4 COLLATE=utf8mb4_general_ci;

--
-- Dumping data for table `kas_aiowps_login_activity`
--

INSERT INTO `kas_aiowps_login_activity` VALUES (6,7,'laylahaering','2022-09-28 10:00:39','1000-10-10 10:00:00','77.4.123.208','',''),(7,7,'laylahaering','2022-09-28 14:17:03','1000-10-10 10:00:00','77.4.123.208','',''),(8,4,'uwe','2022-09-29 07:26:13','1000-10-10 10:00:00','77.183.247.40','',''),(9,3,'mira','2022-09-29 08:47:27','1000-10-10 10:00:00','94.31.80.225','',''),(10,3,'mira','2022-09-29 13:17:30','1000-10-10 10:00:00','94.31.80.225','',''),(11,4,'uwe','2022-10-04 13:51:55','1000-10-10 10:00:00','78.55.98.199','',''),(12,4,'uwe','2022-10-06 17:17:33','1000-10-10 10:00:00','77.11.52.118','',''),(13,1,'mike','2022-10-07 12:34:50','1000-10-10 10:00:00','82.207.253.157','',''),(14,3,'mira','2022-10-11 10:36:55','1000-10-10 10:00:00','94.31.80.225','',''),(15,4,'uwe','2022-10-12 08:58:45','1000-10-10 10:00:00','92.224.108.138','',''),(16,4,'uwe','2022-10-18 09:07:01','1000-10-10 10:00:00','77.13.58.249','',''),(17,3,'mira','2022-10-18 09:18:13','1000-10-10 10:00:00','94.31.80.225','',''),(18,3,'mira','2022-10-19 05:18:41','1000-10-10 10:00:00','94.31.80.225','',''),(19,7,'laylahaering','2022-10-19 06:01:12','2022-10-19 07:02:50','95.118.123.2','',''),(20,4,'uwe','2022-10-21 08:41:55','1000-10-10 10:00:00','89.12.225.92','',''),(21,3,'mira','2022-10-24 05:32:20','1000-10-10 10:00:00','94.31.82.225','',''),(22,3,'mira','2022-10-24 05:41:23','1000-10-10 10:00:00','94.31.82.225','',''),(23,3,'mira','2022-10-24 05:43:08','1000-10-10 10:00:00','94.31.82.225','',''),(24,1,'mike','2022-10-25 08:27:27','1000-10-10 10:00:00','82.207.253.182','',''),(25,4,'uwe','2022-10-25 10:08:36','1000-10-10 10:00:00','77.13.11.110','',''),(26,3,'mira','2022-10-25 10:18:20','1000-10-10 10:00:00','94.31.82.225','',''),(27,4,'uwe','2022-10-28 12:48:05','1000-10-10 10:00:00','78.55.83.233','',''),(28,4,'uwe','2022-11-01 08:12:04','1000-10-10 10:00:00','78.54.117.149','',''),(29,3,'mira','2022-11-03 07:59:52','1000-10-10 10:00:00','94.31.82.225','',''),(30,3,'mira','2022-11-03 08:57:54','1000-10-10 10:00:00','94.31.82.225','',''),(31,3,'mira','2022-11-08 09:13:43','1000-10-10 10:00:00','94.31.82.225','',''),(32,9,'lauracyprian','2022-11-08 20:57:34','2022-11-14 19:25:30','79.203.237.151','',''),(33,3,'mira','2022-11-12 14:19:32','2022-11-14 08:44:25','79.203.237.151','',''),(34,3,'mira','2022-11-12 14:19:34','2022-11-14 08:44:25','79.203.237.151','',''),(35,9,'lauracyprian','2022-11-14 08:44:32','2022-11-14 19:25:30','79.203.237.151','',''),(36,3,'mira','2022-11-14 19:27:20','2022-11-20 14:58:05','79.203.237.151','',''),(37,3,'mira','2022-11-20 14:39:30','2022-11-20 14:58:05','79.203.237.151','',''),(38,3,'mira','2022-11-20 14:39:32','2022-11-20 14:58:05','79.203.237.151','',''),(39,3,'mira','2022-11-20 14:58:30','1000-10-10 10:00:00','79.203.237.151','','');

--
-- Table structure for table `kas_aiowps_login_lockdown`
--

CREATE TABLE `kas_aiowps_login_lockdown` (
  `id` bigint NOT NULL AUTO_INCREMENT,
  `user_id` bigint NOT NULL,
  `user_login` varchar(150) COLLATE utf8mb4_general_ci NOT NULL,
  `lockdown_date` datetime NOT NULL DEFAULT '1000-10-10 10:00:00',
  `release_date` datetime NOT NULL DEFAULT '1000-10-10 10:00:00',
  `failed_login_ip` varchar(100) COLLATE utf8mb4_general_ci NOT NULL DEFAULT '',
  `lock_reason` varchar(128) COLLATE utf8mb4_general_ci NOT NULL DEFAULT '',
  `unlock_key` varchar(128) COLLATE utf8mb4_general_ci NOT NULL DEFAULT '',
  `is_lockout_email_sent` tinyint(1) NOT NULL DEFAULT '1',
  `backtrace_log` text COLLATE utf8mb4_general_ci NOT NULL,
  PRIMARY KEY (`id`)
) ENGINE=InnoDB AUTO_INCREMENT=2 DEFAULT CHARSET=utf8mb4 COLLATE=utf8mb4_general_ci;

--
-- Dumping data for table `kas_aiowps_login_lockdown`
--

INSERT INTO `kas_aiowps_login_lockdown` VALUES (1,10,'toth','2022-09-29 09:11:52','2022-09-29 09:42:23','93.211.134.6','too_many_failed_logins','',-1,'');

--
-- Table structure for table `kas_aiowps_permanent_block`
--

CREATE TABLE `kas_aiowps_permanent_block` (
  `id` bigint NOT NULL AUTO_INCREMENT,
  `blocked_ip` varchar(100) COLLATE utf8mb4_general_ci NOT NULL DEFAULT '',
  `block_reason` varchar(128) COLLATE utf8mb4_general_ci NOT NULL DEFAULT '',
  `country_origin` varchar(50) COLLATE utf8mb4_general_ci NOT NULL DEFAULT '',
  `blocked_date` datetime NOT NULL DEFAULT '1000-10-10 10:00:00',
  `unblock` tinyint(1) NOT NULL DEFAULT '0',
  PRIMARY KEY (`id`)
) ENGINE=InnoDB DEFAULT CHARSET=utf8mb4 COLLATE=utf8mb4_general_ci;

--
-- Dumping data for table `kas_aiowps_permanent_block`
--


--
-- Table structure for table `kas_blogmeta`
--

CREATE TABLE `kas_blogmeta` (
  `meta_id` bigint unsigned NOT NULL AUTO_INCREMENT,
  `blog_id` bigint NOT NULL DEFAULT '0',
  `meta_key` varchar(255) COLLATE utf8mb4_general_ci DEFAULT NULL,
  `meta_value` longtext COLLATE utf8mb4_general_ci,
  PRIMARY KEY (`meta_id`),
  KEY `meta_key` (`meta_key`(191)),
  KEY `blog_id` (`blog_id`)
) ENGINE=InnoDB AUTO_INCREMENT=7 DEFAULT CHARSET=utf8mb4 COLLATE=utf8mb4_general_ci;

--
-- Dumping data for table `kas_blogmeta`
--

INSERT INTO `kas_blogmeta` VALUES (1,1,'db_version','53496'),(2,1,'db_last_updated','0.36820000 1664297075'),(3,2,'db_version','53496'),(4,2,'db_last_updated','0.23610900 1664359248'),(5,3,'db_version','53496'),(6,3,'db_last_updated','0.88398900 1664374636');

--
-- Table structure for table `kas_blogs`
--

CREATE TABLE `kas_blogs` (
  `blog_id` bigint NOT NULL AUTO_INCREMENT,
  `site_id` bigint NOT NULL DEFAULT '0',
  `domain` varchar(200) COLLATE utf8mb4_general_ci NOT NULL DEFAULT '',
  `path` varchar(100) COLLATE utf8mb4_general_ci NOT NULL DEFAULT '',
  `registered` datetime NOT NULL DEFAULT '0000-00-00 00:00:00',
  `last_updated` datetime NOT NULL DEFAULT '0000-00-00 00:00:00',
  `public` tinyint NOT NULL DEFAULT '1',
  `archived` tinyint NOT NULL DEFAULT '0',
  `mature` tinyint NOT NULL DEFAULT '0',
  `spam` tinyint NOT NULL DEFAULT '0',
  `deleted` tinyint NOT NULL DEFAULT '0',
  `lang_id` int NOT NULL DEFAULT '0',
  PRIMARY KEY (`blog_id`),
  KEY `domain` (`domain`(50),`path`(5)),
  KEY `lang_id` (`lang_id`)
) ENGINE=InnoDB AUTO_INCREMENT=4 DEFAULT CHARSET=utf8mb4 COLLATE=utf8mb4_general_ci;

--
-- Dumping data for table `kas_blogs`
--

INSERT INTO `kas_blogs` VALUES (1,1,'klinik-am-schloss.de','/','2022-02-13 17:38:05','2022-11-20 14:52:55',0,0,0,0,0,0),(2,1,'mein-zahnarzt-obermarchtal.de','/','2022-06-24 11:23:28','2022-11-03 08:25:15',0,0,0,0,0,0),(3,1,'mein-zahnarzt-ueberlingen.de','/','2022-06-24 11:34:38','2022-11-03 08:25:33',0,0,0,0,0,0);

--
-- Table structure for table `kas_borlabs_cookie_consent_log`
--

CREATE TABLE `kas_borlabs_cookie_consent_log` (
  `log_id` int unsigned NOT NULL AUTO_INCREMENT,
  `uid` varchar(35) COLLATE utf8mb4_general_ci NOT NULL DEFAULT '',
  `cookie_version` int unsigned DEFAULT NULL,
  `consents` text COLLATE utf8mb4_general_ci,
  `is_latest` int unsigned DEFAULT '0',
  `stamp` datetime DEFAULT NULL,
  PRIMARY KEY (`log_id`),
  KEY `uid` (`uid`,`is_latest`)
) ENGINE=InnoDB DEFAULT CHARSET=utf8mb4 COLLATE=utf8mb4_general_ci;

--
-- Dumping data for table `kas_borlabs_cookie_consent_log`
--


--
-- Table structure for table `kas_borlabs_cookie_content_blocker`
--

CREATE TABLE `kas_borlabs_cookie_content_blocker` (
  `id` int unsigned NOT NULL AUTO_INCREMENT,
  `content_blocker_id` varchar(35) COLLATE utf8mb4_general_ci NOT NULL DEFAULT '',
  `language` varchar(16) COLLATE utf8mb4_general_ci NOT NULL DEFAULT '',
  `name` varchar(100) COLLATE utf8mb4_general_ci NOT NULL DEFAULT '',
  `description` text COLLATE utf8mb4_general_ci NOT NULL,
  `privacy_policy_url` varchar(255) COLLATE utf8mb4_general_ci NOT NULL DEFAULT '',
  `hosts` text COLLATE utf8mb4_general_ci NOT NULL,
  `preview_html` text COLLATE utf8mb4_general_ci NOT NULL,
  `preview_css` text COLLATE utf8mb4_general_ci NOT NULL,
  `global_js` text COLLATE utf8mb4_general_ci NOT NULL,
  `init_js` text COLLATE utf8mb4_general_ci NOT NULL,
  `settings` text COLLATE utf8mb4_general_ci NOT NULL,
  `status` int unsigned NOT NULL DEFAULT '0',
  `undeletable` int unsigned NOT NULL DEFAULT '0',
  PRIMARY KEY (`id`),
  UNIQUE KEY `content_blocker_id` (`content_blocker_id`,`language`)
) ENGINE=InnoDB AUTO_INCREMENT=33 DEFAULT CHARSET=utf8mb4 COLLATE=utf8mb4_general_ci;

--
-- Dumping data for table `kas_borlabs_cookie_content_blocker`
--

INSERT INTO `kas_borlabs_cookie_content_blocker` VALUES (25,'facebook','en','Facebook','','https://www.facebook.com/privacy/explanation','a:2:{i:0;s:12:\"facebook.com\";i:1;s:20:\"connect.facebook.net\";}','<div class=\"_brlbs-content-blocker\">\n	<div class=\"_brlbs-embed _brlbs-facebook\">\n    	<img class=\"_brlbs-thumbnail\" src=\"%%thumbnail%%\" alt=\"%%name%%\">\n		<div class=\"_brlbs-caption\">\n			<p>By loading the post, you agree to Facebook\'s privacy policy.<br><a href=\"%%privacy_policy_url%%\" target=\"_blank\" rel=\"nofollow noopener noreferrer\">Learn more</a></p>\n			<p><a class=\"_brlbs-btn\" href=\"#\" data-borlabs-cookie-unblock role=\"button\">Load post</a></p>\n			<p><label><input type=\"checkbox\" name=\"unblockAll\" value=\"1\" checked> <small>Always unblock Facebook posts</small></label></p>\n		</div>\n	</div>\n</div>','.BorlabsCookie ._brlbs-facebook {\n    border: 1px solid #e1e8ed;\n    border-radius: 6px;\n	max-width: 516px;\n	padding: 3px 0;\n}\n\n.BorlabsCookie ._brlbs-facebook a._brlbs-btn {\n	background: #4267b2;\n	border-radius: 2px;\n}\n\n.BorlabsCookie ._brlbs-facebook a._brlbs-btn:hover {\n	background: #3b5998;\n}\n','','if(typeof FB === \"object\") { FB.XFBML.parse(el.parentElement); }','a:1:{s:33:\"executeGlobalCodeBeforeUnblocking\";b:0;}',1,1),(26,'default','en','Default','The <strong><em>Default</em> Content Blocker</strong> is a special type that is always used when no specific <strong>Content Blocker</strong> was found.<br>Therefore it is not possible to use the <strong>Unblock all</strong> feature.','','a:0:{}','<div class=\"_brlbs-content-blocker\">\n    <div class=\"_brlbs-default\">\n        <p>Click on the button to load the content from %%name%%.</p>\n        <p><a class=\"_brlbs-btn\" href=\"#\" data-borlabs-cookie-unblock role=\"button\">Load content</a></p>\n    </div>\n</div>','','','','a:1:{s:33:\"executeGlobalCodeBeforeUnblocking\";b:0;}',1,1),(27,'googlemaps','en','Google Maps','','https://policies.google.com/privacy?hl=en&amp;gl=en','a:2:{i:0;s:15:\"maps.google.com\";i:1;s:20:\"www.google.com/maps/\";}','<div class=\"_brlbs-content-blocker\">\n	<div class=\"_brlbs-embed _brlbs-google-maps\">\n    	<img class=\"_brlbs-thumbnail\" src=\"%%thumbnail%%\" alt=\"%%name%%\">\n		<div class=\"_brlbs-caption\">\n			<p>By loading the map, you agree to Google\'s privacy policy.<br><a href=\"%%privacy_policy_url%%\" target=\"_blank\" rel=\"nofollow noopener noreferrer\">Learn more</a></p>\n			<p><a class=\"_brlbs-btn\" href=\"#\" data-borlabs-cookie-unblock role=\"button\">Load map</a></p>\n			<p><label><input type=\"checkbox\" name=\"unblockAll\" value=\"1\" checked> <small>Always unblock Google Maps</small></label></p>\n		</div>\n	</div>\n</div>','.BorlabsCookie ._brlbs-google-maps a._brlbs-btn {\n	background: #4285f4;\n	border-radius: 3px;\n}\n\n.BorlabsCookie ._brlbs-google-maps a._brlbs-btn:hover {\n	background: #fff;\n	color: #4285f4;\n}','','','a:1:{s:33:\"executeGlobalCodeBeforeUnblocking\";b:0;}',1,1),(28,'instagram','en','Instagram','','https://www.instagram.com/legal/privacy/','a:1:{i:0;s:13:\"instagram.com\";}','<div class=\"_brlbs-content-blocker\">\n	<div class=\"_brlbs-embed _brlbs-instagram\">\n    	<img class=\"_brlbs-thumbnail\" src=\"%%thumbnail%%\" alt=\"%%name%%\">\n		<div class=\"_brlbs-caption\">\n			<p>By loading the post, you agree to Instagram\'s privacy policy.<br><a href=\"%%privacy_policy_url%%\" target=\"_blank\" rel=\"nofollow noopener noreferrer\">Learn more</a></p>\n			<p><a class=\"_brlbs-btn\" href=\"#\" data-borlabs-cookie-unblock role=\"button\">Load post</a></p>\n			<p><label><input type=\"checkbox\" name=\"unblockAll\" value=\"1\" checked> <small>Always unblock Instagram posts</small></label></p>\n		</div>\n	</div>\n</div>','.BorlabsCookie ._brlbs-instagram {\n    border: 1px solid #e1e8ed;\n    border-radius: 6px;\n	max-width: 516px;\n	padding: 3px 0;\n}\n\n\n.BorlabsCookie ._brlbs-instagram a._brlbs-btn {\n	background: #3897f0;\n	border-radius: 4px;\n}\n\n.BorlabsCookie ._brlbs-instagram a._brlbs-btn:hover {\n	background: #117ee4;\n}\n','','if (typeof instgrm === \"object\") { instgrm.Embeds.process(); }','a:1:{s:33:\"executeGlobalCodeBeforeUnblocking\";b:0;}',1,1),(29,'openstreetmap','en','OpenStreetMap','','https://wiki.osmfoundation.org/wiki/Privacy_Policy','a:1:{i:0;s:21:\"www.openstreetmap.org\";}','<div class=\"_brlbs-content-blocker\">\n	<div class=\"_brlbs-embed\">\n    	<img class=\"_brlbs-thumbnail\" src=\"%%thumbnail%%\" alt=\"%%name%%\">\n		<div class=\"_brlbs-caption\">\n			<p>By loading the map, you agree to OpenStreetMap Foundation\'s privacy policy.<br><a href=\"%%privacy_policy_url%%\" target=\"_blank\" rel=\"nofollow noopener noreferrer\">Learn more</a></p>\n			<p><a class=\"_brlbs-btn\" href=\"#\" data-borlabs-cookie-unblock role=\"button\">Load map</a></p>\n			<p><label><input type=\"checkbox\" name=\"unblockAll\" value=\"1\" checked> <small>Always unblock OpenStreetMap</small></label></p>\n		</div>\n	</div>\n</div>','','','','a:1:{s:33:\"executeGlobalCodeBeforeUnblocking\";b:0;}',1,1),(30,'twitter','en','Twitter','','https://twitter.com/privacy','a:2:{i:0;s:11:\"twitter.com\";i:1;s:4:\"t.co\";}','<div class=\"_brlbs-content-blocker\">\n	<div class=\"_brlbs-embed _brlbs-twitter\">\n    	<img class=\"_brlbs-thumbnail\" src=\"%%thumbnail%%\" alt=\"%%name%%\">\n		<div class=\"_brlbs-caption\">\n			<p>By loading the tweet, you agree to Twitter\'s privacy policy.<br><a href=\"%%privacy_policy_url%%\" target=\"_blank\" rel=\"nofollow noopener noreferrer\">Learn more</a></p>\n			<p><a class=\"_brlbs-btn\" href=\"#\" data-borlabs-cookie-unblock role=\"button\">Load tweet</a></p>\n			<p><label><input type=\"checkbox\" name=\"unblockAll\" value=\"1\" checked> <small>Always unblock Twitter Tweets</small></label></p>\n		</div>\n	</div>\n</div>','.BorlabsCookie ._brlbs-twitter {\n    border: 1px solid #e1e8ed;\n    border-radius: 3px;\n	max-width: 516px;\n}\n\n.BorlabsCookie ._brlbs-twitter a._brlbs-btn {\n	background: #1da1f2;\n	border-radius: 0;\n}\n\n.BorlabsCookie ._brlbs-twitter a._brlbs-btn:hover {\n	background: #fff;\n	color: #1da1f2;\n}\n','','','a:1:{s:33:\"executeGlobalCodeBeforeUnblocking\";b:0;}',1,1),(31,'vimeo','en','Vimeo','','https://vimeo.com/privacy','a:1:{i:0;s:9:\"vimeo.com\";}','<div class=\"_brlbs-content-blocker\">\n	<div class=\"_brlbs-embed _brlbs-video-vimeo\">\n    	<img class=\"_brlbs-thumbnail\" src=\"%%thumbnail%%\" alt=\"%%name%%\">\n		<div class=\"_brlbs-caption\">\n			<p>By loading the video, you agree to Vimeo\'s privacy policy.<br><a href=\"%%privacy_policy_url%%\" target=\"_blank\" rel=\"nofollow noopener noreferrer\">Learn more</a></p>\n			<p><a class=\"_brlbs-btn _brlbs-icon-play-white\" href=\"#\" data-borlabs-cookie-unblock role=\"button\">Load video</a></p>\n			<p><label><input type=\"checkbox\" name=\"unblockAll\" value=\"1\" checked> <small>Always unblock Vimeo</small></label></p>\n		</div>\n	</div>\n</div>','.BorlabsCookie ._brlbs-video-vimeo a._brlbs-btn {\n	background: #00adef;\n	border-radius: 20px;\n}\n\n.BorlabsCookie ._brlbs-video-vimeo a._brlbs-btn:hover {\n	background: #fff;\n	color: #00adef;\n}\n\n.BorlabsCookie ._brlbs-video-vimeo a._brlbs-btn._brlbs-icon-play-white:hover::before {\n	background: url(\"data:image/svg+xml,%3Csvg version=\'1.1\' xmlns=\'http://www.w3.org/2000/svg\' xmlns:xlink=\'http://www.w3.org/1999/xlink\' x=\'0\' y=\'0\' width=\'78\' height=\'78\' viewBox=\'0, 0, 78, 78\'%3E%3Cg id=\'Layer_1\'%3E%3Cg%3E%3Cpath d=\'M7.5,71.5 L7.5,7.5 L55.5,37.828 L7.5,71.5\' fill=\'%2300adef\'/%3E%3Cpath d=\'M7.5,71.5 L7.5,7.5 L55.5,37.828 L7.5,71.5\' fill-opacity=\'0\' stroke=\'%2300adef\' stroke-width=\'12\' stroke-linecap=\'round\' stroke-linejoin=\'round\'/%3E%3C/g%3E%3C/g%3E%3C/svg%3E\") no-repeat center;\n	background-size: contain;\n	content: \" \";\n}\n','','','a:3:{s:33:\"executeGlobalCodeBeforeUnblocking\";b:0;s:14:\"saveThumbnails\";b:0;s:12:\"videoWrapper\";b:0;}',1,1),(32,'youtube','en','YouTube','','https://policies.google.com/privacy?hl=en&amp;gl=en','a:4:{i:0;s:11:\"youtube.com\";i:1;s:8:\"youtu.be\";i:2;s:20:\"youtube-nocookie.com\";i:3;s:8:\"youtube.\";}','<div class=\"_brlbs-content-blocker\">\n	<div class=\"_brlbs-embed _brlbs-video-youtube\">\n    	<img class=\"_brlbs-thumbnail\" src=\"%%thumbnail%%\" alt=\"%%name%%\">\n		<div class=\"_brlbs-caption\">\n			<p>By loading the video, you agree to YouTube\'s privacy policy.<br><a href=\"%%privacy_policy_url%%\" target=\"_blank\" rel=\"nofollow noopener noreferrer\">Learn more</a></p>\n			<p><a class=\"_brlbs-btn _brlbs-icon-play-white\" href=\"#\" data-borlabs-cookie-unblock role=\"button\">Load video</a></p>\n			<p><label><input type=\"checkbox\" name=\"unblockAll\" value=\"1\" checked> <small>Always unblock YouTube</small></label></p>\n		</div>\n	</div>\n</div>','.BorlabsCookie ._brlbs-video-youtube a._brlbs-btn {\n	background: #ff0000;\n	border-radius: 20px;\n}\n\n.BorlabsCookie ._brlbs-video-youtube a._brlbs-btn:hover {\n	background: #fff;\n	color: red;\n}\n\n.BorlabsCookie ._brlbs-video-youtube a._brlbs-btn._brlbs-icon-play-white:hover::before {\n	background: url(\"data:image/svg+xml,%3Csvg version=\'1.1\' xmlns=\'http://www.w3.org/2000/svg\' xmlns:xlink=\'http://www.w3.org/1999/xlink\' x=\'0\' y=\'0\' width=\'78\' height=\'78\' viewBox=\'0, 0, 78, 78\'%3E%3Cg id=\'Layer_1\'%3E%3Cg%3E%3Cpath d=\'M7.5,71.5 L7.5,7.5 L55.5,37.828 L7.5,71.5\' fill=\'%23ff0000\'/%3E%3Cpath d=\'M7.5,71.5 L7.5,7.5 L55.5,37.828 L7.5,71.5\' fill-opacity=\'0\' stroke=\'%23ff0000\' stroke-width=\'12\' stroke-linecap=\'round\' stroke-linejoin=\'round\'/%3E%3C/g%3E%3C/g%3E%3C/svg%3E\") no-repeat center;\n	background-size: contain;\n	content: \" \";\n}\n','','','a:5:{s:33:\"executeGlobalCodeBeforeUnblocking\";b:0;s:19:\"changeURLToNoCookie\";b:1;s:14:\"saveThumbnails\";b:0;s:16:\"thumbnailQuality\";s:13:\"maxresdefault\";s:12:\"videoWrapper\";b:0;}',1,1);

--
-- Table structure for table `kas_borlabs_cookie_cookies`
--

CREATE TABLE `kas_borlabs_cookie_cookies` (
  `id` int unsigned NOT NULL AUTO_INCREMENT,
  `cookie_id` varchar(35) COLLATE utf8mb4_general_ci NOT NULL DEFAULT '',
  `language` varchar(16) COLLATE utf8mb4_general_ci NOT NULL,
  `cookie_group_id` int unsigned NOT NULL DEFAULT '1',
  `service` varchar(35) COLLATE utf8mb4_general_ci NOT NULL,
  `name` varchar(100) COLLATE utf8mb4_general_ci NOT NULL DEFAULT '',
  `provider` varchar(255) COLLATE utf8mb4_general_ci NOT NULL DEFAULT '',
  `purpose` text COLLATE utf8mb4_general_ci NOT NULL COMMENT 'Track everything',
  `privacy_policy_url` varchar(255) COLLATE utf8mb4_general_ci NOT NULL,
  `hosts` text COLLATE utf8mb4_general_ci NOT NULL,
  `cookie_name` text COLLATE utf8mb4_general_ci NOT NULL,
  `cookie_expiry` text COLLATE utf8mb4_general_ci NOT NULL,
  `opt_in_js` text COLLATE utf8mb4_general_ci NOT NULL,
  `opt_out_js` text COLLATE utf8mb4_general_ci NOT NULL,
  `fallback_js` text COLLATE utf8mb4_general_ci NOT NULL,
  `settings` text COLLATE utf8mb4_general_ci NOT NULL,
  `position` int unsigned NOT NULL DEFAULT '0',
  `status` int unsigned NOT NULL DEFAULT '0',
  `undeletable` int unsigned NOT NULL DEFAULT '0',
  PRIMARY KEY (`id`),
  UNIQUE KEY `cookie_id` (`cookie_id`,`language`),
  KEY `cookie_group_id` (`cookie_group_id`)
) ENGINE=InnoDB AUTO_INCREMENT=34 DEFAULT CHARSET=utf8mb4 COLLATE=utf8mb4_general_ci;

--
-- Dumping data for table `kas_borlabs_cookie_cookies`
--

INSERT INTO `kas_borlabs_cookie_cookies` VALUES (1,'borlabs-cookie','en',1,'Custom','Borlabs Cookie','Owner of this website','Saves the visitors preferences selected in the Cookie Box of Borlabs Cookie.','','a:0:{}','borlabs-cookie','1 Year','','','','a:2:{s:25:\"blockCookiesBeforeConsent\";s:1:\"0\";s:10:\"prioritize\";s:1:\"0\";}',1,1,1),(2,'facebook','en',4,'Custom','Facebook','Meta Platforms Ireland Limited, 4 Grand Canal Square, Dublin 2, Ireland','Used to unblock Facebook content.','https://www.facebook.com/privacy/explanation','a:1:{i:0;s:13:\".facebook.com\";}','','','<script>if(typeof window.BorlabsCookie === \"object\") { window.BorlabsCookie.unblockContentId(\"facebook\"); }</script>','','','a:2:{s:25:\"blockCookiesBeforeConsent\";s:1:\"0\";s:10:\"prioritize\";s:1:\"0\";}',1,1,0),(3,'googlemaps','en',4,'Custom','Google Maps','Google Ireland Limited, Gordon House, Barrow Street, Dublin 4, Ireland','Used to unblock Google Maps content.','https://policies.google.com/privacy?hl=en&gl=en','a:1:{i:0;s:11:\".google.com\";}','NID','6 Month','<script>if(typeof window.BorlabsCookie === \"object\") { window.BorlabsCookie.unblockContentId(\"googlemaps\"); }</script>','','','a:2:{s:25:\"blockCookiesBeforeConsent\";s:1:\"0\";s:10:\"prioritize\";s:1:\"0\";}',2,1,0),(4,'instagram','en',4,'Custom','Instagram','Meta Platforms Ireland Limited, 4 Grand Canal Square, Dublin 2, Ireland','Used to unblock Instagram content.','https://www.instagram.com/legal/privacy/','a:1:{i:0;s:14:\".instagram.com\";}','pigeon_state','Session','<script>if(typeof window.BorlabsCookie === \"object\") { window.BorlabsCookie.unblockContentId(\"instagram\"); }</script>','','','a:2:{s:25:\"blockCookiesBeforeConsent\";s:1:\"0\";s:10:\"prioritize\";s:1:\"0\";}',3,1,0),(5,'openstreetmap','en',4,'Custom','OpenStreetMap','Openstreetmap Foundation, St John’s Innovation Centre, Cowley Road, Cambridge CB4 0WS, United Kingdom','Used to unblock OpenStreetMap content.','https://wiki.osmfoundation.org/wiki/Privacy_Policy','a:1:{i:0;s:18:\".openstreetmap.org\";}','_osm_location, _osm_session, _osm_totp_token, _osm_welcome, _pk_id., _pk_ref., _pk_ses., qos_token','1-10 Years','<script>if(typeof window.BorlabsCookie === \"object\") { window.BorlabsCookie.unblockContentId(\"openstreetmap\"); }</script>','','','a:2:{s:25:\"blockCookiesBeforeConsent\";s:1:\"0\";s:10:\"prioritize\";s:1:\"0\";}',4,1,0),(6,'twitter','en',4,'Custom','Twitter','Twitter International Company, One Cumberland Place, Fenian Street, Dublin 2, D02 AX07, Ireland','Used to unblock Twitter content.','https://twitter.com/privacy','a:2:{i:0;s:10:\".twimg.com\";i:1;s:12:\".twitter.com\";}','__widgetsettings, local_storage_support_test','Unlimited','<script>if(typeof window.BorlabsCookie === \"object\") { window.BorlabsCookie.unblockContentId(\"twitter\"); }</script>','','','a:2:{s:25:\"blockCookiesBeforeConsent\";s:1:\"0\";s:10:\"prioritize\";s:1:\"0\";}',5,1,0),(7,'vimeo','en',4,'Custom','Vimeo','Vimeo Inc., 555 West 18th Street, New York, New York 10011, USA','Used to unblock Vimeo content.','https://vimeo.com/privacy','a:1:{i:0;s:16:\"player.vimeo.com\";}','vuid','2 Years','<script>if(typeof window.BorlabsCookie === \"object\") { window.BorlabsCookie.unblockContentId(\"vimeo\"); }</script>','','','a:2:{s:25:\"blockCookiesBeforeConsent\";s:1:\"0\";s:10:\"prioritize\";s:1:\"0\";}',6,1,0),(8,'youtube','en',4,'Custom','YouTube','Google Ireland Limited, Gordon House, Barrow Street, Dublin 4, Ireland','Used to unblock YouTube content.','https://policies.google.com/privacy?hl=en&gl=en','a:1:{i:0;s:10:\"google.com\";}','NID','6 Month','<script>if(typeof window.BorlabsCookie === \"object\") { window.BorlabsCookie.unblockContentId(\"youtube\"); }</script>','','','a:2:{s:25:\"blockCookiesBeforeConsent\";s:1:\"0\";s:10:\"prioritize\";s:1:\"0\";}',7,1,0),(9,'google-analytics','de',2,'GoogleAnalytics','Google Analytics','Google Ireland Limited, Gordon House, Barrow Street, Dublin 4, Ireland','Cookie von Google für Website-Analysen. Erzeugt statistische Daten darüber, wie der Besucher die Website nutzt.','https://policies.google.com/privacy?hl=de','','_ga,_gat,_gid','2 Jahre','copy Global site tag (gtag.js) code from Analytics data stream','','','',1,1,0);

--
-- Table structure for table `kas_borlabs_cookie_groups`
--

CREATE TABLE `kas_borlabs_cookie_groups` (
  `id` int unsigned NOT NULL AUTO_INCREMENT,
  `group_id` varchar(35) COLLATE utf8mb4_general_ci NOT NULL,
  `language` varchar(16) COLLATE utf8mb4_general_ci NOT NULL DEFAULT '',
  `name` varchar(100) COLLATE utf8mb4_general_ci NOT NULL DEFAULT '',
  `description` text COLLATE utf8mb4_general_ci NOT NULL,
  `pre_selected` int NOT NULL DEFAULT '0',
  `position` int unsigned NOT NULL DEFAULT '0',
  `status` int unsigned NOT NULL DEFAULT '0',
  `undeletable` int unsigned NOT NULL DEFAULT '0',
  PRIMARY KEY (`id`),
  UNIQUE KEY `group_id` (`group_id`,`language`)
) ENGINE=InnoDB AUTO_INCREMENT=14 DEFAULT CHARSET=utf8mb4 COLLATE=utf8mb4_general_ci;

--
-- Dumping data for table `kas_borlabs_cookie_groups`
--

INSERT INTO `kas_borlabs_cookie_groups` VALUES (1,'essential','en','Essential','Essential cookies enable basic functions and are necessary for the proper function of the website.',1,1,1,1),(2,'statistics','en','Statistics','Statistics cookies collect information anonymously. This information helps us to understand how our visitors use our website.',1,2,1,1),(3,'marketing','en','Marketing','Marketing cookies are used by third-party advertisers or publishers to display personalized ads. They do this by tracking visitors across websites.',1,3,0,1),(4,'external-media','en','External Media','Content from video platforms and social media platforms is blocked by default. If External Media cookies are accepted, access to those contents no longer requires manual consent.',1,4,0,1);

--
-- Table structure for table `kas_borlabs_cookie_script_blocker`
--

CREATE TABLE `kas_borlabs_cookie_script_blocker` (
  `id` int unsigned NOT NULL AUTO_INCREMENT,
  `script_blocker_id` varchar(35) COLLATE utf8mb4_general_ci NOT NULL DEFAULT '',
  `name` varchar(100) COLLATE utf8mb4_general_ci NOT NULL DEFAULT '',
  `handles` text COLLATE utf8mb4_general_ci NOT NULL,
  `js_block_phrases` text COLLATE utf8mb4_general_ci NOT NULL,
  `status` int unsigned NOT NULL DEFAULT '0',
  `undeletable` int unsigned NOT NULL DEFAULT '0',
  PRIMARY KEY (`id`),
  UNIQUE KEY `script_blocker_id` (`script_blocker_id`)
) ENGINE=InnoDB DEFAULT CHARSET=utf8mb4 COLLATE=utf8mb4_general_ci;

--
-- Dumping data for table `kas_borlabs_cookie_script_blocker`
--


--
-- Table structure for table `kas_borlabs_cookie_statistics`
--

CREATE TABLE `kas_borlabs_cookie_statistics` (
  `service_group` varchar(100) COLLATE utf8mb4_general_ci NOT NULL,
  `stamp` datetime DEFAULT NULL,
  KEY `service_group` (`service_group`),
  KEY `service_group_stamp` (`stamp`,`service_group`)
) ENGINE=InnoDB DEFAULT CHARSET=utf8mb4 COLLATE=utf8mb4_general_ci;

--
-- Dumping data for table `kas_borlabs_cookie_statistics`
--


--
-- Table structure for table `kas_commentmeta`
--

CREATE TABLE `kas_commentmeta` (
  `meta_id` bigint unsigned NOT NULL AUTO_INCREMENT,
  `comment_id` bigint unsigned NOT NULL DEFAULT '0',
  `meta_key` varchar(255) COLLATE utf8mb4_general_ci DEFAULT NULL,
  `meta_value` longtext COLLATE utf8mb4_general_ci,
  PRIMARY KEY (`meta_id`),
  KEY `comment_id` (`comment_id`),
  KEY `meta_key` (`meta_key`(191))
) ENGINE=InnoDB DEFAULT CHARSET=utf8mb4 COLLATE=utf8mb4_general_ci;

--
-- Dumping data for table `kas_commentmeta`
--


--
-- Table structure for table `kas_comments`
--

CREATE TABLE `kas_comments` (
  `comment_ID` bigint unsigned NOT NULL AUTO_INCREMENT,
  `comment_post_ID` bigint unsigned NOT NULL DEFAULT '0',
  `comment_author` tinytext COLLATE utf8mb4_general_ci NOT NULL,
  `comment_author_email` varchar(100) COLLATE utf8mb4_general_ci NOT NULL DEFAULT '',
  `comment_author_url` varchar(200) COLLATE utf8mb4_general_ci NOT NULL DEFAULT '',
  `comment_author_IP` varchar(100) COLLATE utf8mb4_general_ci NOT NULL DEFAULT '',
  `comment_date` datetime NOT NULL DEFAULT '0000-00-00 00:00:00',
  `comment_date_gmt` datetime NOT NULL DEFAULT '0000-00-00 00:00:00',
  `comment_content` text COLLATE utf8mb4_general_ci NOT NULL,
  `comment_karma` int NOT NULL DEFAULT '0',
  `comment_approved` varchar(20) COLLATE utf8mb4_general_ci NOT NULL DEFAULT '1',
  `comment_agent` varchar(255) COLLATE utf8mb4_general_ci NOT NULL DEFAULT '',
  `comment_type` varchar(20) COLLATE utf8mb4_general_ci NOT NULL DEFAULT 'comment',
  `comment_parent` bigint unsigned NOT NULL DEFAULT '0',
  `user_id` bigint unsigned NOT NULL DEFAULT '0',
  PRIMARY KEY (`comment_ID`),
  KEY `comment_post_ID` (`comment_post_ID`),
  KEY `comment_approved_date_gmt` (`comment_approved`,`comment_date_gmt`),
  KEY `comment_date_gmt` (`comment_date_gmt`),
  KEY `comment_parent` (`comment_parent`),
  KEY `comment_author_email` (`comment_author_email`(10))
) ENGINE=InnoDB DEFAULT CHARSET=utf8mb4 COLLATE=utf8mb4_general_ci;

--
-- Dumping data for table `kas_comments`
--


--
-- Table structure for table `kas_links`
--

CREATE TABLE `kas_links` (
  `link_id` bigint unsigned NOT NULL AUTO_INCREMENT,
  `link_url` varchar(255) COLLATE utf8mb4_general_ci NOT NULL DEFAULT '',
  `link_name` varchar(255) COLLATE utf8mb4_general_ci NOT NULL DEFAULT '',
  `link_image` varchar(255) COLLATE utf8mb4_general_ci NOT NULL DEFAULT '',
  `link_target` varchar(25) COLLATE utf8mb4_general_ci NOT NULL DEFAULT '',
  `link_description` varchar(255) COLLATE utf8mb4_general_ci NOT NULL DEFAULT '',
  `link_visible` varchar(20) COLLATE utf8mb4_general_ci NOT NULL DEFAULT 'Y',
  `link_owner` bigint unsigned NOT NULL DEFAULT '1',
  `link_rating` int NOT NULL DEFAULT '0',
  `link_updated` datetime NOT NULL DEFAULT '0000-00-00 00:00:00',
  `link_rel` varchar(255) COLLATE utf8mb4_general_ci NOT NULL DEFAULT '',
  `link_notes` mediumtext COLLATE utf8mb4_general_ci NOT NULL,
  `link_rss` varchar(255) COLLATE utf8mb4_general_ci NOT NULL DEFAULT '',
  PRIMARY KEY (`link_id`),
  KEY `link_visible` (`link_visible`)
) ENGINE=InnoDB DEFAULT CHARSET=utf8mb4 COLLATE=utf8mb4_general_ci;

--
-- Dumping data for table `kas_links`
--


--
-- Table structure for table `kas_options`
--

CREATE TABLE `kas_options` (
  `option_id` bigint unsigned NOT NULL AUTO_INCREMENT,
  `option_name` varchar(191) COLLATE utf8mb4_general_ci NOT NULL DEFAULT '',
  `option_value` longtext COLLATE utf8mb4_general_ci NOT NULL,
  `autoload` varchar(20) COLLATE utf8mb4_general_ci NOT NULL DEFAULT 'yes',
  PRIMARY KEY (`option_id`),
  UNIQUE KEY `option_name` (`option_name`),
  KEY `autoload` (`autoload`)
) ENGINE=InnoDB AUTO_INCREMENT=46449 DEFAULT CHARSET=utf8mb4 COLLATE=utf8mb4_general_ci;

--
-- Dumping data for table `kas_options`
--

INSERT INTO `kas_options` VALUES (1,'siteurl','https://klinik-am-schloss.de','yes'),(2,'home','https://klinik-am-schloss.de','yes'),(3,'blogname','Klinik am Schloss','yes'),(4,'blogdescription','','yes'),(5,'users_can_register','0','yes'),(6,'admin_email','mb@mediorbis.de','yes'),(7,'start_of_week','1','yes'),(8,'use_balanceTags','0','yes'),(9,'use_smilies','1','yes'),(10,'require_name_email','1','yes'),(11,'comments_notify','1','yes'),(12,'posts_per_rss','10','yes'),(13,'rss_use_excerpt','0','yes'),(14,'mailserver_url','mail.example.com','yes'),(15,'mailserver_login','login@example.com','yes'),(16,'mailserver_pass','password','yes'),(17,'mailserver_port','110','yes'),(18,'default_category','1','yes'),(19,'default_comment_status','open','yes'),(20,'default_ping_status','open','yes'),(21,'default_pingback_flag','1','yes'),(22,'posts_per_page','10','yes'),(23,'date_format','F j, Y','yes'),(24,'time_format','g:i a','yes'),(25,'links_updated_date_format','F j, Y g:i a','yes'),(26,'comment_moderation','0','yes'),(27,'moderation_notify','1','yes'),(28,'permalink_structure','/%postname%/','yes'),(30,'hack_file','0','yes'),(31,'blog_charset','UTF-8','yes'),(32,'moderation_keys','','no'),(33,'active_plugins','a:6:{i:1;s:47:\"clean-image-filenames/clean-image-filenames.php\";i:3;s:45:\"enable-media-replace/enable-media-replace.php\";i:4;s:23:\"loco-translate/loco.php\";i:5;s:45:\"rewrite-flush-button/rewrite-flush-button.php\";i:7;s:27:\"svg-support/svg-support.php\";i:8;s:24:\"wordpress-seo/wp-seo.php\";}','yes'),(34,'category_base','','yes'),(35,'ping_sites','http://rpc.pingomatic.com/','yes'),(36,'comment_max_links','2','yes'),(37,'gmt_offset','0','yes'),(38,'default_email_category','1','yes'),(39,'recently_edited','','no'),(40,'template','mediorbis-base','yes'),(41,'stylesheet','klinik-am-schloss','yes'),(42,'comment_registration','0','yes'),(43,'html_type','text/html','yes'),(44,'use_trackback','0','yes'),(45,'default_role','subscriber','yes'),(46,'db_version','53496','yes'),(47,'uploads_use_yearmonth_folders','0','yes'),(48,'upload_path','','yes'),(49,'blog_public','0','yes'),(50,'default_link_category','2','yes'),(51,'show_on_front','page','yes'),(52,'tag_base','','yes'),(53,'show_avatars','1','yes'),(54,'avatar_rating','G','yes'),(55,'upload_url_path','','yes'),(56,'thumbnail_size_w','450','yes'),(57,'thumbnail_size_h','450','yes'),(58,'thumbnail_crop','1','yes'),(59,'medium_size_w','900','yes'),(60,'medium_size_h','900','yes'),(61,'avatar_default','mystery','yes'),(62,'large_size_w','1200','yes'),(63,'large_size_h','1200','yes'),(64,'image_default_link_type','none','yes'),(65,'image_default_size','','yes'),(66,'image_default_align','','yes'),(67,'close_comments_for_old_posts','0','yes'),(68,'close_comments_days_old','14','yes'),(69,'thread_comments','1','yes'),(70,'thread_comments_depth','5','yes'),(71,'page_comments','0','yes'),(72,'comments_per_page','50','yes'),(73,'default_comments_page','newest','yes'),(74,'comment_order','asc','yes'),(75,'sticky_posts','a:0:{}','yes'),(76,'widget_categories','a:2:{i:1;a:0:{}s:12:\"_multiwidget\";i:1;}','yes'),(77,'widget_text','a:2:{i:1;a:0:{}s:12:\"_multiwidget\";i:1;}','yes'),(78,'widget_rss','a:2:{i:1;a:0:{}s:12:\"_multiwidget\";i:1;}','yes'),(79,'uninstall_plugins','a:5:{s:45:\"enable-media-replace/enable-media-replace.php\";s:33:\"\\EnableMediaReplace\\emr_uninstall\";s:24:\"wordpress-seo/wp-seo.php\";s:14:\"__return_false\";s:29:\"webp-express/webp-express.php\";a:2:{i:0;s:28:\"\\WebPExpress\\PluginUninstall\";i:1;s:9:\"uninstall\";}s:39:\"copy-delete-posts/copy-delete-posts.php\";a:2:{i:0;s:15:\"Account\\Account\";i:1;s:25:\"onUninstallPluginListener\";}s:51:\"all-in-one-wp-security-and-firewall/wp-security.php\";a:2:{i:0;s:15:\"AIO_WP_Security\";i:1;s:17:\"uninstall_handler\";}}','no'),(80,'timezone_string','','yes'),(81,'page_for_posts','0','yes'),(82,'page_on_front','3','yes'),(83,'default_post_format','0','yes'),(84,'link_manager_enabled','0','yes'),(85,'finished_splitting_shared_terms','1','yes'),(86,'site_icon','1470','yes'),(87,'medium_large_size_w','768','yes'),(88,'medium_large_size_h','0','yes'),(89,'wp_page_for_privacy_policy','22','yes'),(90,'show_comments_cookies_opt_in','1','yes'),(91,'admin_email_lifespan','1676894039','yes'),(92,'disallowed_keys','','no'),(93,'comment_previously_approved','1','yes'),(94,'auto_plugin_theme_update_emails','a:0:{}','no'),(95,'auto_update_core_dev','enabled','yes'),(96,'auto_update_core_minor','enabled','yes'),(97,'auto_update_core_major','enabled','yes'),(98,'wp_force_deactivated_plugins','a:0:{}','yes'),(99,'initial_db_version','49752','yes'),(100,'kas_user_roles','a:8:{s:13:\"administrator\";a:2:{s:4:\"name\";s:13:\"Administrator\";s:12:\"capabilities\";a:65:{s:13:\"switch_themes\";b:1;s:11:\"edit_themes\";b:1;s:16:\"activate_plugins\";b:1;s:12:\"edit_plugins\";b:1;s:10:\"edit_users\";b:1;s:10:\"edit_files\";b:1;s:14:\"manage_options\";b:1;s:17:\"moderate_comments\";b:1;s:17:\"manage_categories\";b:1;s:12:\"manage_links\";b:1;s:12:\"upload_files\";b:1;s:6:\"import\";b:1;s:15:\"unfiltered_html\";b:1;s:10:\"edit_posts\";b:1;s:17:\"edit_others_posts\";b:1;s:20:\"edit_published_posts\";b:1;s:13:\"publish_posts\";b:1;s:10:\"edit_pages\";b:1;s:4:\"read\";b:1;s:8:\"level_10\";b:1;s:7:\"level_9\";b:1;s:7:\"level_8\";b:1;s:7:\"level_7\";b:1;s:7:\"level_6\";b:1;s:7:\"level_5\";b:1;s:7:\"level_4\";b:1;s:7:\"level_3\";b:1;s:7:\"level_2\";b:1;s:7:\"level_1\";b:1;s:7:\"level_0\";b:1;s:17:\"edit_others_pages\";b:1;s:20:\"edit_published_pages\";b:1;s:13:\"publish_pages\";b:1;s:12:\"delete_pages\";b:1;s:19:\"delete_others_pages\";b:1;s:22:\"delete_published_pages\";b:1;s:12:\"delete_posts\";b:1;s:19:\"delete_others_posts\";b:1;s:22:\"delete_published_posts\";b:1;s:20:\"delete_private_posts\";b:1;s:18:\"edit_private_posts\";b:1;s:18:\"read_private_posts\";b:1;s:20:\"delete_private_pages\";b:1;s:18:\"edit_private_pages\";b:1;s:18:\"read_private_pages\";b:1;s:12:\"delete_users\";b:1;s:12:\"create_users\";b:1;s:17:\"unfiltered_upload\";b:1;s:14:\"edit_dashboard\";b:1;s:14:\"update_plugins\";b:1;s:14:\"delete_plugins\";b:1;s:15:\"install_plugins\";b:1;s:13:\"update_themes\";b:1;s:14:\"install_themes\";b:1;s:11:\"update_core\";b:1;s:10:\"list_users\";b:1;s:12:\"remove_users\";b:1;s:13:\"promote_users\";b:1;s:18:\"edit_theme_options\";b:1;s:13:\"delete_themes\";b:1;s:6:\"export\";b:1;s:21:\"manage_borlabs_cookie\";b:1;s:10:\"loco_admin\";b:1;s:10:\"copy_posts\";b:1;s:20:\"wpseo_manage_options\";b:1;}}s:6:\"editor\";a:2:{s:4:\"name\";s:6:\"Editor\";s:12:\"capabilities\";a:37:{s:17:\"moderate_comments\";b:1;s:17:\"manage_categories\";b:1;s:12:\"manage_links\";b:1;s:12:\"upload_files\";b:1;s:15:\"unfiltered_html\";b:1;s:10:\"edit_posts\";b:1;s:17:\"edit_others_posts\";b:1;s:20:\"edit_published_posts\";b:1;s:13:\"publish_posts\";b:1;s:10:\"edit_pages\";b:1;s:4:\"read\";b:1;s:7:\"level_7\";b:1;s:7:\"level_6\";b:1;s:7:\"level_5\";b:1;s:7:\"level_4\";b:1;s:7:\"level_3\";b:1;s:7:\"level_2\";b:1;s:7:\"level_1\";b:1;s:7:\"level_0\";b:1;s:17:\"edit_others_pages\";b:1;s:20:\"edit_published_pages\";b:1;s:13:\"publish_pages\";b:1;s:12:\"delete_pages\";b:1;s:19:\"delete_others_pages\";b:1;s:22:\"delete_published_pages\";b:1;s:12:\"delete_posts\";b:1;s:19:\"delete_others_posts\";b:1;s:22:\"delete_published_posts\";b:1;s:20:\"delete_private_posts\";b:1;s:18:\"edit_private_posts\";b:1;s:18:\"read_private_posts\";b:1;s:20:\"delete_private_pages\";b:1;s:18:\"edit_private_pages\";b:1;s:18:\"read_private_pages\";b:1;s:10:\"copy_posts\";b:1;s:15:\"wpseo_bulk_edit\";b:1;s:28:\"wpseo_edit_advanced_metadata\";b:1;}}s:6:\"author\";a:2:{s:4:\"name\";s:6:\"Author\";s:12:\"capabilities\";a:10:{s:12:\"upload_files\";b:1;s:10:\"edit_posts\";b:1;s:20:\"edit_published_posts\";b:1;s:13:\"publish_posts\";b:1;s:4:\"read\";b:1;s:7:\"level_2\";b:1;s:7:\"level_1\";b:1;s:7:\"level_0\";b:1;s:12:\"delete_posts\";b:1;s:22:\"delete_published_posts\";b:1;}}s:11:\"contributor\";a:2:{s:4:\"name\";s:11:\"Contributor\";s:12:\"capabilities\";a:5:{s:10:\"edit_posts\";b:1;s:4:\"read\";b:1;s:7:\"level_1\";b:1;s:7:\"level_0\";b:1;s:12:\"delete_posts\";b:1;}}s:10:\"subscriber\";a:2:{s:4:\"name\";s:10:\"Subscriber\";s:12:\"capabilities\";a:2:{s:4:\"read\";b:1;s:7:\"level_0\";b:1;}}s:10:\"translator\";a:2:{s:4:\"name\";s:10:\"Translator\";s:12:\"capabilities\";a:2:{s:4:\"read\";b:1;s:10:\"loco_admin\";b:1;}}s:13:\"wpseo_manager\";a:2:{s:4:\"name\";s:11:\"SEO Manager\";s:12:\"capabilities\";a:39:{s:17:\"moderate_comments\";b:1;s:17:\"manage_categories\";b:1;s:12:\"manage_links\";b:1;s:12:\"upload_files\";b:1;s:15:\"unfiltered_html\";b:1;s:10:\"edit_posts\";b:1;s:17:\"edit_others_posts\";b:1;s:20:\"edit_published_posts\";b:1;s:13:\"publish_posts\";b:1;s:10:\"edit_pages\";b:1;s:4:\"read\";b:1;s:7:\"level_7\";b:1;s:7:\"level_6\";b:1;s:7:\"level_5\";b:1;s:7:\"level_4\";b:1;s:7:\"level_3\";b:1;s:7:\"level_2\";b:1;s:7:\"level_1\";b:1;s:7:\"level_0\";b:1;s:17:\"edit_others_pages\";b:1;s:20:\"edit_published_pages\";b:1;s:13:\"publish_pages\";b:1;s:12:\"delete_pages\";b:1;s:19:\"delete_others_pages\";b:1;s:22:\"delete_published_pages\";b:1;s:12:\"delete_posts\";b:1;s:19:\"delete_others_posts\";b:1;s:22:\"delete_published_posts\";b:1;s:20:\"delete_private_posts\";b:1;s:18:\"edit_private_posts\";b:1;s:18:\"read_private_posts\";b:1;s:20:\"delete_private_pages\";b:1;s:18:\"edit_private_pages\";b:1;s:18:\"read_private_pages\";b:1;s:10:\"copy_posts\";b:1;s:15:\"wpseo_bulk_edit\";b:1;s:28:\"wpseo_edit_advanced_metadata\";b:1;s:20:\"wpseo_manage_options\";b:1;s:23:\"view_site_health_checks\";b:1;}}s:12:\"wpseo_editor\";a:2:{s:4:\"name\";s:10:\"SEO Editor\";s:12:\"capabilities\";a:37:{s:17:\"moderate_comments\";b:1;s:17:\"manage_categories\";b:1;s:12:\"manage_links\";b:1;s:12:\"upload_files\";b:1;s:15:\"unfiltered_html\";b:1;s:10:\"edit_posts\";b:1;s:17:\"edit_others_posts\";b:1;s:20:\"edit_published_posts\";b:1;s:13:\"publish_posts\";b:1;s:10:\"edit_pages\";b:1;s:4:\"read\";b:1;s:7:\"level_7\";b:1;s:7:\"level_6\";b:1;s:7:\"level_5\";b:1;s:7:\"level_4\";b:1;s:7:\"level_3\";b:1;s:7:\"level_2\";b:1;s:7:\"level_1\";b:1;s:7:\"level_0\";b:1;s:17:\"edit_others_pages\";b:1;s:20:\"edit_published_pages\";b:1;s:13:\"publish_pages\";b:1;s:12:\"delete_pages\";b:1;s:19:\"delete_others_pages\";b:1;s:22:\"delete_published_pages\";b:1;s:12:\"delete_posts\";b:1;s:19:\"delete_others_posts\";b:1;s:22:\"delete_published_posts\";b:1;s:20:\"delete_private_posts\";b:1;s:18:\"edit_private_posts\";b:1;s:18:\"read_private_posts\";b:1;s:20:\"delete_private_pages\";b:1;s:18:\"edit_private_pages\";b:1;s:18:\"read_private_pages\";b:1;s:10:\"copy_posts\";b:1;s:15:\"wpseo_bulk_edit\";b:1;s:28:\"wpseo_edit_advanced_metadata\";b:1;}}}','yes'),(101,'fresh_site','0','yes'),(102,'cron','a:14:{i:1669642617;a:1:{s:26:\"aios_15_minutes_cron_event\";a:1:{s:32:\"40cd750bba9870f18aada2478b24840a\";a:3:{s:8:\"schedule\";s:21:\"aios-every-15-minutes\";s:4:\"args\";a:0:{}s:8:\"interval\";i:900;}}}i:1669642775;a:1:{s:24:\"aiowps_hourly_cron_event\";a:1:{s:32:\"40cd750bba9870f18aada2478b24840a\";a:3:{s:8:\"schedule\";s:6:\"hourly\";s:4:\"args\";a:0:{}s:8:\"interval\";i:3600;}}}i:1669644225;a:3:{s:18:\"w3_pgcache_cleanup\";a:1:{s:32:\"40cd750bba9870f18aada2478b24840a\";a:3:{s:8:\"schedule\";s:18:\"w3_pgcache_cleanup\";s:4:\"args\";a:0:{}s:8:\"interval\";i:3600;}}s:22:\"w3_objectcache_cleanup\";a:1:{s:32:\"40cd750bba9870f18aada2478b24840a\";a:3:{s:8:\"schedule\";s:22:\"w3_objectcache_cleanup\";s:4:\"args\";a:0:{}s:8:\"interval\";i:3600;}}s:18:\"w3_dbcache_cleanup\";a:1:{s:32:\"40cd750bba9870f18aada2478b24840a\";a:3:{s:8:\"schedule\";s:18:\"w3_dbcache_cleanup\";s:4:\"args\";a:0:{}s:8:\"interval\";i:3600;}}}i:1669644777;a:1:{s:34:\"wp_privacy_delete_old_export_files\";a:1:{s:32:\"40cd750bba9870f18aada2478b24840a\";a:3:{s:8:\"schedule\";s:6:\"hourly\";s:4:\"args\";a:0:{}s:8:\"interval\";i:3600;}}}i:1669657175;a:1:{s:23:\"aiowps_daily_cron_event\";a:1:{s:32:\"40cd750bba9870f18aada2478b24840a\";a:3:{s:8:\"schedule\";s:5:\"daily\";s:4:\"args\";a:0:{}s:8:\"interval\";i:86400;}}}i:1669657489;a:1:{s:31:\"wpseo_permalink_structure_check\";a:1:{s:32:\"40cd750bba9870f18aada2478b24840a\";a:3:{s:8:\"schedule\";s:5:\"daily\";s:4:\"args\";a:0:{}s:8:\"interval\";i:86400;}}}i:1669657852;a:1:{s:21:\"update_network_counts\";a:1:{s:32:\"40cd750bba9870f18aada2478b24840a\";a:3:{s:8:\"schedule\";s:10:\"twicedaily\";s:4:\"args\";a:0:{}s:8:\"interval\";i:43200;}}}i:1669677177;a:5:{s:32:\"recovery_mode_clean_expired_keys\";a:1:{s:32:\"40cd750bba9870f18aada2478b24840a\";a:3:{s:8:\"schedule\";s:5:\"daily\";s:4:\"args\";a:0:{}s:8:\"interval\";i:86400;}}s:18:\"wp_https_detection\";a:1:{s:32:\"40cd750bba9870f18aada2478b24840a\";a:3:{s:8:\"schedule\";s:10:\"twicedaily\";s:4:\"args\";a:0:{}s:8:\"interval\";i:43200;}}s:16:\"wp_version_check\";a:1:{s:32:\"40cd750bba9870f18aada2478b24840a\";a:3:{s:8:\"schedule\";s:10:\"twicedaily\";s:4:\"args\";a:0:{}s:8:\"interval\";i:43200;}}s:17:\"wp_update_plugins\";a:1:{s:32:\"40cd750bba9870f18aada2478b24840a\";a:3:{s:8:\"schedule\";s:10:\"twicedaily\";s:4:\"args\";a:0:{}s:8:\"interval\";i:43200;}}s:16:\"wp_update_themes\";a:1:{s:32:\"40cd750bba9870f18aada2478b24840a\";a:3:{s:8:\"schedule\";s:10:\"twicedaily\";s:4:\"args\";a:0:{}s:8:\"interval\";i:43200;}}}i:1669677552;a:3:{s:13:\"wpseo-reindex\";a:1:{s:32:\"40cd750bba9870f18aada2478b24840a\";a:3:{s:8:\"schedule\";s:5:\"daily\";s:4:\"args\";a:0:{}s:8:\"interval\";i:86400;}}s:19:\"wp_scheduled_delete\";a:1:{s:32:\"40cd750bba9870f18aada2478b24840a\";a:3:{s:8:\"schedule\";s:5:\"daily\";s:4:\"args\";a:0:{}s:8:\"interval\";i:86400;}}s:25:\"delete_expired_transients\";a:1:{s:32:\"40cd750bba9870f18aada2478b24840a\";a:3:{s:8:\"schedule\";s:5:\"daily\";s:4:\"args\";a:0:{}s:8:\"interval\";i:86400;}}}i:1669677553;a:1:{s:30:\"wp_scheduled_auto_draft_delete\";a:1:{s:32:\"40cd750bba9870f18aada2478b24840a\";a:3:{s:8:\"schedule\";s:5:\"daily\";s:4:\"args\";a:0:{}s:8:\"interval\";i:86400;}}}i:1669716225;a:1:{s:17:\"w3_minify_cleanup\";a:1:{s:32:\"40cd750bba9870f18aada2478b24840a\";a:3:{s:8:\"schedule\";s:17:\"w3_minify_cleanup\";s:4:\"args\";a:0:{}s:8:\"interval\";i:86400;}}}i:1670022810;a:1:{s:16:\"wpseo_ryte_fetch\";a:1:{s:32:\"40cd750bba9870f18aada2478b24840a\";a:3:{s:8:\"schedule\";s:6:\"weekly\";s:4:\"args\";a:0:{}s:8:\"interval\";i:604800;}}}i:1670109177;a:1:{s:30:\"wp_site_health_scheduled_check\";a:1:{s:32:\"40cd750bba9870f18aada2478b24840a\";a:3:{s:8:\"schedule\";s:6:\"weekly\";s:4:\"args\";a:0:{}s:8:\"interval\";i:604800;}}}s:7:\"version\";i:2;}','yes'),(103,'widget_pages','a:1:{s:12:\"_multiwidget\";i:1;}','yes'),(104,'widget_calendar','a:1:{s:12:\"_multiwidget\";i:1;}','yes'),(105,'widget_archives','a:1:{s:12:\"_multiwidget\";i:1;}','yes'),(106,'widget_media_audio','a:1:{s:12:\"_multiwidget\";i:1;}','yes'),(107,'widget_media_image','a:1:{s:12:\"_multiwidget\";i:1;}','yes'),(108,'widget_media_gallery','a:1:{s:12:\"_multiwidget\";i:1;}','yes'),(109,'widget_media_video','a:1:{s:12:\"_multiwidget\";i:1;}','yes'),(110,'widget_meta','a:1:{s:12:\"_multiwidget\";i:1;}','yes'),(111,'widget_search','a:1:{s:12:\"_multiwidget\";i:1;}','yes'),(112,'widget_tag_cloud','a:1:{s:12:\"_multiwidget\";i:1;}','yes'),(113,'widget_nav_menu','a:1:{s:12:\"_multiwidget\";i:1;}','yes'),(114,'widget_custom_html','a:1:{s:12:\"_multiwidget\";i:1;}','yes'),(115,'widget_block','a:1:{s:12:\"_multiwidget\";i:1;}','yes'),(120,'_site_transient_update_themes','O:8:\"stdClass\":5:{s:12:\"last_checked\";i:1644774289;s:7:\"checked\";a:3:{s:17:\"klinik-am-schloss\";s:5:\"1.0.0\";s:14:\"mediorbis-base\";s:5:\"2.1.0\";s:15:\"twentytwentytwo\";s:3:\"1.0\";}s:8:\"response\";a:0:{}s:9:\"no_update\";a:1:{s:15:\"twentytwentytwo\";a:6:{s:5:\"theme\";s:15:\"twentytwentytwo\";s:11:\"new_version\";s:3:\"1.0\";s:3:\"url\";s:45:\"https://wordpress.org/themes/twentytwentytwo/\";s:7:\"package\";s:61:\"https://downloads.wordpress.org/theme/twentytwentytwo.1.0.zip\";s:8:\"requires\";s:3:\"5.9\";s:12:\"requires_php\";s:3:\"5.6\";}}s:12:\"translations\";a:0:{}}','no'),(141,'aiowpsec_db_version','1.9.3','yes'),(142,'aio_wp_security_configs','a:95:{s:19:\"aiowps_enable_debug\";s:0:\"\";s:36:\"aiowps_remove_wp_generator_meta_info\";s:0:\"\";s:25:\"aiowps_prevent_hotlinking\";s:0:\"\";s:28:\"aiowps_enable_login_lockdown\";b:1;s:28:\"aiowps_allow_unlock_requests\";s:0:\"\";s:25:\"aiowps_max_login_attempts\";s:1:\"3\";s:24:\"aiowps_retry_time_period\";s:1:\"5\";s:26:\"aiowps_lockout_time_length\";s:2:\"60\";s:28:\"aiowps_set_generic_login_msg\";s:0:\"\";s:26:\"aiowps_enable_email_notify\";s:0:\"\";s:20:\"aiowps_email_address\";s:15:\"mb@mediorbis.de\";s:27:\"aiowps_enable_forced_logout\";s:0:\"\";s:25:\"aiowps_logout_time_period\";s:2:\"60\";s:39:\"aiowps_enable_invalid_username_lockdown\";s:0:\"\";s:43:\"aiowps_instantly_lockout_specific_usernames\";a:0:{}s:32:\"aiowps_unlock_request_secret_key\";s:20:\"e0b5drmmoyt7owsnjgas\";s:35:\"aiowps_lockdown_enable_whitelisting\";s:0:\"\";s:36:\"aiowps_lockdown_allowed_ip_addresses\";s:0:\"\";s:26:\"aiowps_enable_whitelisting\";s:0:\"\";s:27:\"aiowps_allowed_ip_addresses\";s:0:\"\";s:27:\"aiowps_enable_login_captcha\";s:0:\"\";s:34:\"aiowps_enable_custom_login_captcha\";s:0:\"\";s:31:\"aiowps_enable_woo_login_captcha\";s:0:\"\";s:34:\"aiowps_enable_woo_register_captcha\";s:0:\"\";s:38:\"aiowps_enable_woo_lostpassword_captcha\";s:0:\"\";s:25:\"aiowps_captcha_secret_key\";s:20:\"5yupt44y37rhacdplqfh\";s:42:\"aiowps_enable_manual_registration_approval\";s:0:\"\";s:39:\"aiowps_enable_registration_page_captcha\";s:0:\"\";s:35:\"aiowps_enable_registration_honeypot\";s:0:\"\";s:27:\"aiowps_enable_random_prefix\";s:0:\"\";s:31:\"aiowps_enable_automated_backups\";s:0:\"\";s:26:\"aiowps_db_backup_frequency\";s:1:\"4\";s:25:\"aiowps_db_backup_interval\";s:1:\"2\";s:26:\"aiowps_backup_files_stored\";s:1:\"2\";s:32:\"aiowps_send_backup_email_address\";s:0:\"\";s:27:\"aiowps_backup_email_address\";s:15:\"mb@mediorbis.de\";s:27:\"aiowps_disable_file_editing\";b:1;s:37:\"aiowps_prevent_default_wp_file_access\";b:1;s:22:\"aiowps_system_log_file\";s:9:\"error_log\";s:26:\"aiowps_enable_blacklisting\";s:0:\"\";s:26:\"aiowps_banned_ip_addresses\";s:0:\"\";s:28:\"aiowps_enable_basic_firewall\";s:0:\"\";s:27:\"aiowps_max_file_upload_size\";s:2:\"10\";s:31:\"aiowps_enable_pingback_firewall\";s:0:\"\";s:38:\"aiowps_disable_xmlrpc_pingback_methods\";s:0:\"\";s:34:\"aiowps_block_debug_log_file_access\";s:0:\"\";s:26:\"aiowps_disable_index_views\";s:0:\"\";s:30:\"aiowps_disable_trace_and_track\";s:0:\"\";s:28:\"aiowps_forbid_proxy_comments\";s:0:\"\";s:29:\"aiowps_deny_bad_query_strings\";s:0:\"\";s:34:\"aiowps_advanced_char_string_filter\";s:0:\"\";s:25:\"aiowps_enable_5g_firewall\";s:0:\"\";s:25:\"aiowps_enable_6g_firewall\";s:0:\"\";s:26:\"aiowps_enable_custom_rules\";s:0:\"\";s:32:\"aiowps_place_custom_rules_at_top\";s:0:\"\";s:19:\"aiowps_custom_rules\";s:0:\"\";s:25:\"aiowps_enable_404_logging\";s:0:\"\";s:28:\"aiowps_enable_404_IP_lockout\";s:0:\"\";s:30:\"aiowps_404_lockout_time_length\";s:2:\"60\";s:28:\"aiowps_404_lock_redirect_url\";s:16:\"http://127.0.0.1\";s:31:\"aiowps_enable_rename_login_page\";s:0:\"\";s:28:\"aiowps_enable_login_honeypot\";s:0:\"\";s:43:\"aiowps_enable_brute_force_attack_prevention\";s:0:\"\";s:30:\"aiowps_brute_force_secret_word\";s:0:\"\";s:24:\"aiowps_cookie_brute_test\";s:0:\"\";s:44:\"aiowps_cookie_based_brute_force_redirect_url\";s:16:\"http://127.0.0.1\";s:59:\"aiowps_brute_force_attack_prevention_pw_protected_exception\";s:0:\"\";s:51:\"aiowps_brute_force_attack_prevention_ajax_exception\";s:0:\"\";s:19:\"aiowps_site_lockout\";s:0:\"\";s:23:\"aiowps_site_lockout_msg\";s:0:\"\";s:30:\"aiowps_enable_spambot_blocking\";s:0:\"\";s:29:\"aiowps_enable_comment_captcha\";s:0:\"\";s:31:\"aiowps_enable_autoblock_spam_ip\";s:0:\"\";s:33:\"aiowps_spam_ip_min_comments_block\";s:0:\"\";s:33:\"aiowps_enable_bp_register_captcha\";s:0:\"\";s:35:\"aiowps_enable_bbp_new_topic_captcha\";s:0:\"\";s:32:\"aiowps_enable_automated_fcd_scan\";s:0:\"\";s:25:\"aiowps_fcd_scan_frequency\";s:1:\"4\";s:24:\"aiowps_fcd_scan_interval\";s:1:\"2\";s:28:\"aiowps_fcd_exclude_filetypes\";s:0:\"\";s:24:\"aiowps_fcd_exclude_files\";s:0:\"\";s:26:\"aiowps_send_fcd_scan_email\";s:0:\"\";s:29:\"aiowps_fcd_scan_email_address\";s:15:\"mb@mediorbis.de\";s:27:\"aiowps_fcds_change_detected\";b:0;s:22:\"aiowps_copy_protection\";s:0:\"\";s:40:\"aiowps_prevent_site_display_inside_frame\";s:0:\"\";s:32:\"aiowps_prevent_users_enumeration\";b:1;s:42:\"aiowps_disallow_unauthorized_rest_requests\";b:1;s:25:\"aiowps_ip_retrieve_method\";s:1:\"0\";s:25:\"aiowps_recaptcha_site_key\";s:0:\"\";s:27:\"aiowps_recaptcha_secret_key\";s:0:\"\";s:24:\"aiowps_default_recaptcha\";s:0:\"\";s:28:\"aiowps_block_fake_googlebots\";b:1;s:35:\"aiowps_enable_lost_password_captcha\";s:0:\"\";s:12:\"installed-at\";i:1664296886;}','yes'),(143,'duplicate_page_options','a:4:{s:21:\"duplicate_post_status\";s:5:\"draft\";s:23:\"duplicate_post_redirect\";s:7:\"to_list\";s:21:\"duplicate_post_suffix\";s:0:\"\";s:21:\"duplicate_post_editor\";s:7:\"classic\";}','yes'),(144,'bodhi_svgs_plugin_version','2.4.2','yes'),(145,'yoast_migrations_free','a:1:{s:7:\"version\";s:6:\"18.5.1\";}','yes'),(150,'widget_shariff','a:1:{s:12:\"_multiwidget\";i:1;}','yes'),(151,'shariff3uu_basic','a:2:{s:7:\"version\";s:5:\"4.6.7\";s:8:\"services\";s:54:\"twitter|facebook|linkedin|xing|reddit|pinterest|mailto\";}','yes'),(152,'shariff3uu_design','a:6:{s:4:\"lang\";s:2:\"de\";s:5:\"theme\";s:5:\"round\";s:10:\"buttonsize\";s:6:\"medium\";s:5:\"align\";s:10:\"flex-start\";s:12:\"align_widget\";s:10:\"flex-start\";s:11:\"dynamic_css\";s:0:\"\";}','yes'),(153,'shariff3uu_advanced','a:0:{}','yes'),(154,'shariff3uu_statistic','a:0:{}','yes'),(157,'theme_mods_twentytwentyone','a:1:{s:16:\"sidebars_widgets\";a:2:{s:4:\"time\";i:1641597245;s:4:\"data\";a:0:{}}}','yes'),(158,'current_theme','Klinik am Schloss Theme','yes'),(159,'theme_switched','','yes'),(160,'theme_mods_klinik-am-schloss','a:3:{s:18:\"nav_menu_locations\";a:5:{s:7:\"primary\";i:2;s:8:\"footer-2\";i:4;s:8:\"footer-1\";i:3;s:9:\"secondary\";i:0;s:13:\"footer-bottom\";i:4;}s:18:\"custom_css_post_id\";i:-1;s:11:\"custom_logo\";i:89;}','yes'),(161,'BorlabsCookieLicenseKey','GON94EVR-GYX','yes'),(162,'BorlabsCookieLicenseData','Tzo4OiJzdGRDbGFzcyI6OTp7czoxMDoibGljZW5zZUtleSI7czoxMjoiR09OOTRFVlItR1lYIjtzOjExOiJsaWNlbnNlVHlwZSI7czoyNzoiYm9ybGFicy1jb29raWUtcHJvZmVzc2lvbmFsIjtzOjExOiJsaWNlbnNlU2FsdCI7czozMjoiRzFETllLSk9DMk1ZTFkxQlU1MzMyVktFVkYwSktDMFciO3M6ODoibWF4U2l0ZXMiO3M6MjoiMjUiO3M6NDoic2FsdCI7czozMjoiRVJSWDJFMU1CR1pYWlVCUjdKSjhEOUdKVTdHMkNXM1ciO3M6MTA6InZhbGlkVW50aWwiO3M6MTA6IjIwMjItMDEtMDQiO3M6MTI6InN1cHBvcnRVbnRpbCI7czoxMDoiMjAyMi0wMS0wNCI7czoxMjoicmVjb3ZlcnlNYWlsIjtzOjE1OiJua0BtZWRpb3JiaXMuZGUiO3M6MjI6ImhpZGVMaWNlbnNlSW5mb3JtYXRpb24iO3M6MToiMCI7fQ==','yes'),(163,'BorlabsCookieConfig_de','a:138:{s:12:\"cookieStatus\";b:1;s:19:\"cookieBeforeConsent\";b:0;s:22:\"aggregateCookieConsent\";b:0;s:14:\"cookiesForBots\";b:1;s:17:\"respectDoNotTrack\";b:0;s:18:\"reloadAfterConsent\";b:0;s:12:\"jQueryHandle\";s:6:\"jquery\";s:7:\"metaBox\";a:0:{}s:28:\"automaticCookieDomainAndPath\";b:1;s:12:\"cookieDomain\";s:0:\"\";s:10:\"cookiePath\";s:1:\"/\";s:14:\"cookieLifetime\";i:365;s:17:\"crossDomainCookie\";a:0:{}s:13:\"showCookieBox\";b:1;s:24:\"showCookieBoxOnLoginPage\";b:0;s:20:\"cookieBoxIntegration\";s:10:\"javascript\";s:22:\"cookieBoxBlocksContent\";b:1;s:25:\"cookieBoxRefuseOptionType\";s:6:\"button\";s:25:\"cookieBoxHideRefuseOption\";b:1;s:13:\"privacyPageId\";i:3;s:14:\"privacyPageURL\";s:20:\"/datenschutzklaerung\";s:20:\"privacyPageCustomURL\";s:0:\"\";s:13:\"imprintPageId\";i:0;s:14:\"imprintPageURL\";i:0;s:20:\"imprintPageCustomURL\";s:0:\"\";s:20:\"hideCookieBoxOnPages\";a:0:{}s:20:\"supportBorlabsCookie\";b:0;s:28:\"cookieBoxShowAcceptAllButton\";b:1;s:30:\"cookieBoxIgnorePreSelectStatus\";b:1;s:15:\"cookieBoxLayout\";s:12:\"box-advanced\";s:17:\"cookieBoxPosition\";s:13:\"middle-center\";s:33:\"cookieBoxCookieGroupJustification\";s:12:\"space-around\";s:18:\"cookieBoxAnimation\";b:1;s:23:\"cookieBoxAnimationDelay\";b:0;s:20:\"cookieBoxAnimationIn\";s:10:\"fadeInDown\";s:21:\"cookieBoxAnimationOut\";s:8:\"flipOutX\";s:17:\"cookieBoxShowLogo\";b:1;s:13:\"cookieBoxLogo\";s:65:\"/wp-content/plugins/borlabs-cookie/images/borlabs-cookie-logo.svg\";s:15:\"cookieBoxLogoHD\";s:65:\"/wp-content/plugins/borlabs-cookie/images/borlabs-cookie-logo.svg\";s:19:\"cookieBoxFontFamily\";s:7:\"inherit\";s:17:\"cookieBoxFontSize\";i:14;s:16:\"cookieBoxBgColor\";s:4:\"#fff\";s:17:\"cookieBoxTxtColor\";s:4:\"#555\";s:25:\"cookieBoxAccordionBgColor\";s:7:\"#f7f7f7\";s:26:\"cookieBoxAccordionTxtColor\";s:4:\"#555\";s:21:\"cookieBoxTableBgColor\";s:4:\"#fff\";s:22:\"cookieBoxTableTxtColor\";s:4:\"#555\";s:25:\"cookieBoxTableBorderColor\";s:4:\"#eee\";s:21:\"cookieBoxBorderRadius\";i:4;s:24:\"cookieBoxBtnBorderRadius\";i:4;s:29:\"cookieBoxCheckboxBorderRadius\";i:4;s:30:\"cookieBoxAccordionBorderRadius\";i:0;s:26:\"cookieBoxTableBorderRadius\";i:0;s:21:\"cookieBoxBtnFullWidth\";b:1;s:17:\"cookieBoxBtnColor\";s:7:\"#f7f7f7\";s:22:\"cookieBoxBtnHoverColor\";s:7:\"#e6e6e6\";s:20:\"cookieBoxBtnTxtColor\";s:4:\"#555\";s:25:\"cookieBoxBtnHoverTxtColor\";s:4:\"#555\";s:23:\"cookieBoxRefuseBtnColor\";s:7:\"#f7f7f7\";s:28:\"cookieBoxRefuseBtnHoverColor\";s:7:\"#e6e6e6\";s:26:\"cookieBoxRefuseBtnTxtColor\";s:4:\"#555\";s:31:\"cookieBoxRefuseBtnHoverTxtColor\";s:4:\"#555\";s:26:\"cookieBoxAcceptAllBtnColor\";s:7:\"#28a745\";s:31:\"cookieBoxAcceptAllBtnHoverColor\";s:7:\"#30c553\";s:29:\"cookieBoxAcceptAllBtnTxtColor\";s:4:\"#fff\";s:34:\"cookieBoxAcceptAllBtnHoverTxtColor\";s:4:\"#fff\";s:31:\"cookieBoxBtnSwitchActiveBgColor\";s:7:\"#28a745\";s:33:\"cookieBoxBtnSwitchInactiveBgColor\";s:7:\"#bdc1c8\";s:29:\"cookieBoxBtnSwitchActiveColor\";s:4:\"#fff\";s:31:\"cookieBoxBtnSwitchInactiveColor\";s:4:\"#fff\";s:23:\"cookieBoxBtnSwitchRound\";b:1;s:32:\"cookieBoxCheckboxInactiveBgColor\";s:4:\"#fff\";s:36:\"cookieBoxCheckboxInactiveBorderColor\";s:7:\"#a72828\";s:30:\"cookieBoxCheckboxActiveBgColor\";s:7:\"#28a745\";s:34:\"cookieBoxCheckboxActiveBorderColor\";s:7:\"#28a745\";s:32:\"cookieBoxCheckboxDisabledBgColor\";s:7:\"#e6e6e6\";s:36:\"cookieBoxCheckboxDisabledBorderColor\";s:7:\"#e6e6e6\";s:37:\"cookieBoxCheckboxCheckMarkActiveColor\";s:4:\"#fff\";s:39:\"cookieBoxCheckboxCheckMarkDisabledColor\";s:4:\"#999\";s:25:\"cookieBoxPrimaryLinkColor\";s:7:\"#28a745\";s:30:\"cookieBoxPrimaryLinkHoverColor\";s:7:\"#30c553\";s:27:\"cookieBoxSecondaryLinkColor\";s:4:\"#aaa\";s:32:\"cookieBoxSecondaryLinkHoverColor\";s:4:\"#aaa\";s:27:\"cookieBoxRejectionLinkColor\";s:4:\"#888\";s:32:\"cookieBoxRejectionLinkHoverColor\";s:4:\"#888\";s:18:\"cookieBoxCustomCSS\";s:0:\"\";s:21:\"cookieBoxTextHeadline\";s:24:\"Datenschutzeinstellungen\";s:24:\"cookieBoxTextDescription\";s:149:\"Wir nutzen Cookies auf unserer Website. Einige von ihnen sind essenziell, während andere uns helfen, diese Website und Ihre Erfahrung zu verbessern.\";s:25:\"cookieBoxTextAcceptButton\";s:14:\"Ich akzeptiere\";s:23:\"cookieBoxTextManageLink\";s:37:\"Individuelle Datenschutzeinstellungen\";s:23:\"cookieBoxTextRefuseLink\";s:35:\"Nur essenzielle Cookies akzeptieren\";s:30:\"cookieBoxTextCookieDetailsLink\";s:14:\"Cookie-Details\";s:24:\"cookieBoxTextPrivacyLink\";s:21:\"Datenschutzerklärung\";s:24:\"cookieBoxTextImprintLink\";s:9:\"Impressum\";s:31:\"cookieBoxPreferenceTextHeadline\";s:24:\"Datenschutzeinstellungen\";s:34:\"cookieBoxPreferenceTextDescription\";s:209:\"Hier finden Sie eine Übersicht über alle verwendeten Cookies. Sie können Ihre Einwilligung zu ganzen Kategorien geben oder sich weitere Informationen anzeigen lassen und so nur bestimmte Cookies auswählen.\";s:33:\"cookieBoxPreferenceTextSaveButton\";s:9:\"Speichern\";s:38:\"cookieBoxPreferenceTextAcceptAllButton\";s:16:\"Alle akzeptieren\";s:33:\"cookieBoxPreferenceTextRefuseLink\";s:35:\"Nur essenzielle Cookies akzeptieren\";s:31:\"cookieBoxPreferenceTextBackLink\";s:7:\"Zurück\";s:41:\"cookieBoxPreferenceTextSwitchStatusActive\";s:2:\"An\";s:43:\"cookieBoxPreferenceTextSwitchStatusInactive\";s:3:\"Aus\";s:37:\"cookieBoxPreferenceTextShowCookieLink\";s:29:\"Cookie-Informationen anzeigen\";s:37:\"cookieBoxPreferenceTextHideCookieLink\";s:31:\"Cookie-Informationen ausblenden\";s:33:\"cookieBoxCookieDetailsTableAccept\";s:11:\"Akzeptieren\";s:31:\"cookieBoxCookieDetailsTableName\";s:4:\"Name\";s:35:\"cookieBoxCookieDetailsTableProvider\";s:8:\"Anbieter\";s:34:\"cookieBoxCookieDetailsTablePurpose\";s:5:\"Zweck\";s:40:\"cookieBoxCookieDetailsTablePrivacyPolicy\";s:21:\"Datenschutzerklärung\";s:32:\"cookieBoxCookieDetailsTableHosts\";s:7:\"Host(s)\";s:37:\"cookieBoxCookieDetailsTableCookieName\";s:11:\"Cookie Name\";s:39:\"cookieBoxCookieDetailsTableCookieExpiry\";s:15:\"Cookie Laufzeit\";s:32:\"cookieBoxConsentHistoryTableDate\";s:5:\"Datum\";s:35:\"cookieBoxConsentHistoryTableVersion\";s:7:\"Version\";s:36:\"cookieBoxConsentHistoryTableConsents\";s:14:\"Einwilligungen\";s:27:\"contentBlockerHostWhitelist\";a:0:{}s:20:\"removeIframesInFeeds\";b:1;s:24:\"contentBlockerFontFamily\";s:7:\"inherit\";s:22:\"contentBlockerFontSize\";i:14;s:21:\"contentBlockerBgColor\";s:4:\"#000\";s:22:\"contentBlockerTxtColor\";s:4:\"#fff\";s:23:\"contentBlockerBgOpacity\";i:80;s:29:\"contentBlockerBtnBorderRadius\";i:4;s:22:\"contentBlockerBtnColor\";s:7:\"#28a745\";s:27:\"contentBlockerBtnHoverColor\";s:7:\"#30c553\";s:25:\"contentBlockerBtnTxtColor\";s:4:\"#fff\";s:30:\"contentBlockerBtnHoverTxtColor\";s:4:\"#fff\";s:23:\"contentBlockerLinkColor\";s:7:\"#28a745\";s:28:\"contentBlockerLinkHoverColor\";s:7:\"#30c553\";s:15:\"testEnvironment\";b:0;s:20:\"cookieBoxWidgetColor\";s:7:\"#0063e3\";s:19:\"cookieBoxShowWidget\";b:0;s:23:\"cookieBoxWidgetPosition\";s:11:\"bottom-left\";s:17:\"reloadAfterOptOut\";b:1;s:35:\"cookieBoxIndividualSettingsBtnColor\";s:4:\"#000\";s:40:\"cookieBoxIndividualSettingsBtnHoverColor\";s:7:\"#262626\";s:38:\"cookieBoxIndividualSettingsBtnTxtColor\";s:4:\"#fff\";s:43:\"cookieBoxIndividualSettingsBtnHoverTxtColor\";s:4:\"#fff\";}','no'),(164,'w3tc_browsercache_flush_timestamp','61634','yes'),(165,'BorlabsCookieVersion','2.2.49','yes'),(166,'BorlabsCookieStyleVersion_en','7','no'),(173,'w3tc_state','{\"common.install\":1641597552,\"common.install_version\":\"2.2.1\",\"license.status\":\"no_key\",\"license.next_check\":1669387116,\"license.terms\":\"\",\"common.show_note.plugins_updated\":true,\"common.show_note.plugins_updated.timestamp\":1644237928}','no'),(174,'webp-express-migration-version','14','yes'),(245,'w3tc_minify','{\"d52ed.js\":[\"wp-includes\\/js\\/jquery\\/jquery.min.js\"],\"a5ff7.css\":[\"wp-includes\\/css\\/dist\\/block-library\\/style.min.css\"],\"d0515.js\":[\"wp-includes\\/js\\/dist\\/vendor\\/regenerator-runtime.min.js\",\"wp-includes\\/js\\/dist\\/vendor\\/wp-polyfill.min.js\",\"wp-includes\\/js\\/dist\\/dom-ready.min.js\",\"wp-includes\\/js\\/dist\\/hooks.min.js\",\"wp-includes\\/js\\/dist\\/i18n.min.js\"],\"e5be1.js\":[\"wp-includes\\/js\\/dist\\/a11y.min.js\",\"wp-includes\\/js\\/underscore.min.js\",\"wp-includes\\/js\\/customize-base.min.js\",\"wp-includes\\/js\\/customize-preview.min.js\"],\"864c2.js\":[\"wp-includes\\/js\\/mediaelement\\/mediaelement-and-player.min.js\",\"wp-includes\\/js\\/mediaelement\\/mediaelement-migrate.min.js\"],\"b0646.js\":[\"wp-includes\\/js\\/mediaelement\\/wp-mediaelement.min.js\",\"wp-includes\\/js\\/mediaelement\\/renderers\\/vimeo.min.js\"],\"b4d13.js\":[\"wp-includes\\/js\\/wp-util.min.js\",\"wp-includes\\/js\\/backbone.min.js\",\"wp-includes\\/js\\/mediaelement\\/wp-playlist.min.js\",\"wp-includes\\/js\\/customize-selective-refresh.min.js\",\"wp-includes\\/js\\/customize-preview-widgets.min.js\",\"wp-includes\\/js\\/customize-preview-nav-menus.min.js\"],\"935cc.css\":[\"wp-includes\\/css\\/dashicons.min.css\",\"wp-includes\\/css\\/customize-preview.min.css\",\"wp-includes\\/css\\/dist\\/block-library\\/style.min.css\"],\"d5ca8.css\":[\"wp-includes\\/js\\/mediaelement\\/mediaelementplayer-legacy.min.css\",\"wp-includes\\/js\\/mediaelement\\/wp-mediaelement.min.css\"],\"f19c2.css\":[\"wp-content\\/themes\\/klinik-am-schloss\\/css\\/frontend.css\"],\"1615d.js\":[\"wp-content\\/plugins\\/w3-total-cache\\/pub\\/js\\/lazyload.min.js\"],\"04936.css\":[\"wp-content\\/themes\\/klinik-am-schloss\\/css\\/frontend.css\",\"wp-includes\\/js\\/mediaelement\\/mediaelementplayer-legacy.min.css\",\"wp-includes\\/js\\/mediaelement\\/wp-mediaelement.min.css\"],\"4f0c2.css\":[\"wp-content\\/themes\\/klinik-am-schloss\\/css\\/frontend.css\",\"wp-content\\/plugins\\/shariff\\/css\\/shariff.min.css\"],\"9e059.js\":[\"wp-content\\/themes\\/mediorbis-base\\/js\\/frontend\\/_constants.js\",\"wp-includes\\/js\\/jquery\\/jquery.min.js\",\"wp-content\\/themes\\/klinik-am-schloss\\/js\\/frontend\\/_constants.js\",\"wp-content\\/themes\\/mediorbis-base\\/js\\/frontend\\/nav.js\",\"wp-content\\/themes\\/klinik-am-schloss\\/js\\/frontend\\/nav.js\",\"wp-content\\/themes\\/mediorbis-base\\/js\\/frontend\\/overlay.js\",\"wp-content\\/themes\\/klinik-am-schloss\\/js\\/frontend\\/sticky-toc.js\"],\"c59cc.js\":[\"wp-content\\/themes\\/mediorbis-base\\/js\\/frontend\\/browser-detect.js\",\"wp-content\\/themes\\/mediorbis-base\\/js\\/frontend\\/back-to-top.js\",\"wp-content\\/themes\\/mediorbis-base\\/js\\/frontend\\/form.js\",\"wp-content\\/themes\\/mediorbis-base\\/js\\/frontend\\/select-input.js\",\"wp-content\\/themes\\/mediorbis-base\\/js\\/frontend\\/swipers.js\",\"wp-content\\/themes\\/klinik-am-schloss\\/js\\/frontend\\/contact-widget.js\",\"wp-content\\/themes\\/klinik-am-schloss\\/js\\/frontend\\/kas-map.js\",\"wp-content\\/themes\\/klinik-am-schloss\\/js\\/frontend\\/onpage-menu.js\",\"wp-content\\/themes\\/klinik-am-schloss\\/js\\/frontend\\/post-list.js\",\"wp-content\\/themes\\/mediorbis-base\\/lib\\/swiper\\/swiper-bundle.js\"],\"121d3.js\":[\"wp-content\\/themes\\/klinik-am-schloss\\/js\\/frontend\\/reviews.js\",\"wp-content\\/themes\\/klinik-am-schloss\\/js\\/frontend\\/swiper-post-list.js\"],\"72ccb.js\":[\"wp-content\\/themes\\/klinik-am-schloss\\/js\\/frontend\\/text-image-slider.js\",\"wp-content\\/themes\\/klinik-am-schloss\\/js\\/frontend\\/header-video.js\",\"wp-content\\/themes\\/klinik-am-schloss\\/js\\/frontend\\/yoast-faq.js\"],\"f92f6.js\":[\"wp-content\\/themes\\/mediorbis-base\\/js\\/frontend\\/_constants.js\",\"wp-includes\\/js\\/jquery\\/jquery.min.js\",\"wp-content\\/themes\\/klinik-am-schloss\\/js\\/frontend\\/_constants.js\",\"wp-content\\/themes\\/mediorbis-base\\/js\\/frontend\\/nav.js\",\"wp-content\\/themes\\/klinik-am-schloss\\/js\\/frontend\\/nav.js\",\"wp-content\\/themes\\/mediorbis-base\\/js\\/frontend\\/overlay.js\"],\"fcf14.js\":[\"wp-content\\/themes\\/klinik-am-schloss\\/js\\/frontend\\/text-image-slider.js\"],\"57be5.js\":[\"wp-content\\/themes\\/klinik-am-schloss\\/js\\/frontend\\/text-image-slider.js\",\"wp-content\\/themes\\/klinik-am-schloss\\/js\\/frontend\\/yoast-faq.js\"],\"7267d.js\":[\"wp-content\\/themes\\/mediorbis-base\\/js\\/frontend\\/browser-detect.js\",\"wp-content\\/themes\\/mediorbis-base\\/lib\\/swiper\\/swiper-bundle.js\",\"wp-content\\/themes\\/mediorbis-base\\/js\\/frontend\\/back-to-top.js\",\"wp-content\\/themes\\/mediorbis-base\\/js\\/frontend\\/form.js\",\"wp-content\\/themes\\/mediorbis-base\\/js\\/frontend\\/select-input.js\",\"wp-content\\/themes\\/klinik-am-schloss\\/js\\/frontend\\/contact-widget.js\",\"wp-content\\/themes\\/klinik-am-schloss\\/js\\/frontend\\/kas-map.js\",\"wp-content\\/themes\\/klinik-am-schloss\\/js\\/frontend\\/onpage-menu.js\",\"wp-content\\/themes\\/klinik-am-schloss\\/js\\/frontend\\/post-list.js\"],\"c5721.js\":[\"wp-content\\/themes\\/mediorbis-base\\/js\\/frontend\\/_constants.js\",\"wp-content\\/themes\\/klinik-am-schloss\\/js\\/frontend\\/_constants.js\",\"wp-includes\\/js\\/jquery\\/jquery.min.js\"],\"4f0ff.js\":[\"wp-content\\/themes\\/mediorbis-base\\/js\\/frontend\\/browser-detect.js\",\"wp-content\\/themes\\/mediorbis-base\\/js\\/frontend\\/nav.js\",\"wp-content\\/themes\\/klinik-am-schloss\\/js\\/frontend\\/nav.js\",\"wp-content\\/themes\\/mediorbis-base\\/js\\/frontend\\/back-to-top.js\",\"wp-content\\/themes\\/mediorbis-base\\/js\\/frontend\\/form.js\",\"wp-content\\/themes\\/mediorbis-base\\/js\\/frontend\\/select-input.js\",\"wp-content\\/themes\\/klinik-am-schloss\\/js\\/frontend\\/contact-widget.js\",\"wp-content\\/themes\\/klinik-am-schloss\\/js\\/frontend\\/kas-map.js\",\"wp-content\\/themes\\/klinik-am-schloss\\/js\\/frontend\\/onpage-menu.js\",\"wp-content\\/themes\\/mediorbis-base\\/js\\/frontend\\/overlay.js\",\"wp-content\\/themes\\/mediorbis-base\\/js\\/frontend\\/post-list.js\",\"wp-content\\/themes\\/klinik-am-schloss\\/js\\/frontend\\/post-list.js\",\"wp-content\\/themes\\/mediorbis-base\\/lib\\/swiper\\/swiper-bundle.js\"],\"cb109.js\":[\"wp-content\\/themes\\/klinik-am-schloss\\/js\\/frontend\\/text-image-slider.js\",\"wp-content\\/themes\\/klinik-am-schloss\\/js\\/frontend\\/header-video.js\",\"wp-content\\/themes\\/klinik-am-schloss\\/js\\/frontend\\/sticky-toc.js\",\"wp-content\\/themes\\/mediorbis-base\\/js\\/frontend\\/yoast-faq.js\"],\"5220a.js\":[\"wp-content\\/themes\\/klinik-am-schloss\\/js\\/frontend\\/text-image-slider.js\",\"wp-content\\/themes\\/klinik-am-schloss\\/js\\/frontend\\/sticky-toc.js\",\"wp-content\\/themes\\/mediorbis-base\\/js\\/frontend\\/yoast-faq.js\"],\"c43be.js\":[\"wp-content\\/themes\\/mediorbis-base\\/js\\/frontend\\/browser-detect.js\",\"wp-content\\/themes\\/mediorbis-base\\/js\\/frontend\\/nav.js\",\"wp-content\\/themes\\/klinik-am-schloss\\/js\\/frontend\\/nav.js\",\"wp-content\\/themes\\/mediorbis-base\\/js\\/frontend\\/back-to-top.js\",\"wp-content\\/themes\\/mediorbis-base\\/js\\/frontend\\/form.js\",\"wp-content\\/themes\\/mediorbis-base\\/js\\/frontend\\/select-input.js\",\"wp-content\\/themes\\/klinik-am-schloss\\/js\\/frontend\\/contact-widget.js\",\"wp-content\\/themes\\/klinik-am-schloss\\/js\\/frontend\\/kas-map.js\",\"wp-content\\/themes\\/klinik-am-schloss\\/js\\/frontend\\/onpage-menu.js\",\"wp-content\\/themes\\/mediorbis-base\\/js\\/frontend\\/overlay.js\",\"wp-content\\/themes\\/mediorbis-base\\/js\\/frontend\\/post-list.js\",\"wp-content\\/themes\\/klinik-am-schloss\\/js\\/frontend\\/post-list.js\",\"wp-content\\/themes\\/mediorbis-base\\/lib\\/swiper\\/swiper-bundle.min.js\"],\"64deb.js\":[\"wp-content\\/themes\\/mediorbis-base\\/js\\/frontend\\/browser-detect.js\",\"wp-content\\/themes\\/mediorbis-base\\/js\\/frontend\\/nav.js\",\"wp-content\\/themes\\/klinik-am-schloss\\/js\\/frontend\\/nav.js\",\"wp-content\\/themes\\/mediorbis-base\\/js\\/frontend\\/back-to-top.js\",\"wp-content\\/themes\\/mediorbis-base\\/js\\/frontend\\/form.js\",\"wp-content\\/themes\\/mediorbis-base\\/js\\/frontend\\/select-input.js\",\"wp-content\\/themes\\/klinik-am-schloss\\/js\\/frontend\\/contact-widget.js\",\"wp-content\\/themes\\/klinik-am-schloss\\/js\\/frontend\\/kas-map.js\",\"wp-content\\/themes\\/klinik-am-schloss\\/js\\/frontend\\/onpage-menu.js\",\"wp-content\\/themes\\/mediorbis-base\\/js\\/frontend\\/overlay.js\",\"wp-content\\/themes\\/mediorbis-base\\/lib\\/swiper\\/swiper-bundle.min.js\"],\"8cc54.js\":[\"wp-content\\/themes\\/klinik-am-schloss\\/js\\/frontend\\/reviews.js\",\"wp-content\\/themes\\/mediorbis-base\\/js\\/frontend\\/post-list.js\",\"wp-content\\/themes\\/klinik-am-schloss\\/js\\/frontend\\/swiper-post-list.js\"],\"e3fac.js\":[\"wp-includes\\/js\\/jquery\\/jquery.min.js\",\"wp-content\\/themes\\/mediorbis-base\\/js\\/frontend\\/_constants.js\",\"wp-content\\/themes\\/klinik-am-schloss\\/js\\/frontend\\/_constants.js\"],\"362c8.js\":[\"wp-includes\\/js\\/wp-util.min.js\",\"wp-includes\\/js\\/backbone.min.js\",\"wp-includes\\/js\\/mediaelement\\/wp-playlist.min.js\",\"wp-includes\\/js\\/customize-selective-refresh.min.js\",\"wp-includes\\/js\\/customize-preview-widgets.min.js\",\"wp-includes\\/js\\/customize-preview-nav-menus.min.js\",\"wp-content\\/themes\\/mediorbis-base\\/js\\/frontend\\/browser-detect.js\",\"wp-content\\/themes\\/mediorbis-base\\/js\\/frontend\\/nav.js\",\"wp-content\\/themes\\/klinik-am-schloss\\/js\\/frontend\\/nav.js\",\"wp-content\\/themes\\/mediorbis-base\\/js\\/frontend\\/back-to-top.js\",\"wp-content\\/themes\\/mediorbis-base\\/js\\/frontend\\/form.js\",\"wp-content\\/themes\\/mediorbis-base\\/js\\/frontend\\/select-input.js\",\"wp-content\\/themes\\/klinik-am-schloss\\/js\\/frontend\\/contact-widget.js\",\"wp-content\\/themes\\/klinik-am-schloss\\/js\\/frontend\\/kas-map.js\",\"wp-content\\/themes\\/klinik-am-schloss\\/js\\/frontend\\/onpage-menu.js\",\"wp-content\\/themes\\/mediorbis-base\\/js\\/frontend\\/overlay.js\",\"wp-content\\/themes\\/mediorbis-base\\/js\\/frontend\\/post-list.js\",\"wp-content\\/themes\\/klinik-am-schloss\\/js\\/frontend\\/post-list.js\",\"wp-content\\/themes\\/mediorbis-base\\/lib\\/swiper\\/swiper-bundle.min.js\"],\"29e90.js\":[\"wp-content\\/themes\\/mediorbis-base\\/js\\/frontend\\/browser-detect.js\",\"wp-content\\/themes\\/mediorbis-base\\/js\\/frontend\\/nav.js\",\"wp-content\\/themes\\/klinik-am-schloss\\/js\\/frontend\\/nav.js\",\"wp-content\\/themes\\/mediorbis-base\\/js\\/frontend\\/back-to-top.js\",\"wp-content\\/themes\\/mediorbis-base\\/js\\/frontend\\/form.js\",\"wp-content\\/themes\\/mediorbis-base\\/js\\/frontend\\/select-input.js\",\"wp-content\\/themes\\/klinik-am-schloss\\/js\\/frontend\\/contact-widget.js\",\"wp-content\\/themes\\/klinik-am-schloss\\/js\\/frontend\\/kas-locations.js\",\"wp-content\\/themes\\/klinik-am-schloss\\/js\\/frontend\\/kas-map.js\",\"wp-content\\/themes\\/klinik-am-schloss\\/js\\/frontend\\/onpage-menu.js\",\"wp-content\\/themes\\/mediorbis-base\\/js\\/frontend\\/overlay.js\",\"wp-content\\/themes\\/mediorbis-base\\/js\\/frontend\\/post-list.js\",\"wp-content\\/themes\\/klinik-am-schloss\\/js\\/frontend\\/post-list.js\",\"wp-content\\/themes\\/mediorbis-base\\/lib\\/swiper\\/swiper-bundle.min.js\"],\"a98ad.js\":[\"wp-includes\\/js\\/wp-util.min.js\",\"wp-includes\\/js\\/backbone.min.js\",\"wp-includes\\/js\\/mediaelement\\/wp-playlist.min.js\",\"wp-includes\\/js\\/customize-selective-refresh.min.js\",\"wp-includes\\/js\\/customize-preview-widgets.min.js\",\"wp-includes\\/js\\/customize-preview-nav-menus.min.js\",\"wp-content\\/themes\\/mediorbis-base\\/js\\/frontend\\/browser-detect.js\",\"wp-content\\/themes\\/mediorbis-base\\/js\\/frontend\\/nav.js\",\"wp-content\\/themes\\/klinik-am-schloss\\/js\\/frontend\\/nav.js\",\"wp-content\\/themes\\/mediorbis-base\\/js\\/frontend\\/back-to-top.js\",\"wp-content\\/themes\\/mediorbis-base\\/js\\/frontend\\/form.js\",\"wp-content\\/themes\\/mediorbis-base\\/js\\/frontend\\/select-input.js\",\"wp-content\\/themes\\/klinik-am-schloss\\/js\\/frontend\\/contact-widget.js\",\"wp-content\\/themes\\/klinik-am-schloss\\/js\\/frontend\\/kas-locations.js\",\"wp-content\\/themes\\/klinik-am-schloss\\/js\\/frontend\\/kas-map.js\",\"wp-content\\/themes\\/klinik-am-schloss\\/js\\/frontend\\/onpage-menu.js\",\"wp-content\\/themes\\/mediorbis-base\\/js\\/frontend\\/overlay.js\",\"wp-content\\/themes\\/mediorbis-base\\/js\\/frontend\\/post-list.js\",\"wp-content\\/themes\\/klinik-am-schloss\\/js\\/frontend\\/post-list.js\",\"wp-content\\/themes\\/mediorbis-base\\/lib\\/swiper\\/swiper-bundle.min.js\"]}','no'),(246,'recently_activated','a:0:{}','yes'),(302,'_site_transient_timeout_browser_872250febdb3bc8f79f5bd19b9a96c4a','1644304195','no'),(303,'_site_transient_browser_872250febdb3bc8f79f5bd19b9a96c4a','a:10:{s:4:\"name\";s:6:\"Chrome\";s:7:\"version\";s:12:\"97.0.4692.99\";s:8:\"platform\";s:7:\"Windows\";s:10:\"update_url\";s:29:\"https://www.google.com/chrome\";s:7:\"img_src\";s:43:\"http://s.w.org/images/browsers/chrome.png?1\";s:11:\"img_src_ssl\";s:44:\"https://s.w.org/images/browsers/chrome.png?1\";s:15:\"current_version\";s:2:\"18\";s:7:\"upgrade\";b:0;s:8:\"insecure\";b:0;s:6:\"mobile\";b:0;}','no'),(308,'_site_transient_timeout_community-events-d7a77a864bd2d1b98882baf73a30e4e0','1643742597','no'),(309,'_site_transient_community-events-d7a77a864bd2d1b98882baf73a30e4e0','a:4:{s:9:\"sandboxed\";b:0;s:5:\"error\";N;s:8:\"location\";a:1:{s:2:\"ip\";s:12:\"87.123.203.0\";}s:6:\"events\";a:2:{i:0;a:10:{s:4:\"type\";s:8:\"wordcamp\";s:5:\"title\";s:27:\"WordCamp Prague 2022 Online\";s:3:\"url\";s:33:\"https://prague.wordcamp.org/2022/\";s:6:\"meetup\";N;s:10:\"meetup_url\";N;s:4:\"date\";s:19:\"2022-02-26 00:00:00\";s:8:\"end_date\";s:19:\"2022-02-26 00:00:00\";s:20:\"start_unix_timestamp\";i:1645830000;s:18:\"end_unix_timestamp\";i:1645830000;s:8:\"location\";a:4:{s:8:\"location\";s:6:\"Online\";s:7:\"country\";s:2:\"CZ\";s:8:\"latitude\";d:50.0755381;s:9:\"longitude\";d:14.4378005;}}i:1;a:10:{s:4:\"type\";s:8:\"wordcamp\";s:5:\"title\";s:24:\"WordCamp Vienna, Austria\";s:3:\"url\";s:33:\"https://vienna.wordcamp.org/2022/\";s:6:\"meetup\";N;s:10:\"meetup_url\";N;s:4:\"date\";s:19:\"2022-04-23 00:00:00\";s:8:\"end_date\";s:19:\"2022-04-23 00:00:00\";s:20:\"start_unix_timestamp\";i:1650664800;s:18:\"end_unix_timestamp\";i:1650664800;s:8:\"location\";a:4:{s:8:\"location\";s:15:\"Vienna, Austria\";s:7:\"country\";s:2:\"AT\";s:8:\"latitude\";d:48.2129431;s:9:\"longitude\";d:16.3608799;}}}}','no'),(325,'db_upgraded','','yes'),(326,'_site_transient_update_core','O:8:\"stdClass\":4:{s:7:\"updates\";a:1:{i:0;O:8:\"stdClass\":10:{s:8:\"response\";s:6:\"latest\";s:8:\"download\";s:57:\"https://downloads.wordpress.org/release/wordpress-5.9.zip\";s:6:\"locale\";s:5:\"en_US\";s:8:\"packages\";O:8:\"stdClass\":5:{s:4:\"full\";s:57:\"https://downloads.wordpress.org/release/wordpress-5.9.zip\";s:10:\"no_content\";s:68:\"https://downloads.wordpress.org/release/wordpress-5.9-no-content.zip\";s:11:\"new_bundled\";s:69:\"https://downloads.wordpress.org/release/wordpress-5.9-new-bundled.zip\";s:7:\"partial\";s:0:\"\";s:8:\"rollback\";s:0:\"\";}s:7:\"current\";s:3:\"5.9\";s:7:\"version\";s:3:\"5.9\";s:11:\"php_version\";s:6:\"5.6.20\";s:13:\"mysql_version\";s:3:\"5.0\";s:11:\"new_bundled\";s:3:\"5.9\";s:15:\"partial_version\";s:0:\"\";}}s:12:\"last_checked\";i:1644774262;s:15:\"version_checked\";s:3:\"5.9\";s:12:\"translations\";a:0:{}}','no'),(348,'_site_transient_timeout_browser_cffbe18966f003701a20fcd9a6e0b17e','1644319994','no'),(349,'_site_transient_browser_cffbe18966f003701a20fcd9a6e0b17e','a:10:{s:4:\"name\";s:7:\"Firefox\";s:7:\"version\";s:4:\"96.0\";s:8:\"platform\";s:7:\"Windows\";s:10:\"update_url\";s:32:\"https://www.mozilla.org/firefox/\";s:7:\"img_src\";s:44:\"http://s.w.org/images/browsers/firefox.png?1\";s:11:\"img_src_ssl\";s:45:\"https://s.w.org/images/browsers/firefox.png?1\";s:15:\"current_version\";s:2:\"56\";s:7:\"upgrade\";b:0;s:8:\"insecure\";b:0;s:6:\"mobile\";b:0;}','no'),(486,'_site_transient_timeout_community-events-c24575b299f8c0c0ebff3daefbb39ce5','1643840828','no'),(487,'_site_transient_community-events-c24575b299f8c0c0ebff3daefbb39ce5','a:4:{s:9:\"sandboxed\";b:0;s:5:\"error\";N;s:8:\"location\";a:1:{s:2:\"ip\";s:12:\"89.246.122.0\";}s:6:\"events\";a:2:{i:0;a:10:{s:4:\"type\";s:8:\"wordcamp\";s:5:\"title\";s:27:\"WordCamp Prague 2022 Online\";s:3:\"url\";s:33:\"https://prague.wordcamp.org/2022/\";s:6:\"meetup\";N;s:10:\"meetup_url\";N;s:4:\"date\";s:19:\"2022-02-26 00:00:00\";s:8:\"end_date\";s:19:\"2022-02-26 00:00:00\";s:20:\"start_unix_timestamp\";i:1645830000;s:18:\"end_unix_timestamp\";i:1645830000;s:8:\"location\";a:4:{s:8:\"location\";s:6:\"Online\";s:7:\"country\";s:2:\"CZ\";s:8:\"latitude\";d:50.0755381;s:9:\"longitude\";d:14.4378005;}}i:1;a:10:{s:4:\"type\";s:8:\"wordcamp\";s:5:\"title\";s:21:\"WordCamp Genève 2022\";s:3:\"url\";s:33:\"https://geneve.wordcamp.org/2022/\";s:6:\"meetup\";N;s:10:\"meetup_url\";N;s:4:\"date\";s:19:\"2022-04-09 00:00:00\";s:8:\"end_date\";s:19:\"2022-04-09 00:00:00\";s:20:\"start_unix_timestamp\";i:1649455200;s:18:\"end_unix_timestamp\";i:1649455200;s:8:\"location\";a:4:{s:8:\"location\";s:15:\"Genève, Suisse\";s:7:\"country\";s:2:\"CH\";s:8:\"latitude\";d:46.2206685;s:9:\"longitude\";d:6.0985835;}}}}','no'),(575,'widget_recent-comments','a:2:{i:1;a:0:{}s:12:\"_multiwidget\";i:1;}','yes'),(576,'widget_recent-posts','a:2:{i:1;a:0:{}s:12:\"_multiwidget\";i:1;}','yes'),(597,'nav_menu_options','a:2:{i:0;b:0;s:8:\"auto_add\";a:0:{}}','yes'),(644,'clean_image_filenames_mime_types','all','yes'),(645,'clean_image_filenames_plugin_version','1.3','yes'),(648,'duplicate_post_show_notice','1','yes'),(649,'duplicate_post_copytitle','1','yes'),(650,'duplicate_post_copydate','0','yes'),(651,'duplicate_post_copystatus','0','yes'),(652,'duplicate_post_copyslug','0','yes'),(653,'duplicate_post_copyexcerpt','1','yes'),(654,'duplicate_post_copycontent','1','yes'),(655,'duplicate_post_copythumbnail','1','yes'),(656,'duplicate_post_copytemplate','1','yes'),(657,'duplicate_post_copyformat','1','yes'),(658,'duplicate_post_copyauthor','0','yes'),(659,'duplicate_post_copypassword','0','yes'),(660,'duplicate_post_copyattachments','0','yes'),(661,'duplicate_post_copychildren','0','yes'),(662,'duplicate_post_copycomments','0','yes'),(663,'duplicate_post_copymenuorder','1','yes'),(664,'duplicate_post_taxonomies_blacklist','a:0:{}','yes'),(665,'duplicate_post_blacklist','','yes'),(666,'duplicate_post_types_enabled','a:2:{i:0;s:4:\"post\";i:1;s:4:\"page\";}','yes'),(667,'duplicate_post_show_original_column','0','yes'),(668,'duplicate_post_show_original_in_post_states','0','yes'),(669,'duplicate_post_show_original_meta_box','0','yes'),(670,'duplicate_post_show_link','a:3:{s:9:\"new_draft\";s:1:\"1\";s:5:\"clone\";s:1:\"1\";s:17:\"rewrite_republish\";s:1:\"1\";}','yes'),(671,'duplicate_post_show_link_in','a:4:{s:3:\"row\";s:1:\"1\";s:8:\"adminbar\";s:1:\"1\";s:9:\"submitbox\";s:1:\"1\";s:11:\"bulkactions\";s:1:\"1\";}','yes'),(672,'duplicate_post_version','4.4','yes'),(704,'_site_transient_timeout_wp_remote_block_patterns_bae442836840f70a6a9c71f1e3941c05','1644241477','no'),(705,'_site_transient_wp_remote_block_patterns_bae442836840f70a6a9c71f1e3941c05','a:13:{i:0;O:8:\"stdClass\":7:{s:2:\"id\";i:184;s:5:\"title\";O:8:\"stdClass\":1:{s:8:\"rendered\";s:7:\"Heading\";}s:7:\"content\";O:8:\"stdClass\":2:{s:8:\"rendered\";s:509:\"\n<h2 class=\"alignwide\" id=\"we-re-a-studio-in-berlin-with-an-international-practice-in-architecture-urban-planning-and-interior-design-we-believe-in-sharing-knowledge-and-promoting-dialogue-to-increase-the-creative-potential-of-collaboration\" style=\"font-size:48px;line-height:1.1\">We&#8217;re a studio in Berlin with an international practice in architecture, urban planning and interior design. We believe in sharing knowledge and promoting dialogue to increase the creative potential of collaboration.</h2>\n\";s:9:\"protected\";b:0;}s:4:\"meta\";O:8:\"stdClass\":7:{s:10:\"spay_email\";s:0:\"\";s:13:\"wpop_keywords\";s:17:\"large text, title\";s:16:\"wpop_description\";s:12:\"Heading text\";s:19:\"wpop_viewport_width\";i:1200;s:16:\"wpop_block_types\";a:1:{i:0;s:12:\"core/heading\";}s:11:\"wpop_locale\";s:5:\"en_US\";s:20:\"wpop_unlisted_reason\";s:0:\"\";}s:14:\"category_slugs\";a:2:{i:0;s:8:\"featured\";i:1;s:4:\"text\";}s:13:\"keyword_slugs\";a:1:{i:0;s:4:\"core\";}s:15:\"pattern_content\";s:621:\"<!-- wp:heading {\"align\":\"wide\",\"style\":{\"typography\":{\"fontSize\":\"48px\",\"lineHeight\":\"1.1\"}}} -->\n<h2 class=\"alignwide\" id=\"we-re-a-studio-in-berlin-with-an-international-practice-in-architecture-urban-planning-and-interior-design-we-believe-in-sharing-knowledge-and-promoting-dialogue-to-increase-the-creative-potential-of-collaboration\" style=\"font-size:48px;line-height:1.1\">We\'re a studio in Berlin with an international practice in architecture, urban planning and interior design. We believe in sharing knowledge and promoting dialogue to increase the creative potential of collaboration.</h2>\n<!-- /wp:heading -->\";}i:1;O:8:\"stdClass\":7:{s:2:\"id\";i:185;s:5:\"title\";O:8:\"stdClass\":1:{s:8:\"rendered\";s:35:\"Large header with left-aligned text\";}s:7:\"content\";O:8:\"stdClass\":2:{s:8:\"rendered\";s:1046:\"\n<div class=\"wp-block-cover alignfull has-background-dim-60 has-background-dim\" style=\"min-height:800px\"><img class=\"wp-block-cover__image-background\" alt=\"\" src=\"https://s.w.org/images/core/5.8/forest.jpg\" data-object-fit=\"cover\" /><div class=\"wp-block-cover__inner-container\">\n<h2 class=\"alignwide has-text-color\" style=\"color:#ffe074;font-size:64px\">Forest.</h2>\n\n\n\n<div class=\"wp-container-6201138a53a79 wp-block-columns alignwide\">\n<div class=\"wp-block-column\" style=\"flex-basis:55%\">\n<div style=\"height:330px\" aria-hidden=\"true\" class=\"wp-block-spacer\"></div>\n\n\n\n<p class=\"has-text-color\" style=\"color:#ffe074;font-size:12px;line-height:1.3\"><em>Even a child knows how valuable the forest is. The fresh, breathtaking smell of trees. Echoing birds flying above that dense magnitude. A stable climate, a sustainable diverse life and a source of culture. Yet, forests and other ecosystems hang in the balance, threatened to become croplands, pasture, and plantations.</em></p>\n</div>\n\n\n\n<div class=\"wp-block-column\"></div>\n</div>\n</div></div>\n\";s:9:\"protected\";b:0;}s:4:\"meta\";O:8:\"stdClass\":7:{s:10:\"spay_email\";s:0:\"\";s:13:\"wpop_keywords\";s:0:\"\";s:16:\"wpop_description\";s:29:\"Cover image with quote on top\";s:19:\"wpop_viewport_width\";i:1200;s:16:\"wpop_block_types\";a:0:{}s:11:\"wpop_locale\";s:5:\"en_US\";s:20:\"wpop_unlisted_reason\";s:0:\"\";}s:14:\"category_slugs\";a:2:{i:0;s:8:\"featured\";i:1;s:6:\"header\";}s:13:\"keyword_slugs\";a:1:{i:0;s:4:\"core\";}s:15:\"pattern_content\";s:1610:\"<!-- wp:cover {\"url\":\"https://s.w.org/images/core/5.8/forest.jpg\",\"dimRatio\":60,\"minHeight\":800,\"align\":\"full\"} -->\n<div class=\"wp-block-cover alignfull has-background-dim-60 has-background-dim\" style=\"min-height:800px\"><img class=\"wp-block-cover__image-background\" alt=\"\" src=\"https://s.w.org/images/core/5.8/forest.jpg\" data-object-fit=\"cover\" /><div class=\"wp-block-cover__inner-container\"><!-- wp:heading {\"align\":\"wide\",\"style\":{\"color\":{\"text\":\"#ffe074\"},\"typography\":{\"fontSize\":\"64px\"}}} -->\n<h2 class=\"alignwide has-text-color\" style=\"color:#ffe074;font-size:64px\">Forest.</h2>\n<!-- /wp:heading -->\n\n<!-- wp:columns {\"align\":\"wide\"} -->\n<div class=\"wp-block-columns alignwide\"><!-- wp:column {\"width\":\"55%\"} -->\n<div class=\"wp-block-column\" style=\"flex-basis:55%\"><!-- wp:spacer {\"height\":330} -->\n<div style=\"height:330px\" aria-hidden=\"true\" class=\"wp-block-spacer\"></div>\n<!-- /wp:spacer -->\n\n<!-- wp:paragraph {\"style\":{\"color\":{\"text\":\"#ffe074\"},\"typography\":{\"lineHeight\":\"1.3\",\"fontSize\":\"12px\"}}} -->\n<p class=\"has-text-color\" style=\"color:#ffe074;font-size:12px;line-height:1.3\"><em>Even a child knows how valuable the forest is. The fresh, breathtaking smell of trees. Echoing birds flying above that dense magnitude. A stable climate, a sustainable diverse life and a source of culture. Yet, forests and other ecosystems hang in the balance, threatened to become croplands, pasture, and plantations.</em></p>\n<!-- /wp:paragraph --></div>\n<!-- /wp:column -->\n\n<!-- wp:column -->\n<div class=\"wp-block-column\"></div>\n<!-- /wp:column --></div>\n<!-- /wp:columns --></div></div>\n<!-- /wp:cover -->\";}i:2;O:8:\"stdClass\":7:{s:2:\"id\";i:186;s:5:\"title\";O:8:\"stdClass\":1:{s:8:\"rendered\";s:35:\"Large header with text and a button\";}s:7:\"content\";O:8:\"stdClass\":2:{s:8:\"rendered\";s:1109:\"\n<div class=\"wp-block-cover alignfull has-background-dim-40 has-background-dim has-parallax\" style=\"background-image:url(https://s.w.org/images/core/5.8/art-01.jpg);background-color:#000000;min-height:100vh\"><div class=\"wp-block-cover__inner-container\">\n<h2 class=\"alignwide has-white-color has-text-color\" style=\"font-size:48px;line-height:1.2\"><strong><em>Overseas:</em></strong><br><strong><em>1500 — 1960</em></strong></h2>\n\n\n\n<div class=\"wp-container-6201138a54d8b wp-block-columns alignwide\">\n<div class=\"wp-block-column\" style=\"flex-basis:60%\">\n<p class=\"has-text-color\" style=\"color:#ffffff\">An exhibition about the different representations of the ocean throughout time, between the sixteenth and the twentieth century. Taking place in our Open Room in <em>Floor 2</em>.</p>\n\n\n\n<div class=\"wp-container-6201138a54aa6 wp-block-buttons\">\n<div class=\"wp-block-button is-style-outline\"><a class=\"wp-block-button__link has-text-color has-background no-border-radius\" style=\"background-color:#000000;color:#ffffff\">Visit</a></div>\n</div>\n</div>\n\n\n\n<div class=\"wp-block-column\"></div>\n</div>\n</div></div>\n\";s:9:\"protected\";b:0;}s:4:\"meta\";O:8:\"stdClass\":7:{s:10:\"spay_email\";s:0:\"\";s:13:\"wpop_keywords\";s:0:\"\";s:16:\"wpop_description\";s:62:\"Large header with background image and text and button on top.\";s:19:\"wpop_viewport_width\";i:1200;s:16:\"wpop_block_types\";a:0:{}s:11:\"wpop_locale\";s:5:\"en_US\";s:20:\"wpop_unlisted_reason\";s:0:\"\";}s:14:\"category_slugs\";a:1:{i:0;s:6:\"header\";}s:13:\"keyword_slugs\";a:1:{i:0;s:4:\"core\";}s:15:\"pattern_content\";s:1865:\"<!-- wp:cover {\"url\":\"https://s.w.org/images/core/5.8/art-01.jpg\",\"hasParallax\":true,\"dimRatio\":40,\"customOverlayColor\":\"#000000\",\"minHeight\":100,\"minHeightUnit\":\"vh\",\"contentPosition\":\"center center\",\"align\":\"full\"} -->\n<div class=\"wp-block-cover alignfull has-background-dim-40 has-background-dim has-parallax\" style=\"background-image:url(https://s.w.org/images/core/5.8/art-01.jpg);background-color:#000000;min-height:100vh\"><div class=\"wp-block-cover__inner-container\"><!-- wp:heading {\"style\":{\"typography\":{\"fontSize\":\"48px\",\"lineHeight\":\"1.2\"}},\"className\":\"alignwide has-white-color has-text-color\"} -->\n<h2 class=\"alignwide has-white-color has-text-color\" style=\"font-size:48px;line-height:1.2\"><strong><em>Overseas:</em></strong><br><strong><em>1500 — 1960</em></strong></h2>\n<!-- /wp:heading -->\n\n<!-- wp:columns {\"align\":\"wide\"} -->\n<div class=\"wp-block-columns alignwide\"><!-- wp:column {\"width\":\"60%\"} -->\n<div class=\"wp-block-column\" style=\"flex-basis:60%\"><!-- wp:paragraph {\"style\":{\"color\":{\"text\":\"#ffffff\"}}} -->\n<p class=\"has-text-color\" style=\"color:#ffffff\">An exhibition about the different representations of the ocean throughout time, between the sixteenth and the twentieth century. Taking place in our Open Room in <em>Floor 2</em>.</p>\n<!-- /wp:paragraph -->\n\n<!-- wp:buttons -->\n<div class=\"wp-block-buttons\"><!-- wp:button {\"borderRadius\":0,\"style\":{\"color\":{\"text\":\"#ffffff\",\"background\":\"#000000\"}},\"className\":\"is-style-outline\"} -->\n<div class=\"wp-block-button is-style-outline\"><a class=\"wp-block-button__link has-text-color has-background no-border-radius\" style=\"background-color:#000000;color:#ffffff\">Visit</a></div>\n<!-- /wp:button --></div>\n<!-- /wp:buttons --></div>\n<!-- /wp:column -->\n\n<!-- wp:column -->\n<div class=\"wp-block-column\"></div>\n<!-- /wp:column --></div>\n<!-- /wp:columns --></div></div>\n<!-- /wp:cover -->\";}i:3;O:8:\"stdClass\":7:{s:2:\"id\";i:196;s:5:\"title\";O:8:\"stdClass\":1:{s:8:\"rendered\";s:41:\"Media and text in a full height container\";}s:7:\"content\";O:8:\"stdClass\":2:{s:8:\"rendered\";s:1221:\"\n<div class=\"wp-block-cover alignfull has-background-dim\" style=\"background-color:#ffffff;min-height:100vh\"><div class=\"wp-block-cover__inner-container\">\n<div class=\"wp-block-media-text alignwide is-stacked-on-mobile is-vertically-aligned-center is-image-fill\" style=\"grid-template-columns:56% auto\"><figure class=\"wp-block-media-text__media\" style=\"background-image:url(https://s.w.org/images/core/5.8/soil.jpg);background-position:50% 50%\"><img src=\"https://s.w.org/images/core/5.8/soil.jpg\" alt=\"Close-up of dried, cracked earth.\" /></figure><div class=\"wp-block-media-text__content\">\n<h2 class=\"has-text-color\" style=\"color:#000000;font-size:32px\"><strong>What&#8217;s the problem?</strong></h2>\n\n\n\n<p class=\"has-text-color\" style=\"color:#000000;font-size:17px\">Trees are more important today than ever before. More than 10,000 products are reportedly made from trees. Through chemistry, the humble woodpile is yielding chemicals, plastics and fabrics that were beyond comprehension when an axe first felled a Texas tree.</p>\n\n\n\n<div class=\"wp-container-6201138a55d14 wp-block-buttons\">\n<div class=\"wp-block-button is-style-fill\"><a class=\"wp-block-button__link\">Learn more</a></div>\n</div>\n</div></div>\n</div></div>\n\";s:9:\"protected\";b:0;}s:4:\"meta\";O:8:\"stdClass\":7:{s:10:\"spay_email\";s:0:\"\";s:13:\"wpop_keywords\";s:0:\"\";s:16:\"wpop_description\";s:77:\"Media and text block with image to the left and text and button to the right.\";s:19:\"wpop_viewport_width\";i:1200;s:16:\"wpop_block_types\";a:0:{}s:11:\"wpop_locale\";s:5:\"en_US\";s:20:\"wpop_unlisted_reason\";s:0:\"\";}s:14:\"category_slugs\";a:1:{i:0;s:6:\"header\";}s:13:\"keyword_slugs\";a:1:{i:0;s:4:\"core\";}s:15:\"pattern_content\";s:1858:\"<!-- wp:cover {\"customOverlayColor\":\"#ffffff\",\"minHeight\":100,\"minHeightUnit\":\"vh\",\"contentPosition\":\"center center\",\"align\":\"full\"} -->\n<div class=\"wp-block-cover alignfull has-background-dim\" style=\"background-color:#ffffff;min-height:100vh\"><div class=\"wp-block-cover__inner-container\"><!-- wp:media-text {\"mediaLink\":\"https://s.w.org/images/core/5.8/soil.jpg\",\"mediaType\":\"image\",\"mediaWidth\":56,\"verticalAlignment\":\"center\",\"imageFill\":true} -->\n<div class=\"wp-block-media-text alignwide is-stacked-on-mobile is-vertically-aligned-center is-image-fill\" style=\"grid-template-columns:56% auto\"><figure class=\"wp-block-media-text__media\" style=\"background-image:url(https://s.w.org/images/core/5.8/soil.jpg);background-position:50% 50%\"><img src=\"https://s.w.org/images/core/5.8/soil.jpg\" alt=\"Close-up of dried, cracked earth.\" /></figure><div class=\"wp-block-media-text__content\"><!-- wp:heading {\"style\":{\"typography\":{\"fontSize\":\"32px\"},\"color\":{\"text\":\"#000000\"}}} -->\n<h2 class=\"has-text-color\" style=\"color:#000000;font-size:32px\"><strong>What\'s the problem?</strong></h2>\n<!-- /wp:heading -->\n\n<!-- wp:paragraph {\"style\":{\"typography\":{\"fontSize\":\"17px\"},\"color\":{\"text\":\"#000000\"}}} -->\n<p class=\"has-text-color\" style=\"color:#000000;font-size:17px\">Trees are more important today than ever before. More than 10,000 products are reportedly made from trees. Through chemistry, the humble woodpile is yielding chemicals, plastics and fabrics that were beyond comprehension when an axe first felled a Texas tree.</p>\n<!-- /wp:paragraph -->\n\n<!-- wp:buttons -->\n<div class=\"wp-block-buttons\"><!-- wp:button {\"className\":\"is-style-fill\"} -->\n<div class=\"wp-block-button is-style-fill\"><a class=\"wp-block-button__link\">Learn more</a></div>\n<!-- /wp:button --></div>\n<!-- /wp:buttons --></div></div>\n<!-- /wp:media-text --></div></div>\n<!-- /wp:cover -->\";}i:4;O:8:\"stdClass\":7:{s:2:\"id\";i:192;s:5:\"title\";O:8:\"stdClass\":1:{s:8:\"rendered\";s:37:\"Media and text with image on the left\";}s:7:\"content\";O:8:\"stdClass\":2:{s:8:\"rendered\";s:520:\"\n<div class=\"wp-block-media-text alignfull is-stacked-on-mobile is-vertically-aligned-center\"><figure class=\"wp-block-media-text__media\"><img src=\"https://s.w.org/images/core/5.8/architecture-04.jpg\" alt=\"Close-up, abstract view of architecture.\" /></figure><div class=\"wp-block-media-text__content\">\n<h3 class=\"has-text-align-center has-text-color\" style=\"color:#000000\"><strong>Open Spaces</strong></h3>\n\n\n\n<p class=\"has-text-align-center has-extra-small-font-size\"><a href=\"#\">See case study ↗</a></p>\n</div></div>\n\";s:9:\"protected\";b:0;}s:4:\"meta\";O:8:\"stdClass\":7:{s:10:\"spay_email\";s:0:\"\";s:13:\"wpop_keywords\";s:0:\"\";s:16:\"wpop_description\";s:66:\"Media and text block with image to the left and text to the right.\";s:19:\"wpop_viewport_width\";i:1200;s:16:\"wpop_block_types\";a:0:{}s:11:\"wpop_locale\";s:5:\"en_US\";s:20:\"wpop_unlisted_reason\";s:0:\"\";}s:14:\"category_slugs\";a:2:{i:0;s:8:\"featured\";i:1;s:6:\"header\";}s:13:\"keyword_slugs\";a:1:{i:0;s:4:\"core\";}s:15:\"pattern_content\";s:827:\"<!-- wp:media-text {\"align\":\"full\",\"mediaType\":\"image\",\"verticalAlignment\":\"center\"} -->\n<div class=\"wp-block-media-text alignfull is-stacked-on-mobile is-vertically-aligned-center\"><figure class=\"wp-block-media-text__media\"><img src=\"https://s.w.org/images/core/5.8/architecture-04.jpg\" alt=\"Close-up, abstract view of architecture.\" /></figure><div class=\"wp-block-media-text__content\"><!-- wp:heading {\"textAlign\":\"center\",\"level\":3,\"style\":{\"color\":{\"text\":\"#000000\"}}} -->\n<h3 class=\"has-text-align-center has-text-color\" style=\"color:#000000\"><strong>Open Spaces</strong></h3>\n<!-- /wp:heading -->\n\n<!-- wp:paragraph {\"align\":\"center\",\"fontSize\":\"extra-small\"} -->\n<p class=\"has-text-align-center has-extra-small-font-size\"><a href=\"#\">See case study ↗</a></p>\n<!-- /wp:paragraph --></div></div>\n<!-- /wp:media-text -->\";}i:5;O:8:\"stdClass\":7:{s:2:\"id\";i:195;s:5:\"title\";O:8:\"stdClass\":1:{s:8:\"rendered\";s:38:\"Media and text with image on the right\";}s:7:\"content\";O:8:\"stdClass\":2:{s:8:\"rendered\";s:685:\"\n<div class=\"wp-block-media-text alignfull has-media-on-the-right is-stacked-on-mobile is-vertically-aligned-center is-style-default\" style=\"grid-template-columns:auto 56%\"><figure class=\"wp-block-media-text__media\"><img src=\"https://s.w.org/images/core/5.8/art-02.jpg\" alt=\"A green and brown rural landscape leading into a bright blue ocean and slightly cloudy sky, done in oil paints.\" /></figure><div class=\"wp-block-media-text__content\">\n<h2 class=\"has-text-color\" style=\"color:#000000\"><strong>Shore with Blue Sea</strong></h2>\n\n\n\n<p class=\"has-text-color\" style=\"color:#636363;font-size:17px;line-height:1.1\">Eleanor Harris&nbsp;(American, 1901-1942)</p>\n</div></div>\n\n\n\n<p></p>\n\";s:9:\"protected\";b:0;}s:4:\"meta\";O:8:\"stdClass\":7:{s:10:\"spay_email\";s:0:\"\";s:13:\"wpop_keywords\";s:0:\"\";s:16:\"wpop_description\";s:66:\"Media and text block with image to the right and text to the left.\";s:19:\"wpop_viewport_width\";i:1200;s:16:\"wpop_block_types\";a:0:{}s:11:\"wpop_locale\";s:5:\"en_US\";s:20:\"wpop_unlisted_reason\";s:0:\"\";}s:14:\"category_slugs\";a:1:{i:0;s:6:\"header\";}s:13:\"keyword_slugs\";a:1:{i:0;s:4:\"core\";}s:15:\"pattern_content\";s:1138:\"<!-- wp:media-text {\"align\":\"full\",\"mediaPosition\":\"right\",\"mediaLink\":\"#\",\"mediaType\":\"image\",\"mediaWidth\":56,\"verticalAlignment\":\"center\",\"className\":\"is-style-default\"} -->\n<div class=\"wp-block-media-text alignfull has-media-on-the-right is-stacked-on-mobile is-vertically-aligned-center is-style-default\" style=\"grid-template-columns:auto 56%\"><figure class=\"wp-block-media-text__media\"><img src=\"https://s.w.org/images/core/5.8/art-02.jpg\" alt=\"A green and brown rural landscape leading into a bright blue ocean and slightly cloudy sky, done in oil paints.\" /></figure><div class=\"wp-block-media-text__content\"><!-- wp:heading {\"style\":{\"color\":{\"text\":\"#000000\"}}} -->\n<h2 class=\"has-text-color\" style=\"color:#000000\"><strong>Shore with Blue Sea</strong></h2>\n<!-- /wp:heading -->\n\n<!-- wp:paragraph {\"style\":{\"typography\":{\"lineHeight\":\"1.1\",\"fontSize\":\"17px\"},\"color\":{\"text\":\"#636363\"}}} -->\n<p class=\"has-text-color\" style=\"color:#636363;font-size:17px;line-height:1.1\">Eleanor Harris&nbsp;(American, 1901-1942)</p>\n<!-- /wp:paragraph --></div></div>\n<!-- /wp:media-text -->\n\n<!-- wp:paragraph -->\n<p></p>\n<!-- /wp:paragraph -->\";}i:6;O:8:\"stdClass\":7:{s:2:\"id\";i:27;s:5:\"title\";O:8:\"stdClass\":1:{s:8:\"rendered\";s:5:\"Quote\";}s:7:\"content\";O:8:\"stdClass\":2:{s:8:\"rendered\";s:656:\"\n<hr class=\"wp-block-separator is-style-default\" />\n\n\n\n<div class=\"wp-block-image is-style-rounded\"><figure class=\"aligncenter size-large is-resized\"><img loading=\"lazy\" src=\"https://s.w.org/images/core/5.8/portrait.jpg\" alt=\"A side profile of a woman in a russet-colored turtleneck and white bag. She looks up with her eyes closed.\" width=\"150\" height=\"150\" /></figure></div>\n\n\n\n<blockquote class=\"wp-block-quote has-text-align-center is-style-large\"><p>&#8220;Contributing makes me feel like I&#8217;m being useful to the planet.&#8221;</p><cite>— Anna Wong, <em>Volunteer</em></cite></blockquote>\n\n\n\n<hr class=\"wp-block-separator is-style-default\" />\n\";s:9:\"protected\";b:0;}s:4:\"meta\";O:8:\"stdClass\":7:{s:10:\"spay_email\";s:0:\"\";s:13:\"wpop_keywords\";s:0:\"\";s:16:\"wpop_description\";s:0:\"\";s:19:\"wpop_viewport_width\";i:800;s:16:\"wpop_block_types\";a:1:{i:0;s:10:\"core/quote\";}s:11:\"wpop_locale\";s:5:\"en_US\";s:20:\"wpop_unlisted_reason\";s:0:\"\";}s:14:\"category_slugs\";a:1:{i:0;s:4:\"text\";}s:13:\"keyword_slugs\";a:1:{i:0;s:4:\"core\";}s:15:\"pattern_content\";s:1012:\"<!-- wp:separator {\"className\":\"is-style-default\"} -->\n<hr class=\"wp-block-separator is-style-default\" />\n<!-- /wp:separator -->\n\n<!-- wp:image {\"align\":\"center\",\"width\":150,\"height\":150,\"sizeSlug\":\"large\",\"linkDestination\":\"none\",\"className\":\"is-style-rounded\"} -->\n<div class=\"wp-block-image is-style-rounded\"><figure class=\"aligncenter size-large is-resized\"><img src=\"https://s.w.org/images/core/5.8/portrait.jpg\" alt=\"A side profile of a woman in a russet-colored turtleneck and white bag. She looks up with her eyes closed.\" width=\"150\" height=\"150\" /></figure></div>\n<!-- /wp:image -->\n\n<!-- wp:quote {\"align\":\"center\",\"className\":\"is-style-large\"} -->\n<blockquote class=\"wp-block-quote has-text-align-center is-style-large\"><p>\"Contributing makes me feel like I\'m being useful to the planet.\"</p><cite>— Anna Wong, <em>Volunteer</em></cite></blockquote>\n<!-- /wp:quote -->\n\n<!-- wp:separator {\"className\":\"is-style-default\"} -->\n<hr class=\"wp-block-separator is-style-default\" />\n<!-- /wp:separator -->\";}i:7;O:8:\"stdClass\":7:{s:2:\"id\";i:200;s:5:\"title\";O:8:\"stdClass\":1:{s:8:\"rendered\";s:21:\"Three columns of text\";}s:7:\"content\";O:8:\"stdClass\":2:{s:8:\"rendered\";s:828:\"\n<div class=\"wp-container-6201138a58b82 wp-block-columns alignfull has-text-color has-background\" style=\"background-color:#ffffff;color:#000000\">\n<div class=\"wp-block-column\">\n<h3 style=\"font-size:24px;line-height:1.3\"><strong><a href=\"http://wordpress.org\">Virtual Tour ↗</a></strong></h3>\n\n\n\n<p>Get a virtual tour of the museum. Ideal for schools and events.</p>\n</div>\n\n\n\n<div class=\"wp-block-column\">\n<h3 style=\"font-size:24px;line-height:1.3\"><strong><a href=\"https://wordpress.org\">Current Shows ↗</a></strong></h3>\n\n\n\n<p>Stay updated and see our current exhibitions here.</p>\n</div>\n\n\n\n<div class=\"wp-block-column\">\n<h3 style=\"font-size:24px;line-height:1.3\"><strong><a href=\"https://wordpress.org\">Useful Info ↗</a></strong></h3>\n\n\n\n<p>Get to know our opening times, ticket prices and discounts.</p>\n</div>\n</div>\n\";s:9:\"protected\";b:0;}s:4:\"meta\";O:8:\"stdClass\":7:{s:10:\"spay_email\";s:0:\"\";s:13:\"wpop_keywords\";s:0:\"\";s:16:\"wpop_description\";s:22:\"Three columns of text.\";s:19:\"wpop_viewport_width\";i:1200;s:16:\"wpop_block_types\";a:0:{}s:11:\"wpop_locale\";s:5:\"en_US\";s:20:\"wpop_unlisted_reason\";s:0:\"\";}s:14:\"category_slugs\";a:3:{i:0;s:7:\"columns\";i:1;s:8:\"featured\";i:2;s:4:\"text\";}s:13:\"keyword_slugs\";a:1:{i:0;s:4:\"core\";}s:15:\"pattern_content\";s:1496:\"<!-- wp:columns {\"align\":\"full\",\"style\":{\"color\":{\"text\":\"#000000\",\"background\":\"#ffffff\"}}} -->\n<div class=\"wp-block-columns alignfull has-text-color has-background\" style=\"background-color:#ffffff;color:#000000\"><!-- wp:column -->\n<div class=\"wp-block-column\"><!-- wp:heading {\"level\":3,\"style\":{\"typography\":{\"fontSize\":\"24px\",\"lineHeight\":\"1.3\"}}} -->\n<h3 style=\"font-size:24px;line-height:1.3\"><strong><a href=\"http://wordpress.org\">Virtual Tour ↗</a></strong></h3>\n<!-- /wp:heading -->\n\n<!-- wp:paragraph -->\n<p>Get a virtual tour of the museum. Ideal for schools and events.</p>\n<!-- /wp:paragraph --></div>\n<!-- /wp:column -->\n\n<!-- wp:column -->\n<div class=\"wp-block-column\"><!-- wp:heading {\"level\":3,\"style\":{\"typography\":{\"fontSize\":\"24px\",\"lineHeight\":\"1.3\"}}} -->\n<h3 style=\"font-size:24px;line-height:1.3\"><strong><a href=\"https://wordpress.org\">Current Shows ↗</a></strong></h3>\n<!-- /wp:heading -->\n\n<!-- wp:paragraph -->\n<p>Stay updated and see our current exhibitions here.</p>\n<!-- /wp:paragraph --></div>\n<!-- /wp:column -->\n\n<!-- wp:column -->\n<div class=\"wp-block-column\"><!-- wp:heading {\"level\":3,\"style\":{\"typography\":{\"fontSize\":\"24px\",\"lineHeight\":\"1.3\"}}} -->\n<h3 style=\"font-size:24px;line-height:1.3\"><strong><a href=\"https://wordpress.org\">Useful Info ↗</a></strong></h3>\n<!-- /wp:heading -->\n\n<!-- wp:paragraph -->\n<p>Get to know our opening times, ticket prices and discounts.</p>\n<!-- /wp:paragraph --></div>\n<!-- /wp:column --></div>\n<!-- /wp:columns -->\";}i:8;O:8:\"stdClass\":7:{s:2:\"id\";i:199;s:5:\"title\";O:8:\"stdClass\":1:{s:8:\"rendered\";s:34:\"Three columns with images and text\";}s:7:\"content\";O:8:\"stdClass\":2:{s:8:\"rendered\";s:2727:\"\n<div class=\"wp-container-6201138a5a419 wp-block-group alignfull has-background\" style=\"background-color:#f8f4e4\"><div class=\"wp-block-group__inner-container\">\n<div class=\"wp-container-6201138a59b08 wp-block-columns alignwide\">\n<div class=\"wp-block-column\">\n<div style=\"height:100px\" aria-hidden=\"true\" class=\"wp-block-spacer\"></div>\n\n\n\n<h6 class=\"has-text-color\" style=\"color:#000000\">ECOSYSTEM</h6>\n\n\n\n<p class=\"has-text-color\" style=\"color:#000000;font-size:5vw;line-height:1.1\"><strong>Positive growth.</strong></p>\n\n\n\n<div style=\"height:5px\" aria-hidden=\"true\" class=\"wp-block-spacer\"></div>\n</div>\n</div>\n\n\n\n<div class=\"wp-container-6201138a59e1d wp-block-columns alignwide\">\n<div class=\"wp-block-column\" style=\"flex-basis:33.38%\">\n<p class=\"has-text-color has-extra-small-font-size\" style=\"color:#000000\"><em>Nature</em>, in the common sense, refers to essences unchanged by man; space, the air, the river, the leaf.&nbsp;<em>Art</em>&nbsp;is applied to the mixture of his will with the same things, as in a house, a canal, a statue, a picture. But his operations taken together are so insignificant, a little chipping, baking, patching, and washing, that in an impression so grand as that of the world on the human mind, they do not vary the result.</p>\n</div>\n\n\n\n<div class=\"wp-block-column\" style=\"flex-basis:33%\">\n<div style=\"height:100px\" aria-hidden=\"true\" class=\"wp-block-spacer\"></div>\n\n\n\n<figure class=\"wp-block-image size-large\"><img src=\"https://s.w.org/images/core/5.8/outside-01.jpg\" alt=\"The sun setting through a dense forest of trees.\" /></figure>\n</div>\n\n\n\n<div class=\"wp-block-column\" style=\"flex-basis:33.62%\">\n<figure class=\"wp-block-image size-large\"><img src=\"https://s.w.org/images/core/5.8/outside-02.jpg\" alt=\"Wind turbines standing on a grassy plain, against a blue sky.\" /></figure>\n</div>\n</div>\n\n\n\n<div class=\"wp-container-6201138a5a11f wp-block-columns alignwide\">\n<div class=\"wp-block-column\" style=\"flex-basis:67%\">\n<div class=\"wp-block-image\"><figure class=\"alignright size-large\"><img src=\"https://s.w.org/images/core/5.8/outside-03.jpg\" alt=\"The sun shining over a ridge leading down into the shore. In the distance, a car drives down a road.\" /></figure></div>\n</div>\n\n\n\n<div class=\"wp-block-column is-vertically-aligned-center\" style=\"flex-basis:33%\">\n<p class=\"has-text-color has-extra-small-font-size\" style=\"color:#000000\">Undoubtedly we have no questions to ask which are unanswerable. We must trust the perfection of the creation so far, as to believe that whatever curiosity the order of things has awakened in our minds, the order of things can satisfy. Every man&#8217;s condition is a solution in hieroglyphic to those inquiries he would put.</p>\n</div>\n</div>\n</div></div>\n\";s:9:\"protected\";b:0;}s:4:\"meta\";O:8:\"stdClass\":7:{s:10:\"spay_email\";s:0:\"\";s:13:\"wpop_keywords\";s:0:\"\";s:16:\"wpop_description\";s:77:\"Three columns with images and text, with vertical spacing for an offset look.\";s:19:\"wpop_viewport_width\";i:1200;s:16:\"wpop_block_types\";a:0:{}s:11:\"wpop_locale\";s:5:\"en_US\";s:20:\"wpop_unlisted_reason\";s:0:\"\";}s:14:\"category_slugs\";a:2:{i:0;s:7:\"columns\";i:1;s:8:\"featured\";}s:13:\"keyword_slugs\";a:1:{i:0;s:4:\"core\";}s:15:\"pattern_content\";s:3980:\"<!-- wp:group {\"align\":\"full\",\"style\":{\"color\":{\"background\":\"#f8f4e4\"}}} -->\n<div class=\"wp-block-group alignfull has-background\" style=\"background-color:#f8f4e4\"><!-- wp:columns {\"align\":\"wide\"} -->\n<div class=\"wp-block-columns alignwide\"><!-- wp:column -->\n<div class=\"wp-block-column\"><!-- wp:spacer -->\n<div style=\"height:100px\" aria-hidden=\"true\" class=\"wp-block-spacer\"></div>\n<!-- /wp:spacer -->\n\n<!-- wp:heading {\"level\":6,\"style\":{\"color\":{\"text\":\"#000000\"}}} -->\n<h6 class=\"has-text-color\" style=\"color:#000000\">ECOSYSTEM</h6>\n<!-- /wp:heading -->\n\n<!-- wp:paragraph {\"style\":{\"typography\":{\"lineHeight\":\"1.1\",\"fontSize\":\"5vw\"},\"color\":{\"text\":\"#000000\"}}} -->\n<p class=\"has-text-color\" style=\"color:#000000;font-size:5vw;line-height:1.1\"><strong>Positive growth.</strong></p>\n<!-- /wp:paragraph -->\n\n<!-- wp:spacer {\"height\":5} -->\n<div style=\"height:5px\" aria-hidden=\"true\" class=\"wp-block-spacer\"></div>\n<!-- /wp:spacer --></div>\n<!-- /wp:column --></div>\n<!-- /wp:columns -->\n\n<!-- wp:columns {\"align\":\"wide\"} -->\n<div class=\"wp-block-columns alignwide\"><!-- wp:column {\"width\":\"33.38%\"} -->\n<div class=\"wp-block-column\" style=\"flex-basis:33.38%\"><!-- wp:paragraph {\"style\":{\"color\":{\"text\":\"#000000\"}},\"fontSize\":\"extra-small\"} -->\n<p class=\"has-text-color has-extra-small-font-size\" style=\"color:#000000\"><em>Nature</em>, in the common sense, refers to essences unchanged by man; space, the air, the river, the leaf.&nbsp;<em>Art</em>&nbsp;is applied to the mixture of his will with the same things, as in a house, a canal, a statue, a picture. But his operations taken together are so insignificant, a little chipping, baking, patching, and washing, that in an impression so grand as that of the world on the human mind, they do not vary the result.</p>\n<!-- /wp:paragraph --></div>\n<!-- /wp:column -->\n\n<!-- wp:column {\"width\":\"33%\"} -->\n<div class=\"wp-block-column\" style=\"flex-basis:33%\"><!-- wp:spacer -->\n<div style=\"height:100px\" aria-hidden=\"true\" class=\"wp-block-spacer\"></div>\n<!-- /wp:spacer -->\n\n<!-- wp:image {\"sizeSlug\":\"large\",\"linkDestination\":\"none\"} -->\n<figure class=\"wp-block-image size-large\"><img src=\"https://s.w.org/images/core/5.8/outside-01.jpg\" alt=\"The sun setting through a dense forest of trees.\" /></figure>\n<!-- /wp:image --></div>\n<!-- /wp:column -->\n\n<!-- wp:column {\"width\":\"33.62%\"} -->\n<div class=\"wp-block-column\" style=\"flex-basis:33.62%\"><!-- wp:image {\"sizeSlug\":\"large\",\"linkDestination\":\"none\"} -->\n<figure class=\"wp-block-image size-large\"><img src=\"https://s.w.org/images/core/5.8/outside-02.jpg\" alt=\"Wind turbines standing on a grassy plain, against a blue sky.\" /></figure>\n<!-- /wp:image --></div>\n<!-- /wp:column --></div>\n<!-- /wp:columns -->\n\n<!-- wp:columns {\"align\":\"wide\"} -->\n<div class=\"wp-block-columns alignwide\"><!-- wp:column {\"width\":\"67%\"} -->\n<div class=\"wp-block-column\" style=\"flex-basis:67%\"><!-- wp:image {\"align\":\"right\",\"sizeSlug\":\"large\",\"linkDestination\":\"none\"} -->\n<div class=\"wp-block-image\"><figure class=\"alignright size-large\"><img src=\"https://s.w.org/images/core/5.8/outside-03.jpg\" alt=\"The sun shining over a ridge leading down into the shore. In the distance, a car drives down a road.\" /></figure></div>\n<!-- /wp:image --></div>\n<!-- /wp:column -->\n\n<!-- wp:column {\"verticalAlignment\":\"center\",\"width\":\"33%\"} -->\n<div class=\"wp-block-column is-vertically-aligned-center\" style=\"flex-basis:33%\"><!-- wp:paragraph {\"style\":{\"color\":{\"text\":\"#000000\"}},\"fontSize\":\"extra-small\"} -->\n<p class=\"has-text-color has-extra-small-font-size\" style=\"color:#000000\">Undoubtedly we have no questions to ask which are unanswerable. We must trust the perfection of the creation so far, as to believe that whatever curiosity the order of things has awakened in our minds, the order of things can satisfy. Every man\'s condition is a solution in hieroglyphic to those inquiries he would put.</p>\n<!-- /wp:paragraph --></div>\n<!-- /wp:column --></div>\n<!-- /wp:columns --></div>\n<!-- /wp:group -->\";}i:9;O:8:\"stdClass\":7:{s:2:\"id\";i:201;s:5:\"title\";O:8:\"stdClass\":1:{s:8:\"rendered\";s:32:\"Three columns with offset images\";}s:7:\"content\";O:8:\"stdClass\":2:{s:8:\"rendered\";s:1104:\"\n<div class=\"wp-container-6201138a5b7cb wp-block-columns alignwide\">\n<div class=\"wp-block-column\" style=\"flex-basis:25%\">\n<figure class=\"wp-block-image size-large is-style-default\"><img src=\"https://s.w.org/images/core/5.8/architecture-01.jpg\" alt=\"Close-up, abstract view of geometric architecture.\" /></figure>\n</div>\n\n\n\n<div class=\"wp-block-column\" style=\"flex-basis:25%\">\n<div style=\"height:500px\" aria-hidden=\"true\" class=\"wp-block-spacer\"></div>\n\n\n\n<div style=\"height:150px\" aria-hidden=\"true\" class=\"wp-block-spacer\"></div>\n\n\n\n<figure class=\"wp-block-image size-large\"><img src=\"https://s.w.org/images/core/5.8/architecture-02.jpg\" alt=\"Close-up, angled view of a window on a white building.\" /></figure>\n</div>\n\n\n\n<div class=\"wp-block-column\" style=\"flex-basis:45%\">\n<figure class=\"wp-block-image size-large is-style-default\"><img src=\"https://s.w.org/images/core/5.8/architecture-03.jpg\" alt=\"Close-up of the corner of a white, geometric building with both sharp points and round corners.\" /></figure>\n\n\n\n<div style=\"height:285px\" aria-hidden=\"true\" class=\"wp-block-spacer\"></div>\n</div>\n</div>\n\";s:9:\"protected\";b:0;}s:4:\"meta\";O:8:\"stdClass\":7:{s:10:\"spay_email\";s:0:\"\";s:13:\"wpop_keywords\";s:0:\"\";s:16:\"wpop_description\";s:33:\"Three columns with offset images.\";s:19:\"wpop_viewport_width\";i:1200;s:16:\"wpop_block_types\";a:0:{}s:11:\"wpop_locale\";s:5:\"en_US\";s:20:\"wpop_unlisted_reason\";s:0:\"\";}s:14:\"category_slugs\";a:2:{i:0;s:7:\"gallery\";i:1;s:6:\"images\";}s:13:\"keyword_slugs\";a:1:{i:0;s:4:\"core\";}s:15:\"pattern_content\";s:1753:\"<!-- wp:columns {\"align\":\"wide\"} -->\n<div class=\"wp-block-columns alignwide\"><!-- wp:column {\"width\":\"25%\"} -->\n<div class=\"wp-block-column\" style=\"flex-basis:25%\"><!-- wp:image {\"sizeSlug\":\"large\",\"linkDestination\":\"none\",\"className\":\"is-style-default\"} -->\n<figure class=\"wp-block-image size-large is-style-default\"><img src=\"https://s.w.org/images/core/5.8/architecture-01.jpg\" alt=\"Close-up, abstract view of geometric architecture.\" /></figure>\n<!-- /wp:image --></div>\n<!-- /wp:column -->\n\n<!-- wp:column {\"width\":\"25%\"} -->\n<div class=\"wp-block-column\" style=\"flex-basis:25%\"><!-- wp:spacer {\"height\":500} -->\n<div style=\"height:500px\" aria-hidden=\"true\" class=\"wp-block-spacer\"></div>\n<!-- /wp:spacer -->\n\n<!-- wp:spacer {\"height\":150} -->\n<div style=\"height:150px\" aria-hidden=\"true\" class=\"wp-block-spacer\"></div>\n<!-- /wp:spacer -->\n\n<!-- wp:image {\"sizeSlug\":\"large\",\"linkDestination\":\"none\"} -->\n<figure class=\"wp-block-image size-large\"><img src=\"https://s.w.org/images/core/5.8/architecture-02.jpg\" alt=\"Close-up, angled view of a window on a white building.\" /></figure>\n<!-- /wp:image --></div>\n<!-- /wp:column -->\n\n<!-- wp:column {\"width\":\"45%\"} -->\n<div class=\"wp-block-column\" style=\"flex-basis:45%\"><!-- wp:image {\"sizeSlug\":\"large\",\"linkDestination\":\"none\",\"className\":\"is-style-default\"} -->\n<figure class=\"wp-block-image size-large is-style-default\"><img src=\"https://s.w.org/images/core/5.8/architecture-03.jpg\" alt=\"Close-up of the corner of a white, geometric building with both sharp points and round corners.\" /></figure>\n<!-- /wp:image -->\n\n<!-- wp:spacer {\"height\":285} -->\n<div style=\"height:285px\" aria-hidden=\"true\" class=\"wp-block-spacer\"></div>\n<!-- /wp:spacer --></div>\n<!-- /wp:column --></div>\n<!-- /wp:columns -->\";}i:10;O:8:\"stdClass\":7:{s:2:\"id\";i:29;s:5:\"title\";O:8:\"stdClass\":1:{s:8:\"rendered\";s:29:\"Two columns of text and title\";}s:7:\"content\";O:8:\"stdClass\":2:{s:8:\"rendered\";s:1364:\"\n<h2 style=\"font-size:38px;line-height:1.4\"><strong>The voyage had begun, and had begun happily with a soft blue sky, and a calm sea.</strong></h2>\n\n\n\n<div class=\"wp-container-6201138a5c7c8 wp-block-columns\">\n<div class=\"wp-block-column\">\n<p style=\"font-size:18px\">They followed her on to the deck. All the smoke and the houses had disappeared, and the ship was out in a wide space of sea very fresh and clear though pale in the early light. They had left London sitting on its mud. A very thin line of shadow tapered on the horizon, scarcely thick enough to stand the burden of Paris, which nevertheless rested upon it. They were free of roads, free of mankind, and the same exhilaration at their freedom ran through them all.</p>\n</div>\n\n\n\n<div class=\"wp-block-column\">\n<p style=\"font-size:18px\">The ship was making her way steadily through small waves which slapped her and then fizzled like effervescing water, leaving a little border of bubbles and foam on either side. The colourless October sky above was thinly clouded as if by the trail of wood-fire smoke, and the air was wonderfully salt and brisk. Indeed it was too cold to stand still. Mrs. Ambrose drew her arm within her husband&#8217;s, and as they moved off it could be seen from the way in which her sloping cheek turned up to his that she had something private to communicate.</p>\n</div>\n</div>\n\";s:9:\"protected\";b:0;}s:4:\"meta\";O:8:\"stdClass\":7:{s:10:\"spay_email\";s:0:\"\";s:13:\"wpop_keywords\";s:0:\"\";s:16:\"wpop_description\";s:47:\"Two columns of text preceded by a long heading.\";s:19:\"wpop_viewport_width\";i:1200;s:16:\"wpop_block_types\";a:0:{}s:11:\"wpop_locale\";s:5:\"en_US\";s:20:\"wpop_unlisted_reason\";s:0:\"\";}s:14:\"category_slugs\";a:2:{i:0;s:7:\"columns\";i:1;s:4:\"text\";}s:13:\"keyword_slugs\";a:1:{i:0;s:4:\"core\";}s:15:\"pattern_content\";s:1711:\"<!-- wp:heading {\"style\":{\"typography\":{\"fontSize\":38,\"lineHeight\":\"1.4\"}}} -->\n<h2 style=\"font-size:38px;line-height:1.4\"><strong>The voyage had begun, and had begun happily with a soft blue sky, and a calm sea.</strong></h2>\n<!-- /wp:heading -->\n\n<!-- wp:columns -->\n<div class=\"wp-block-columns\"><!-- wp:column -->\n<div class=\"wp-block-column\"><!-- wp:paragraph {\"style\":{\"typography\":{\"fontSize\":18}}} -->\n<p style=\"font-size:18px\">They followed her on to the deck. All the smoke and the houses had disappeared, and the ship was out in a wide space of sea very fresh and clear though pale in the early light. They had left London sitting on its mud. A very thin line of shadow tapered on the horizon, scarcely thick enough to stand the burden of Paris, which nevertheless rested upon it. They were free of roads, free of mankind, and the same exhilaration at their freedom ran through them all.</p>\n<!-- /wp:paragraph --></div>\n<!-- /wp:column -->\n\n<!-- wp:column -->\n<div class=\"wp-block-column\"><!-- wp:paragraph {\"style\":{\"typography\":{\"fontSize\":18}}} -->\n<p style=\"font-size:18px\">The ship was making her way steadily through small waves which slapped her and then fizzled like effervescing water, leaving a little border of bubbles and foam on either side. The colourless October sky above was thinly clouded as if by the trail of wood-fire smoke, and the air was wonderfully salt and brisk. Indeed it was too cold to stand still. Mrs. Ambrose drew her arm within her husband\'s, and as they moved off it could be seen from the way in which her sloping cheek turned up to his that she had something private to communicate.</p>\n<!-- /wp:paragraph --></div>\n<!-- /wp:column --></div>\n<!-- /wp:columns -->\";}i:11;O:8:\"stdClass\":7:{s:2:\"id\";i:197;s:5:\"title\";O:8:\"stdClass\":1:{s:8:\"rendered\";s:39:\"Two columns of text with offset heading\";}s:7:\"content\";O:8:\"stdClass\":2:{s:8:\"rendered\";s:1969:\"\n<div class=\"wp-container-6201138a5db0e wp-block-group alignfull has-background\" style=\"background-color:#f2f0e9\"><div class=\"wp-block-group__inner-container\">\n<div style=\"height:70px\" aria-hidden=\"true\" class=\"wp-block-spacer\"></div>\n\n\n\n<div class=\"wp-container-6201138a5d515 wp-block-columns alignwide are-vertically-aligned-center\">\n<div class=\"wp-block-column\" style=\"flex-basis:50%\">\n<p class=\"has-text-color\" style=\"color:#000000;font-size:30px;line-height:1.1\"><strong>Oceanic Inspiration</strong></p>\n</div>\n\n\n\n<div class=\"wp-block-column\" style=\"flex-basis:50%\">\n<hr class=\"wp-block-separator has-text-color has-background is-style-wide\" style=\"background-color:#000000;color:#000000\" />\n</div>\n</div>\n\n\n\n<div class=\"wp-container-6201138a5d82a wp-block-columns alignwide\">\n<div class=\"wp-block-column\"></div>\n\n\n\n<div class=\"wp-block-column\">\n<p class=\"has-text-color has-extra-small-font-size\" style=\"color:#000000\">Winding veils round their heads, the women walked on deck. They were now moving steadily down the river, passing the dark shapes of ships at anchor, and London was a swarm of lights with a pale yellow canopy drooping above it. There were the lights of the great theatres, the lights of the long streets, lights that indicated huge squares of domestic comfort, lights that hung high in air.</p>\n</div>\n\n\n\n<div class=\"wp-block-column\">\n<p class=\"has-text-color has-extra-small-font-size\" style=\"color:#000000\">No darkness would ever settle upon those lamps, as no darkness had settled upon them for hundreds of years. It seemed dreadful that the town should blaze for ever in the same spot; dreadful at least to people going away to adventure upon the sea, and beholding it as a circumscribed mound, eternally burnt, eternally scarred. From the deck of the ship the great city appeared a crouched and cowardly figure, a sedentary miser.</p>\n</div>\n</div>\n\n\n\n<div style=\"height:40px\" aria-hidden=\"true\" class=\"wp-block-spacer\"></div>\n</div></div>\n\";s:9:\"protected\";b:0;}s:4:\"meta\";O:8:\"stdClass\":7:{s:10:\"spay_email\";s:0:\"\";s:13:\"wpop_keywords\";s:0:\"\";s:16:\"wpop_description\";s:43:\"Two columns of text with an offset heading.\";s:19:\"wpop_viewport_width\";i:1200;s:16:\"wpop_block_types\";a:0:{}s:11:\"wpop_locale\";s:5:\"en_US\";s:20:\"wpop_unlisted_reason\";s:0:\"\";}s:14:\"category_slugs\";a:2:{i:0;s:7:\"columns\";i:1;s:4:\"text\";}s:13:\"keyword_slugs\";a:1:{i:0;s:4:\"core\";}s:15:\"pattern_content\";s:2837:\"<!-- wp:group {\"align\":\"full\",\"style\":{\"color\":{\"background\":\"#f2f0e9\"}}} -->\n<div class=\"wp-block-group alignfull has-background\" style=\"background-color:#f2f0e9\"><!-- wp:spacer {\"height\":70} -->\n<div style=\"height:70px\" aria-hidden=\"true\" class=\"wp-block-spacer\"></div>\n<!-- /wp:spacer -->\n\n<!-- wp:columns {\"verticalAlignment\":\"center\",\"align\":\"wide\"} -->\n<div class=\"wp-block-columns alignwide are-vertically-aligned-center\"><!-- wp:column {\"width\":\"50%\"} -->\n<div class=\"wp-block-column\" style=\"flex-basis:50%\"><!-- wp:paragraph {\"style\":{\"typography\":{\"lineHeight\":\"1.1\",\"fontSize\":\"30px\"},\"color\":{\"text\":\"#000000\"}}} -->\n<p class=\"has-text-color\" style=\"color:#000000;font-size:30px;line-height:1.1\"><strong>Oceanic Inspiration</strong></p>\n<!-- /wp:paragraph --></div>\n<!-- /wp:column -->\n\n<!-- wp:column {\"width\":\"50%\"} -->\n<div class=\"wp-block-column\" style=\"flex-basis:50%\"><!-- wp:separator {\"customColor\":\"#000000\",\"className\":\"is-style-wide\"} -->\n<hr class=\"wp-block-separator has-text-color has-background is-style-wide\" style=\"background-color:#000000;color:#000000\" />\n<!-- /wp:separator --></div>\n<!-- /wp:column --></div>\n<!-- /wp:columns -->\n\n<!-- wp:columns {\"align\":\"wide\"} -->\n<div class=\"wp-block-columns alignwide\"><!-- wp:column -->\n<div class=\"wp-block-column\"></div>\n<!-- /wp:column -->\n\n<!-- wp:column -->\n<div class=\"wp-block-column\"><!-- wp:paragraph {\"style\":{\"color\":{\"text\":\"#000000\"}},\"fontSize\":\"extra-small\"} -->\n<p class=\"has-text-color has-extra-small-font-size\" style=\"color:#000000\">Winding veils round their heads, the women walked on deck. They were now moving steadily down the river, passing the dark shapes of ships at anchor, and London was a swarm of lights with a pale yellow canopy drooping above it. There were the lights of the great theatres, the lights of the long streets, lights that indicated huge squares of domestic comfort, lights that hung high in air.</p>\n<!-- /wp:paragraph --></div>\n<!-- /wp:column -->\n\n<!-- wp:column -->\n<div class=\"wp-block-column\"><!-- wp:paragraph {\"style\":{\"color\":{\"text\":\"#000000\"}},\"fontSize\":\"extra-small\"} -->\n<p class=\"has-text-color has-extra-small-font-size\" style=\"color:#000000\">No darkness would ever settle upon those lamps, as no darkness had settled upon them for hundreds of years. It seemed dreadful that the town should blaze for ever in the same spot; dreadful at least to people going away to adventure upon the sea, and beholding it as a circumscribed mound, eternally burnt, eternally scarred. From the deck of the ship the great city appeared a crouched and cowardly figure, a sedentary miser.</p>\n<!-- /wp:paragraph --></div>\n<!-- /wp:column --></div>\n<!-- /wp:columns -->\n\n<!-- wp:spacer {\"height\":40} -->\n<div style=\"height:40px\" aria-hidden=\"true\" class=\"wp-block-spacer\"></div>\n<!-- /wp:spacer --></div>\n<!-- /wp:group -->\";}i:12;O:8:\"stdClass\":7:{s:2:\"id\";i:19;s:5:\"title\";O:8:\"stdClass\":1:{s:8:\"rendered\";s:23:\"Two images side by side\";}s:7:\"content\";O:8:\"stdClass\":2:{s:8:\"rendered\";s:647:\"\n<figure class=\"wp-block-gallery alignwide columns-2 is-cropped\"><ul class=\"blocks-gallery-grid\"><li class=\"blocks-gallery-item\"><figure><img src=\"https://s.w.org/images/core/5.8/nature-above-01.jpg\" alt=\"An aerial view of waves crashing against a shore.\" data-full-url=\"https://s.w.org/images/core/5.8/nature-above-01.jpg\" data-link=\"#\" /></figure></li><li class=\"blocks-gallery-item\"><figure><img src=\"https://s.w.org/images/core/5.8/nature-above-02.jpg\" alt=\"An aerial view of a field. A road runs through the upper right corner.\" data-full-url=\"https://s.w.org/images/core/5.8/nature-above-02.jpg\" data-link=\"#\" /></figure></li></ul></figure>\n\";s:9:\"protected\";b:0;}s:4:\"meta\";O:8:\"stdClass\":7:{s:10:\"spay_email\";s:0:\"\";s:13:\"wpop_keywords\";s:0:\"\";s:16:\"wpop_description\";s:41:\"An image gallery with two example images.\";s:19:\"wpop_viewport_width\";i:800;s:16:\"wpop_block_types\";a:0:{}s:11:\"wpop_locale\";s:5:\"en_US\";s:20:\"wpop_unlisted_reason\";s:0:\"\";}s:14:\"category_slugs\";a:1:{i:0;s:7:\"gallery\";}s:13:\"keyword_slugs\";a:1:{i:0;s:4:\"core\";}s:15:\"pattern_content\";s:737:\"<!-- wp:gallery {\"ids\":[null,null],\"linkTo\":\"none\",\"align\":\"wide\"} -->\n<figure class=\"wp-block-gallery alignwide columns-2 is-cropped\"><ul class=\"blocks-gallery-grid\"><li class=\"blocks-gallery-item\"><figure><img src=\"https://s.w.org/images/core/5.8/nature-above-01.jpg\" alt=\"An aerial view of waves crashing against a shore.\" data-full-url=\"https://s.w.org/images/core/5.8/nature-above-01.jpg\" data-link=\"#\" /></figure></li><li class=\"blocks-gallery-item\"><figure><img src=\"https://s.w.org/images/core/5.8/nature-above-02.jpg\" alt=\"An aerial view of a field. A road runs through the upper right corner.\" data-full-url=\"https://s.w.org/images/core/5.8/nature-above-02.jpg\" data-link=\"#\" /></figure></li></ul></figure>\n<!-- /wp:gallery -->\";}}','no'),(706,'_site_transient_timeout_wp_remote_block_patterns_d634a413f34505836a265fa2c5840fa7','1644241477','no'),(707,'_site_transient_wp_remote_block_patterns_d634a413f34505836a265fa2c5840fa7','a:14:{i:0;O:8:\"stdClass\":7:{s:2:\"id\";i:591;s:5:\"title\";O:8:\"stdClass\":1:{s:8:\"rendered\";s:5:\"Event\";}s:7:\"content\";O:8:\"stdClass\":2:{s:8:\"rendered\";s:1621:\"\n<div class=\"wp-elements-6201135defefa wp-block-media-text alignfull has-media-on-the-right is-stacked-on-mobile is-vertically-aligned-top has-text-color has-background has-link-color\" style=\"background-color:#121c1c;color:#fffdc7;grid-template-columns:auto 60%\"><figure class=\"wp-block-media-text__media\"><img loading=\"lazy\" width=\"1024\" height=\"1024\" src=\"https://s.w.org/patterns/files/2021/06/image-from-rawpixel-id-430289-jpeg-1-1024x1024.jpg\" alt=\"\" class=\"wp-image-590 size-full\" srcset=\"https://s.w.org/patterns/files/2021/06/image-from-rawpixel-id-430289-jpeg-1-1024x1024.jpg 1024w, https://s.w.org/patterns/files/2021/06/image-from-rawpixel-id-430289-jpeg-1-300x300.jpg 300w, https://s.w.org/patterns/files/2021/06/image-from-rawpixel-id-430289-jpeg-1-150x150.jpg 150w, https://s.w.org/patterns/files/2021/06/image-from-rawpixel-id-430289-jpeg-1-768x768.jpg 768w, https://s.w.org/patterns/files/2021/06/image-from-rawpixel-id-430289-jpeg-1-1536x1536.jpg 1536w, https://s.w.org/patterns/files/2021/06/image-from-rawpixel-id-430289-jpeg-1.jpg 1572w\" sizes=\"(max-width: 1024px) 100vw, 1024px\" /></figure><div class=\"wp-block-media-text__content\">\n<div class=\"wp-container-6201135defec1 wp-elements-6201135def3c9 wp-block-group has-link-color\" style=\"padding-top:2em;padding-right:2em;padding-bottom:2em;padding-left:2em\"><div class=\"wp-block-group__inner-container\">\n<h2 style=\"font-size:48px;font-weight:700;line-height:1.15\">Opening <br>Party</h2>\n\n\n\n<p class=\"wp-elements-6201135def3a7 has-text-color has-link-color\" style=\"color:#fffdc7\"><strong><a href=\"#\">RSVP →</a></strong></p>\n</div></div>\n</div></div>\n\";s:9:\"protected\";b:0;}s:4:\"meta\";O:8:\"stdClass\":7:{s:10:\"spay_email\";s:0:\"\";s:13:\"wpop_keywords\";s:0:\"\";s:16:\"wpop_description\";s:0:\"\";s:19:\"wpop_viewport_width\";i:800;s:16:\"wpop_block_types\";a:0:{}s:11:\"wpop_locale\";s:5:\"en_US\";s:20:\"wpop_unlisted_reason\";s:0:\"\";}s:14:\"category_slugs\";a:3:{i:0;s:8:\"featured\";i:1;s:6:\"header\";i:2;s:6:\"images\";}s:13:\"keyword_slugs\";a:0:{}s:15:\"pattern_content\";s:1592:\"<!-- wp:media-text {\"align\":\"full\",\"mediaPosition\":\"right\",\"mediaId\":590,\"mediaLink\":\"https://wordpress.org/patterns/image-from-rawpixel-id-430289-jpeg-1/\",\"mediaType\":\"image\",\"mediaWidth\":60,\"verticalAlignment\":\"top\",\"style\":{\"color\":{\"background\":\"#121c1c\",\"text\":\"#fffdc7\"},\"elements\":{\"link\":{\"color\":{\"text\":\"#fffdc7\"}}}}} -->\n<div class=\"wp-block-media-text alignfull has-media-on-the-right is-stacked-on-mobile is-vertically-aligned-top has-text-color has-background has-link-color\" style=\"background-color:#121c1c;color:#fffdc7;grid-template-columns:auto 60%\"><figure class=\"wp-block-media-text__media\"><img src=\"https://s.w.org/patterns/files/2021/06/image-from-rawpixel-id-430289-jpeg-1-1024x1024.jpg\" alt=\"\" class=\"wp-image-590 size-full\" /></figure><div class=\"wp-block-media-text__content\"><!-- wp:group {\"style\":{\"spacing\":{\"padding\":{\"top\":\"2em\",\"right\":\"2em\",\"bottom\":\"2em\",\"left\":\"2em\"}},\"elements\":{\"link\":{\"color\":{\"text\":\"#fffdc7\"}}}}} -->\n<div class=\"wp-block-group has-link-color\" style=\"padding-top:2em;padding-right:2em;padding-bottom:2em;padding-left:2em\"><!-- wp:heading {\"style\":{\"typography\":{\"fontWeight\":\"700\",\"fontSize\":\"48px\",\"lineHeight\":\"1.15\"}}} -->\n<h2 style=\"font-size:48px;font-weight:700;line-height:1.15\">Opening <br>Party</h2>\n<!-- /wp:heading -->\n\n<!-- wp:paragraph {\"style\":{\"elements\":{\"link\":{\"color\":{\"text\":\"#fffdc7\"}}},\"color\":{\"text\":\"#fffdc7\"}}} -->\n<p class=\"has-text-color has-link-color\" style=\"color:#fffdc7\"><strong><a href=\"#\">RSVP →</a></strong></p>\n<!-- /wp:paragraph --></div>\n<!-- /wp:group --></div></div>\n<!-- /wp:media-text -->\";}i:1;O:8:\"stdClass\":7:{s:2:\"id\";i:566;s:5:\"title\";O:8:\"stdClass\":1:{s:8:\"rendered\";s:30:\"Event announcement and details\";}s:7:\"content\";O:8:\"stdClass\":2:{s:8:\"rendered\";s:1539:\"\n<div class=\"wp-container-6201135df1c67 wp-elements-6201135df1957 wp-block-group alignfull has-black-color has-text-color has-background has-link-color\" style=\"background-color:#d2cdc7\"><div class=\"wp-block-group__inner-container\">\n<div style=\"height:50px\" aria-hidden=\"true\" class=\"wp-block-spacer\"></div>\n\n\n\n<h2 class=\"alignwide\" style=\"font-size:46px;font-weight:400;line-height:1.1\">HÉLÈNE DUMAS<br><em>FRAGMENTS</em></h2>\n\n\n\n<h3 class=\"alignwide\" style=\"font-size:46px;font-weight:400;line-height:1.1\">20/4 — 9/9/2021<br>SOUTH LONDON ART GALLERY</h3>\n\n\n\n<div style=\"height:50px\" aria-hidden=\"true\" class=\"wp-block-spacer\"></div>\n\n\n\n<div class=\"wp-container-6201135df1600 wp-block-columns alignwide\">\n<div class=\"wp-block-column\" style=\"flex-basis:25%\"></div>\n\n\n\n<div class=\"wp-block-column\" style=\"flex-basis:75%\">\n<figure class=\"wp-block-image size-full\"><img src=\"https://mywptesting.site/wp-content/uploads/2021/06/Histoire_naturelle_..._-fragments-_-_Upper_cover_C108eee15-1.jpg\" alt=\"\" class=\"wp-image-3173\" /></figure>\n</div>\n</div>\n\n\n\n<div style=\"height:50px\" aria-hidden=\"true\" class=\"wp-block-spacer\"></div>\n\n\n\n<div class=\"wp-container-6201135df1930 wp-block-columns alignwide\">\n<div class=\"wp-block-column\">\n<p style=\"font-size:25px\">MORE INFO AT: WP.ORG · +44 21 1234 5678</p>\n</div>\n\n\n\n<div class=\"wp-block-column\">\n<p class=\"has-text-align-right\" style=\"font-size:25px\">INSTAGRAM · <a href=\"#\">TICKETS</a></p>\n</div>\n</div>\n\n\n\n<div style=\"height:50px\" aria-hidden=\"true\" class=\"wp-block-spacer\"></div>\n</div></div>\n\";s:9:\"protected\";b:0;}s:4:\"meta\";O:8:\"stdClass\":7:{s:10:\"spay_email\";s:0:\"\";s:13:\"wpop_keywords\";s:0:\"\";s:16:\"wpop_description\";s:0:\"\";s:19:\"wpop_viewport_width\";i:800;s:16:\"wpop_block_types\";a:0:{}s:11:\"wpop_locale\";s:5:\"en_US\";s:20:\"wpop_unlisted_reason\";s:0:\"\";}s:14:\"category_slugs\";a:3:{i:0;s:8:\"featured\";i:1;s:6:\"images\";i:2;s:4:\"text\";}s:13:\"keyword_slugs\";a:0:{}s:15:\"pattern_content\";s:2622:\"<!-- wp:group {\"align\":\"full\",\"style\":{\"color\":{\"background\":\"#d2cdc7\"},\"elements\":{\"link\":{\"color\":{\"text\":\"var:preset|color|black\"}}}},\"textColor\":\"black\"} -->\n<div class=\"wp-block-group alignfull has-black-color has-text-color has-background has-link-color\" style=\"background-color:#d2cdc7\"><!-- wp:spacer {\"height\":50} -->\n<div style=\"height:50px\" aria-hidden=\"true\" class=\"wp-block-spacer\"></div>\n<!-- /wp:spacer -->\n\n<!-- wp:heading {\"align\":\"wide\",\"style\":{\"typography\":{\"fontSize\":\"46px\",\"lineHeight\":\"1.1\",\"fontWeight\":\"400\"}}} -->\n<h2 class=\"alignwide\" style=\"font-size:46px;font-weight:400;line-height:1.1\">HÉLÈNE DUMAS<br><em>FRAGMENTS</em></h2>\n<!-- /wp:heading -->\n\n<!-- wp:heading {\"level\":3,\"align\":\"wide\",\"style\":{\"typography\":{\"fontSize\":\"46px\",\"lineHeight\":\"1.1\",\"fontWeight\":\"400\"}}} -->\n<h3 class=\"alignwide\" style=\"font-size:46px;font-weight:400;line-height:1.1\">20/4 — 9/9/2021<br>SOUTH LONDON ART GALLERY</h3>\n<!-- /wp:heading -->\n\n<!-- wp:spacer {\"height\":50} -->\n<div style=\"height:50px\" aria-hidden=\"true\" class=\"wp-block-spacer\"></div>\n<!-- /wp:spacer -->\n\n<!-- wp:columns {\"align\":\"wide\"} -->\n<div class=\"wp-block-columns alignwide\"><!-- wp:column {\"width\":\"25%\"} -->\n<div class=\"wp-block-column\" style=\"flex-basis:25%\"></div>\n<!-- /wp:column -->\n\n<!-- wp:column {\"width\":\"75%\"} -->\n<div class=\"wp-block-column\" style=\"flex-basis:75%\"><!-- wp:image {\"id\":3173,\"sizeSlug\":\"full\",\"linkDestination\":\"none\"} -->\n<figure class=\"wp-block-image size-full\"><img src=\"https://mywptesting.site/wp-content/uploads/2021/06/Histoire_naturelle_..._-fragments-_-_Upper_cover_C108eee15-1.jpg\" alt=\"\" class=\"wp-image-3173\" /></figure>\n<!-- /wp:image --></div>\n<!-- /wp:column --></div>\n<!-- /wp:columns -->\n\n<!-- wp:spacer {\"height\":50} -->\n<div style=\"height:50px\" aria-hidden=\"true\" class=\"wp-block-spacer\"></div>\n<!-- /wp:spacer -->\n\n<!-- wp:columns {\"align\":\"wide\"} -->\n<div class=\"wp-block-columns alignwide\"><!-- wp:column -->\n<div class=\"wp-block-column\"><!-- wp:paragraph {\"style\":{\"typography\":{\"fontSize\":\"25px\"}}} -->\n<p style=\"font-size:25px\">MORE INFO AT: WP.ORG · +44 21 1234 5678</p>\n<!-- /wp:paragraph --></div>\n<!-- /wp:column -->\n\n<!-- wp:column -->\n<div class=\"wp-block-column\"><!-- wp:paragraph {\"align\":\"right\",\"style\":{\"typography\":{\"fontSize\":\"25px\"}}} -->\n<p class=\"has-text-align-right\" style=\"font-size:25px\">INSTAGRAM · <a href=\"#\">TICKETS</a></p>\n<!-- /wp:paragraph --></div>\n<!-- /wp:column --></div>\n<!-- /wp:columns -->\n\n<!-- wp:spacer {\"height\":50} -->\n<div style=\"height:50px\" aria-hidden=\"true\" class=\"wp-block-spacer\"></div>\n<!-- /wp:spacer --></div>\n<!-- /wp:group -->\";}i:2;O:8:\"stdClass\":7:{s:2:\"id\";i:502;s:5:\"title\";O:8:\"stdClass\":1:{s:8:\"rendered\";s:13:\"Event details\";}s:7:\"content\";O:8:\"stdClass\":2:{s:8:\"rendered\";s:1455:\"\n<figure class=\"wp-block-image alignwide size-full\"><img loading=\"lazy\" width=\"2560\" height=\"1227\" src=\"https://s.w.org/patterns/files/2021/06/Group-17-scaled.jpg\" alt=\"Image of a woman being carried through the air by swans.\" class=\"wp-image-501\" srcset=\"https://s.w.org/patterns/files/2021/06/Group-17-scaled.jpg 2560w, https://s.w.org/patterns/files/2021/06/Group-17-300x144.jpg 300w, https://s.w.org/patterns/files/2021/06/Group-17-1024x491.jpg 1024w, https://s.w.org/patterns/files/2021/06/Group-17-768x368.jpg 768w, https://s.w.org/patterns/files/2021/06/Group-17-1536x736.jpg 1536w, https://s.w.org/patterns/files/2021/06/Group-17-2048x981.jpg 2048w\" sizes=\"(max-width: 2560px) 100vw, 2560px\" /></figure>\n\n\n\n<div class=\"wp-container-6201135df32f8 wp-block-columns alignwide are-vertically-aligned-center\">\n<div class=\"wp-block-column is-vertically-aligned-center\">\n<p style=\"line-height:2\"><strong>Location:</strong><br>82 Main St. Brooklyn, NY</p>\n</div>\n\n\n\n<div class=\"wp-block-column is-vertically-aligned-center\">\n<p style=\"line-height:2\"><strong>Date:</strong><br>October 24, 2021</p>\n</div>\n\n\n\n<div class=\"wp-block-column is-vertically-aligned-center\">\n<div class=\"wp-container-6201135df3045 wp-block-buttons\">\n<div class=\"wp-block-button has-custom-width wp-block-button__width-100\"><a class=\"wp-block-button__link has-text-color has-background\" style=\"background-color:#262626;color:#efefef\">Purchase Tickets</a></div>\n</div>\n</div>\n</div>\n\";s:9:\"protected\";b:0;}s:4:\"meta\";O:8:\"stdClass\":7:{s:10:\"spay_email\";s:0:\"\";s:13:\"wpop_keywords\";s:0:\"\";s:16:\"wpop_description\";s:14:\"Event details.\";s:19:\"wpop_viewport_width\";i:1200;s:16:\"wpop_block_types\";a:0:{}s:11:\"wpop_locale\";s:5:\"en_US\";s:20:\"wpop_unlisted_reason\";s:0:\"\";}s:14:\"category_slugs\";a:2:{i:0;s:8:\"featured\";i:1;s:4:\"text\";}s:13:\"keyword_slugs\";a:0:{}s:15:\"pattern_content\";s:1624:\"<!-- wp:image {\"align\":\"wide\",\"id\":501,\"sizeSlug\":\"full\",\"linkDestination\":\"none\"} -->\n<figure class=\"wp-block-image alignwide size-full\"><img src=\"https://s.w.org/patterns/files/2021/06/Group-17-scaled.jpg\" alt=\"Image of a woman being carried through the air by swans.\" class=\"wp-image-501\" /></figure>\n<!-- /wp:image -->\n\n<!-- wp:columns {\"verticalAlignment\":\"center\",\"align\":\"wide\"} -->\n<div class=\"wp-block-columns alignwide are-vertically-aligned-center\"><!-- wp:column {\"verticalAlignment\":\"center\"} -->\n<div class=\"wp-block-column is-vertically-aligned-center\"><!-- wp:paragraph {\"style\":{\"typography\":{\"lineHeight\":\"2\"}}} -->\n<p style=\"line-height:2\"><strong>Location:</strong><br>82 Main St. Brooklyn, NY</p>\n<!-- /wp:paragraph --></div>\n<!-- /wp:column -->\n\n<!-- wp:column {\"verticalAlignment\":\"center\"} -->\n<div class=\"wp-block-column is-vertically-aligned-center\"><!-- wp:paragraph {\"style\":{\"typography\":{\"lineHeight\":\"2\"}}} -->\n<p style=\"line-height:2\"><strong>Date:</strong><br>October 24, 2021</p>\n<!-- /wp:paragraph --></div>\n<!-- /wp:column -->\n\n<!-- wp:column {\"verticalAlignment\":\"center\"} -->\n<div class=\"wp-block-column is-vertically-aligned-center\"><!-- wp:buttons -->\n<div class=\"wp-block-buttons\"><!-- wp:button {\"width\":100,\"style\":{\"color\":{\"background\":\"#262626\",\"text\":\"#efefef\"}}} -->\n<div class=\"wp-block-button has-custom-width wp-block-button__width-100\"><a class=\"wp-block-button__link has-text-color has-background\" style=\"background-color:#262626;color:#efefef\">Purchase Tickets</a></div>\n<!-- /wp:button --></div>\n<!-- /wp:buttons --></div>\n<!-- /wp:column --></div>\n<!-- /wp:columns -->\";}i:3;O:8:\"stdClass\":7:{s:2:\"id\";i:184;s:5:\"title\";O:8:\"stdClass\":1:{s:8:\"rendered\";s:7:\"Heading\";}s:7:\"content\";O:8:\"stdClass\":2:{s:8:\"rendered\";s:509:\"\n<h2 class=\"alignwide\" id=\"we-re-a-studio-in-berlin-with-an-international-practice-in-architecture-urban-planning-and-interior-design-we-believe-in-sharing-knowledge-and-promoting-dialogue-to-increase-the-creative-potential-of-collaboration\" style=\"font-size:48px;line-height:1.1\">We&#8217;re a studio in Berlin with an international practice in architecture, urban planning and interior design. We believe in sharing knowledge and promoting dialogue to increase the creative potential of collaboration.</h2>\n\";s:9:\"protected\";b:0;}s:4:\"meta\";O:8:\"stdClass\":7:{s:10:\"spay_email\";s:0:\"\";s:13:\"wpop_keywords\";s:17:\"large text, title\";s:16:\"wpop_description\";s:12:\"Heading text\";s:19:\"wpop_viewport_width\";i:1200;s:16:\"wpop_block_types\";a:1:{i:0;s:12:\"core/heading\";}s:11:\"wpop_locale\";s:5:\"en_US\";s:20:\"wpop_unlisted_reason\";s:0:\"\";}s:14:\"category_slugs\";a:2:{i:0;s:8:\"featured\";i:1;s:4:\"text\";}s:13:\"keyword_slugs\";a:1:{i:0;s:4:\"core\";}s:15:\"pattern_content\";s:621:\"<!-- wp:heading {\"align\":\"wide\",\"style\":{\"typography\":{\"fontSize\":\"48px\",\"lineHeight\":\"1.1\"}}} -->\n<h2 class=\"alignwide\" id=\"we-re-a-studio-in-berlin-with-an-international-practice-in-architecture-urban-planning-and-interior-design-we-believe-in-sharing-knowledge-and-promoting-dialogue-to-increase-the-creative-potential-of-collaboration\" style=\"font-size:48px;line-height:1.1\">We\'re a studio in Berlin with an international practice in architecture, urban planning and interior design. We believe in sharing knowledge and promoting dialogue to increase the creative potential of collaboration.</h2>\n<!-- /wp:heading -->\";}i:4;O:8:\"stdClass\":7:{s:2:\"id\";i:669;s:5:\"title\";O:8:\"stdClass\":1:{s:8:\"rendered\";s:31:\"Image and quote on a background\";}s:7:\"content\";O:8:\"stdClass\":2:{s:8:\"rendered\";s:2313:\"\n<div class=\"wp-block-media-text alignwide has-media-on-the-right is-stacked-on-mobile is-vertically-aligned-center has-background\" style=\"background-color:#f1f5c7\"><figure class=\"wp-block-media-text__media\"><img loading=\"lazy\" width=\"1024\" height=\"1024\" src=\"https://s.w.org/patterns/files/2021/06/pear-1-1024x1024.png\" alt=\"\" class=\"wp-image-5263 size-full\" srcset=\"https://s.w.org/patterns/files/2021/06/pear-1-1024x1024.png 1024w, https://s.w.org/patterns/files/2021/06/pear-1-300x300.png 300w, https://s.w.org/patterns/files/2021/06/pear-1-150x150.png 150w, https://s.w.org/patterns/files/2021/06/pear-1-768x768.png 768w, https://s.w.org/patterns/files/2021/06/pear-1.png 1300w\" sizes=\"(max-width: 1024px) 100vw, 1024px\" /></figure><div class=\"wp-block-media-text__content\">\n<div class=\"wp-container-6201135e008e9 wp-block-group\" style=\"padding-top:2em;padding-right:2em;padding-bottom:2em;padding-left:2em\"><div class=\"wp-block-group__inner-container\">\n<p style=\"font-size:36px;line-height:1.2\"><strong>Even the bitterest fruit has sugar in it.</strong></p>\n\n\n\n<p class=\"has-extra-small-font-size\">– Terry a O&#8217;Neal</p>\n</div></div>\n</div></div>\n\n\n\n<div class=\"wp-block-media-text alignwide is-stacked-on-mobile is-vertically-aligned-center has-background\" style=\"background-color:#fffdea\"><figure class=\"wp-block-media-text__media\"><img loading=\"lazy\" width=\"1024\" height=\"1024\" src=\"https://s.w.org/patterns/files/2021/06/pear-half-1024x1024.png\" alt=\"\" class=\"wp-image-673 size-full\" srcset=\"https://s.w.org/patterns/files/2021/06/pear-half-1024x1024.png 1024w, https://s.w.org/patterns/files/2021/06/pear-half-300x300.png 300w, https://s.w.org/patterns/files/2021/06/pear-half-150x150.png 150w, https://s.w.org/patterns/files/2021/06/pear-half-768x768.png 768w, https://s.w.org/patterns/files/2021/06/pear-half.png 1300w\" sizes=\"(max-width: 1024px) 100vw, 1024px\" /></figure><div class=\"wp-block-media-text__content\">\n<div class=\"wp-container-6201135e00bc8 wp-block-group\" style=\"padding-top:2em;padding-right:2em;padding-bottom:2em;padding-left:2em\"><div class=\"wp-block-group__inner-container\">\n<p style=\"font-size:36px;line-height:1.2\"><strong>The trees that are slow to grow bear the best fruit.</strong></p>\n\n\n\n<p class=\"has-extra-small-font-size\">– Molière</p>\n</div></div>\n</div></div>\n\";s:9:\"protected\";b:0;}s:4:\"meta\";O:8:\"stdClass\":7:{s:10:\"spay_email\";s:0:\"\";s:13:\"wpop_keywords\";s:0:\"\";s:16:\"wpop_description\";s:221:\"Two media and text blocks. The top one has a pale green background. The text is on the left and contains a quote, and the image is on the right. The next block underneath has the image on the left, and quote on the right.\";s:19:\"wpop_viewport_width\";i:800;s:16:\"wpop_block_types\";a:0:{}s:11:\"wpop_locale\";s:5:\"en_US\";s:20:\"wpop_unlisted_reason\";s:0:\"\";}s:14:\"category_slugs\";a:3:{i:0;s:8:\"featured\";i:1;s:6:\"images\";i:2;s:4:\"text\";}s:13:\"keyword_slugs\";a:0:{}s:15:\"pattern_content\";s:2404:\"<!-- wp:media-text {\"mediaPosition\":\"right\",\"mediaId\":5263,\"mediaLink\":\"https://wordpress.org/patterns/pattern/image-and-quote-on-a-background/pear-3/\",\"mediaType\":\"image\",\"verticalAlignment\":\"center\",\"style\":{\"color\":{\"background\":\"#f1f5c7\"}}} -->\n<div class=\"wp-block-media-text alignwide has-media-on-the-right is-stacked-on-mobile is-vertically-aligned-center has-background\" style=\"background-color:#f1f5c7\"><figure class=\"wp-block-media-text__media\"><img src=\"https://s.w.org/patterns/files/2021/06/pear-1-1024x1024.png\" alt=\"\" class=\"wp-image-5263 size-full\" /></figure><div class=\"wp-block-media-text__content\"><!-- wp:group {\"style\":{\"spacing\":{\"padding\":{\"top\":\"2em\",\"right\":\"2em\",\"bottom\":\"2em\",\"left\":\"2em\"}}}} -->\n<div class=\"wp-block-group\" style=\"padding-top:2em;padding-right:2em;padding-bottom:2em;padding-left:2em\"><!-- wp:paragraph {\"style\":{\"typography\":{\"lineHeight\":\"1.2\",\"fontSize\":\"36px\"}}} -->\n<p style=\"font-size:36px;line-height:1.2\"><strong>Even the bitterest fruit has sugar in it.</strong></p>\n<!-- /wp:paragraph -->\n\n<!-- wp:paragraph {\"fontSize\":\"extra-small\"} -->\n<p class=\"has-extra-small-font-size\">– Terry a O\'Neal</p>\n<!-- /wp:paragraph --></div>\n<!-- /wp:group --></div></div>\n<!-- /wp:media-text -->\n\n<!-- wp:media-text {\"mediaId\":673,\"mediaLink\":\"https://wordpress.org/patterns/pear-half/\",\"mediaType\":\"image\",\"verticalAlignment\":\"center\",\"style\":{\"color\":{\"background\":\"#fffdea\"}}} -->\n<div class=\"wp-block-media-text alignwide is-stacked-on-mobile is-vertically-aligned-center has-background\" style=\"background-color:#fffdea\"><figure class=\"wp-block-media-text__media\"><img src=\"https://s.w.org/patterns/files/2021/06/pear-half-1024x1024.png\" alt=\"\" class=\"wp-image-673 size-full\" /></figure><div class=\"wp-block-media-text__content\"><!-- wp:group {\"style\":{\"spacing\":{\"padding\":{\"top\":\"2em\",\"right\":\"2em\",\"bottom\":\"2em\",\"left\":\"2em\"}}}} -->\n<div class=\"wp-block-group\" style=\"padding-top:2em;padding-right:2em;padding-bottom:2em;padding-left:2em\"><!-- wp:paragraph {\"style\":{\"typography\":{\"lineHeight\":\"1.2\",\"fontSize\":\"36px\"}}} -->\n<p style=\"font-size:36px;line-height:1.2\"><strong>The trees that are slow to grow bear the best fruit.</strong></p>\n<!-- /wp:paragraph -->\n\n<!-- wp:paragraph {\"fontSize\":\"extra-small\"} -->\n<p class=\"has-extra-small-font-size\">– Molière</p>\n<!-- /wp:paragraph --></div>\n<!-- /wp:group --></div></div>\n<!-- /wp:media-text -->\";}i:5;O:8:\"stdClass\":7:{s:2:\"id\";i:573;s:5:\"title\";O:8:\"stdClass\":1:{s:8:\"rendered\";s:37:\"Image on solid color with description\";}s:7:\"content\";O:8:\"stdClass\":2:{s:8:\"rendered\";s:1558:\"\n<div class=\"wp-container-6201135e02047 wp-block-columns alignfull\">\n<div class=\"wp-block-column\" style=\"flex-basis:50%\">\n<div class=\"wp-block-cover has-background-dim\" style=\"background-color:#f6f6f6;min-height:600px\"><div class=\"wp-block-cover__inner-container\">\n<div class=\"wp-block-image\"><figure class=\"aligncenter size-medium\"><img loading=\"lazy\" width=\"263\" height=\"300\" src=\"https://s.w.org/patterns/files/2021/06/wire-sculpture-263x300.jpg\" alt=\"\" class=\"wp-image-571\" srcset=\"https://s.w.org/patterns/files/2021/06/wire-sculpture-263x300.jpg 263w, https://s.w.org/patterns/files/2021/06/wire-sculpture-898x1024.jpg 898w, https://s.w.org/patterns/files/2021/06/wire-sculpture-768x875.jpg 768w, https://s.w.org/patterns/files/2021/06/wire-sculpture-1347x1536.jpg 1347w, https://s.w.org/patterns/files/2021/06/wire-sculpture.jpg 1658w\" sizes=\"(max-width: 263px) 100vw, 263px\" /></figure></div>\n</div></div>\n</div>\n\n\n\n<div class=\"wp-block-column is-vertically-aligned-center\" style=\"padding-top:1em;padding-right:1em;padding-bottom:1em;padding-left:1em\">\n<div class=\"wp-container-6201135e01d71 wp-block-columns\">\n<div class=\"wp-block-column\" style=\"flex-basis:320px\">\n<p class=\"has-small-font-size\" style=\"line-height:1.6\"><strong>Airplane</strong></p>\n\n\n\n<p class=\"has-small-font-size\" style=\"line-height:1.6\">Copper wire, wood base. I created this piece in late 2008. For this work, I aimed to convey both the industrial heaviness of an airplane, but also the cloudlike floating quality you feel when you’re in one.</p>\n</div>\n</div>\n</div>\n</div>\n\";s:9:\"protected\";b:0;}s:4:\"meta\";O:8:\"stdClass\":7:{s:10:\"spay_email\";s:0:\"\";s:13:\"wpop_keywords\";s:0:\"\";s:16:\"wpop_description\";s:38:\"Image on solid color with description.\";s:19:\"wpop_viewport_width\";i:1200;s:16:\"wpop_block_types\";a:0:{}s:11:\"wpop_locale\";s:5:\"en_US\";s:20:\"wpop_unlisted_reason\";s:0:\"\";}s:14:\"category_slugs\";a:3:{i:0;s:8:\"featured\";i:1;s:6:\"images\";i:2;s:4:\"text\";}s:13:\"keyword_slugs\";a:0:{}s:15:\"pattern_content\";s:1826:\"<!-- wp:columns {\"align\":\"full\"} -->\n<div class=\"wp-block-columns alignfull\"><!-- wp:column {\"width\":\"50%\"} -->\n<div class=\"wp-block-column\" style=\"flex-basis:50%\"><!-- wp:cover {\"customOverlayColor\":\"#f6f6f6\",\"minHeight\":600} -->\n<div class=\"wp-block-cover has-background-dim\" style=\"background-color:#f6f6f6;min-height:600px\"><div class=\"wp-block-cover__inner-container\"><!-- wp:image {\"align\":\"center\",\"id\":571,\"sizeSlug\":\"medium\",\"linkDestination\":\"none\"} -->\n<div class=\"wp-block-image\"><figure class=\"aligncenter size-medium\"><img src=\"https://s.w.org/patterns/files/2021/06/wire-sculpture-263x300.jpg\" alt=\"\" class=\"wp-image-571\" /></figure></div>\n<!-- /wp:image --></div></div>\n<!-- /wp:cover --></div>\n<!-- /wp:column -->\n\n<!-- wp:column {\"verticalAlignment\":\"center\",\"style\":{\"spacing\":{\"padding\":{\"top\":\"1em\",\"right\":\"1em\",\"bottom\":\"1em\",\"left\":\"1em\"}}}} -->\n<div class=\"wp-block-column is-vertically-aligned-center\" style=\"padding-top:1em;padding-right:1em;padding-bottom:1em;padding-left:1em\"><!-- wp:columns -->\n<div class=\"wp-block-columns\"><!-- wp:column {\"width\":\"320px\"} -->\n<div class=\"wp-block-column\" style=\"flex-basis:320px\"><!-- wp:paragraph {\"style\":{\"typography\":{\"lineHeight\":\"1.6\"}},\"fontSize\":\"small\"} -->\n<p class=\"has-small-font-size\" style=\"line-height:1.6\"><strong>Airplane</strong></p>\n<!-- /wp:paragraph -->\n\n<!-- wp:paragraph {\"style\":{\"typography\":{\"lineHeight\":\"1.6\"}},\"fontSize\":\"small\"} -->\n<p class=\"has-small-font-size\" style=\"line-height:1.6\">Copper wire, wood base. I created this piece in late 2008. For this work, I aimed to convey both the industrial heaviness of an airplane, but also the cloudlike floating quality you feel when you’re in one.</p>\n<!-- /wp:paragraph --></div>\n<!-- /wp:column --></div>\n<!-- /wp:columns --></div>\n<!-- /wp:column --></div>\n<!-- /wp:columns -->\";}i:6;O:8:\"stdClass\":7:{s:2:\"id\";i:521;s:5:\"title\";O:8:\"stdClass\":1:{s:8:\"rendered\";s:45:\"Image with description below and to the right\";}s:7:\"content\";O:8:\"stdClass\":2:{s:8:\"rendered\";s:1300:\"\n<div class=\"wp-container-6201135e03090 wp-block-columns\">\n<div class=\"wp-block-column\" style=\"flex-basis:10%\"></div>\n\n\n\n<div class=\"wp-block-column\">\n<figure class=\"wp-block-image size-large\"><img loading=\"lazy\" width=\"1024\" height=\"1024\" src=\"https://s.w.org/patterns/files/2021/06/image-from-rawpixel-id-539759-jpeg-1-1024x1024.jpg\" alt=\"Vintage Cupid Illustration\" class=\"wp-image-522\" srcset=\"https://s.w.org/patterns/files/2021/06/image-from-rawpixel-id-539759-jpeg-1-1024x1024.jpg 1024w, https://s.w.org/patterns/files/2021/06/image-from-rawpixel-id-539759-jpeg-1-300x300.jpg 300w, https://s.w.org/patterns/files/2021/06/image-from-rawpixel-id-539759-jpeg-1-150x150.jpg 150w, https://s.w.org/patterns/files/2021/06/image-from-rawpixel-id-539759-jpeg-1-768x768.jpg 768w, https://s.w.org/patterns/files/2021/06/image-from-rawpixel-id-539759-jpeg-1.jpg 1510w\" sizes=\"(max-width: 1024px) 100vw, 1024px\" /></figure>\n</div>\n\n\n\n<div class=\"wp-block-column\"></div>\n\n\n\n<div class=\"wp-block-column\" style=\"flex-basis:10%\"></div>\n</div>\n\n\n\n<div class=\"wp-container-6201135e033d8 wp-block-columns\">\n<div class=\"wp-block-column\"></div>\n\n\n\n<div class=\"wp-block-column\">\n<p style=\"font-size:14px\"><strong>Cupid in Flight</strong><br>48” x 48” Giclee print on archival paper.</p>\n</div>\n</div>\n\n\n\n<p></p>\n\";s:9:\"protected\";b:0;}s:4:\"meta\";O:8:\"stdClass\":7:{s:10:\"spay_email\";s:0:\"\";s:13:\"wpop_keywords\";s:0:\"\";s:16:\"wpop_description\";s:46:\"Image with description below and to the right.\";s:19:\"wpop_viewport_width\";i:1200;s:16:\"wpop_block_types\";a:0:{}s:11:\"wpop_locale\";s:5:\"en_US\";s:20:\"wpop_unlisted_reason\";s:0:\"\";}s:14:\"category_slugs\";a:2:{i:0;s:8:\"featured\";i:1;s:6:\"images\";}s:13:\"keyword_slugs\";a:0:{}s:15:\"pattern_content\";s:1241:\"<!-- wp:columns -->\n<div class=\"wp-block-columns\"><!-- wp:column {\"width\":\"10%\"} -->\n<div class=\"wp-block-column\" style=\"flex-basis:10%\"></div>\n<!-- /wp:column -->\n\n<!-- wp:column -->\n<div class=\"wp-block-column\"><!-- wp:image {\"id\":522,\"sizeSlug\":\"large\",\"linkDestination\":\"none\"} -->\n<figure class=\"wp-block-image size-large\"><img src=\"https://s.w.org/patterns/files/2021/06/image-from-rawpixel-id-539759-jpeg-1-1024x1024.jpg\" alt=\"Vintage Cupid Illustration\" class=\"wp-image-522\" /></figure>\n<!-- /wp:image --></div>\n<!-- /wp:column -->\n\n<!-- wp:column -->\n<div class=\"wp-block-column\"></div>\n<!-- /wp:column -->\n\n<!-- wp:column {\"width\":\"10%\"} -->\n<div class=\"wp-block-column\" style=\"flex-basis:10%\"></div>\n<!-- /wp:column --></div>\n<!-- /wp:columns -->\n\n<!-- wp:columns -->\n<div class=\"wp-block-columns\"><!-- wp:column -->\n<div class=\"wp-block-column\"></div>\n<!-- /wp:column -->\n\n<!-- wp:column -->\n<div class=\"wp-block-column\"><!-- wp:paragraph {\"style\":{\"typography\":{\"fontSize\":\"14px\"}}} -->\n<p style=\"font-size:14px\"><strong>Cupid in Flight</strong><br>48” x 48” Giclee print on archival paper.</p>\n<!-- /wp:paragraph --></div>\n<!-- /wp:column --></div>\n<!-- /wp:columns -->\n\n<!-- wp:paragraph -->\n<p></p>\n<!-- /wp:paragraph -->\";}i:7;O:8:\"stdClass\":7:{s:2:\"id\";i:185;s:5:\"title\";O:8:\"stdClass\":1:{s:8:\"rendered\";s:35:\"Large header with left-aligned text\";}s:7:\"content\";O:8:\"stdClass\":2:{s:8:\"rendered\";s:1046:\"\n<div class=\"wp-block-cover alignfull has-background-dim-60 has-background-dim\" style=\"min-height:800px\"><img class=\"wp-block-cover__image-background\" alt=\"\" src=\"https://s.w.org/images/core/5.8/forest.jpg\" data-object-fit=\"cover\" /><div class=\"wp-block-cover__inner-container\">\n<h2 class=\"alignwide has-text-color\" style=\"color:#ffe074;font-size:64px\">Forest.</h2>\n\n\n\n<div class=\"wp-container-6201135e0479d wp-block-columns alignwide\">\n<div class=\"wp-block-column\" style=\"flex-basis:55%\">\n<div style=\"height:330px\" aria-hidden=\"true\" class=\"wp-block-spacer\"></div>\n\n\n\n<p class=\"has-text-color\" style=\"color:#ffe074;font-size:12px;line-height:1.3\"><em>Even a child knows how valuable the forest is. The fresh, breathtaking smell of trees. Echoing birds flying above that dense magnitude. A stable climate, a sustainable diverse life and a source of culture. Yet, forests and other ecosystems hang in the balance, threatened to become croplands, pasture, and plantations.</em></p>\n</div>\n\n\n\n<div class=\"wp-block-column\"></div>\n</div>\n</div></div>\n\";s:9:\"protected\";b:0;}s:4:\"meta\";O:8:\"stdClass\":7:{s:10:\"spay_email\";s:0:\"\";s:13:\"wpop_keywords\";s:0:\"\";s:16:\"wpop_description\";s:29:\"Cover image with quote on top\";s:19:\"wpop_viewport_width\";i:1200;s:16:\"wpop_block_types\";a:0:{}s:11:\"wpop_locale\";s:5:\"en_US\";s:20:\"wpop_unlisted_reason\";s:0:\"\";}s:14:\"category_slugs\";a:2:{i:0;s:8:\"featured\";i:1;s:6:\"header\";}s:13:\"keyword_slugs\";a:1:{i:0;s:4:\"core\";}s:15:\"pattern_content\";s:1610:\"<!-- wp:cover {\"url\":\"https://s.w.org/images/core/5.8/forest.jpg\",\"dimRatio\":60,\"minHeight\":800,\"align\":\"full\"} -->\n<div class=\"wp-block-cover alignfull has-background-dim-60 has-background-dim\" style=\"min-height:800px\"><img class=\"wp-block-cover__image-background\" alt=\"\" src=\"https://s.w.org/images/core/5.8/forest.jpg\" data-object-fit=\"cover\" /><div class=\"wp-block-cover__inner-container\"><!-- wp:heading {\"align\":\"wide\",\"style\":{\"color\":{\"text\":\"#ffe074\"},\"typography\":{\"fontSize\":\"64px\"}}} -->\n<h2 class=\"alignwide has-text-color\" style=\"color:#ffe074;font-size:64px\">Forest.</h2>\n<!-- /wp:heading -->\n\n<!-- wp:columns {\"align\":\"wide\"} -->\n<div class=\"wp-block-columns alignwide\"><!-- wp:column {\"width\":\"55%\"} -->\n<div class=\"wp-block-column\" style=\"flex-basis:55%\"><!-- wp:spacer {\"height\":330} -->\n<div style=\"height:330px\" aria-hidden=\"true\" class=\"wp-block-spacer\"></div>\n<!-- /wp:spacer -->\n\n<!-- wp:paragraph {\"style\":{\"color\":{\"text\":\"#ffe074\"},\"typography\":{\"lineHeight\":\"1.3\",\"fontSize\":\"12px\"}}} -->\n<p class=\"has-text-color\" style=\"color:#ffe074;font-size:12px;line-height:1.3\"><em>Even a child knows how valuable the forest is. The fresh, breathtaking smell of trees. Echoing birds flying above that dense magnitude. A stable climate, a sustainable diverse life and a source of culture. Yet, forests and other ecosystems hang in the balance, threatened to become croplands, pasture, and plantations.</em></p>\n<!-- /wp:paragraph --></div>\n<!-- /wp:column -->\n\n<!-- wp:column -->\n<div class=\"wp-block-column\"></div>\n<!-- /wp:column --></div>\n<!-- /wp:columns --></div></div>\n<!-- /wp:cover -->\";}i:8;O:8:\"stdClass\":7:{s:2:\"id\";i:192;s:5:\"title\";O:8:\"stdClass\":1:{s:8:\"rendered\";s:37:\"Media and text with image on the left\";}s:7:\"content\";O:8:\"stdClass\":2:{s:8:\"rendered\";s:520:\"\n<div class=\"wp-block-media-text alignfull is-stacked-on-mobile is-vertically-aligned-center\"><figure class=\"wp-block-media-text__media\"><img src=\"https://s.w.org/images/core/5.8/architecture-04.jpg\" alt=\"Close-up, abstract view of architecture.\" /></figure><div class=\"wp-block-media-text__content\">\n<h3 class=\"has-text-align-center has-text-color\" style=\"color:#000000\"><strong>Open Spaces</strong></h3>\n\n\n\n<p class=\"has-text-align-center has-extra-small-font-size\"><a href=\"#\">See case study ↗</a></p>\n</div></div>\n\";s:9:\"protected\";b:0;}s:4:\"meta\";O:8:\"stdClass\":7:{s:10:\"spay_email\";s:0:\"\";s:13:\"wpop_keywords\";s:0:\"\";s:16:\"wpop_description\";s:66:\"Media and text block with image to the left and text to the right.\";s:19:\"wpop_viewport_width\";i:1200;s:16:\"wpop_block_types\";a:0:{}s:11:\"wpop_locale\";s:5:\"en_US\";s:20:\"wpop_unlisted_reason\";s:0:\"\";}s:14:\"category_slugs\";a:2:{i:0;s:8:\"featured\";i:1;s:6:\"header\";}s:13:\"keyword_slugs\";a:1:{i:0;s:4:\"core\";}s:15:\"pattern_content\";s:827:\"<!-- wp:media-text {\"align\":\"full\",\"mediaType\":\"image\",\"verticalAlignment\":\"center\"} -->\n<div class=\"wp-block-media-text alignfull is-stacked-on-mobile is-vertically-aligned-center\"><figure class=\"wp-block-media-text__media\"><img src=\"https://s.w.org/images/core/5.8/architecture-04.jpg\" alt=\"Close-up, abstract view of architecture.\" /></figure><div class=\"wp-block-media-text__content\"><!-- wp:heading {\"textAlign\":\"center\",\"level\":3,\"style\":{\"color\":{\"text\":\"#000000\"}}} -->\n<h3 class=\"has-text-align-center has-text-color\" style=\"color:#000000\"><strong>Open Spaces</strong></h3>\n<!-- /wp:heading -->\n\n<!-- wp:paragraph {\"align\":\"center\",\"fontSize\":\"extra-small\"} -->\n<p class=\"has-text-align-center has-extra-small-font-size\"><a href=\"#\">See case study ↗</a></p>\n<!-- /wp:paragraph --></div></div>\n<!-- /wp:media-text -->\";}i:9;O:8:\"stdClass\":7:{s:2:\"id\";i:526;s:5:\"title\";O:8:\"stdClass\":1:{s:8:\"rendered\";s:32:\"Offset images with descriptions.\";}s:7:\"content\";O:8:\"stdClass\":2:{s:8:\"rendered\";s:1686:\"\n<div class=\"wp-container-6201135e05f98 wp-block-columns\">\n<div class=\"wp-block-column\">\n<figure class=\"wp-block-image size-large\"><img loading=\"lazy\" width=\"793\" height=\"1024\" src=\"https://s.w.org/patterns/files/2021/06/Iris-793x1024.jpg\" alt=\"\" class=\"wp-image-525\" srcset=\"https://s.w.org/patterns/files/2021/06/Iris-793x1024.jpg 793w, https://s.w.org/patterns/files/2021/06/Iris-232x300.jpg 232w, https://s.w.org/patterns/files/2021/06/Iris-768x992.jpg 768w, https://s.w.org/patterns/files/2021/06/Iris-1189x1536.jpg 1189w, https://s.w.org/patterns/files/2021/06/Iris-1586x2048.jpg 1586w, https://s.w.org/patterns/files/2021/06/Iris.jpg 1920w\" sizes=\"(max-width: 793px) 100vw, 793px\" /></figure>\n\n\n\n<p style=\"font-size:14px\"><strong>White Irises</strong><br>Ogawa Kazumasa</p>\n</div>\n\n\n\n<div class=\"wp-block-column\">\n<div style=\"height:100px\" aria-hidden=\"true\" class=\"wp-block-spacer\"></div>\n\n\n\n<p style=\"font-size:14px\"><strong>Cherry Blossom</strong><br>Ogawa Kazumasa</p>\n\n\n\n<figure class=\"wp-block-image size-large\"><img loading=\"lazy\" width=\"707\" height=\"1024\" src=\"https://s.w.org/patterns/files/2021/06/Cherry-Blossom-707x1024.jpg\" alt=\"\" class=\"wp-image-524\" srcset=\"https://s.w.org/patterns/files/2021/06/Cherry-Blossom-707x1024.jpg 707w, https://s.w.org/patterns/files/2021/06/Cherry-Blossom-207x300.jpg 207w, https://s.w.org/patterns/files/2021/06/Cherry-Blossom-768x1112.jpg 768w, https://s.w.org/patterns/files/2021/06/Cherry-Blossom-1061x1536.jpg 1061w, https://s.w.org/patterns/files/2021/06/Cherry-Blossom-1414x2048.jpg 1414w, https://s.w.org/patterns/files/2021/06/Cherry-Blossom-scaled.jpg 1768w\" sizes=\"(max-width: 707px) 100vw, 707px\" /></figure>\n</div>\n</div>\n\";s:9:\"protected\";b:0;}s:4:\"meta\";O:8:\"stdClass\":7:{s:10:\"spay_email\";s:0:\"\";s:13:\"wpop_keywords\";s:0:\"\";s:16:\"wpop_description\";s:32:\"Offset images with descriptions.\";s:19:\"wpop_viewport_width\";i:1200;s:16:\"wpop_block_types\";a:0:{}s:11:\"wpop_locale\";s:5:\"en_US\";s:20:\"wpop_unlisted_reason\";s:0:\"\";}s:14:\"category_slugs\";a:3:{i:0;s:8:\"featured\";i:1;s:7:\"gallery\";i:2;s:6:\"images\";}s:13:\"keyword_slugs\";a:0:{}s:15:\"pattern_content\";s:1175:\"<!-- wp:columns -->\n<div class=\"wp-block-columns\"><!-- wp:column -->\n<div class=\"wp-block-column\"><!-- wp:image {\"id\":525,\"sizeSlug\":\"large\",\"linkDestination\":\"none\"} -->\n<figure class=\"wp-block-image size-large\"><img src=\"https://s.w.org/patterns/files/2021/06/Iris-793x1024.jpg\" alt=\"\" class=\"wp-image-525\" /></figure>\n<!-- /wp:image -->\n\n<!-- wp:paragraph {\"style\":{\"typography\":{\"fontSize\":\"14px\"}}} -->\n<p style=\"font-size:14px\"><strong>White Irises</strong><br>Ogawa Kazumasa</p>\n<!-- /wp:paragraph --></div>\n<!-- /wp:column -->\n\n<!-- wp:column -->\n<div class=\"wp-block-column\"><!-- wp:spacer -->\n<div style=\"height:100px\" aria-hidden=\"true\" class=\"wp-block-spacer\"></div>\n<!-- /wp:spacer -->\n\n<!-- wp:paragraph {\"style\":{\"typography\":{\"fontSize\":\"14px\"}}} -->\n<p style=\"font-size:14px\"><strong>Cherry Blossom</strong><br>Ogawa Kazumasa</p>\n<!-- /wp:paragraph -->\n\n<!-- wp:image {\"id\":524,\"sizeSlug\":\"large\",\"linkDestination\":\"none\"} -->\n<figure class=\"wp-block-image size-large\"><img src=\"https://s.w.org/patterns/files/2021/06/Cherry-Blossom-707x1024.jpg\" alt=\"\" class=\"wp-image-524\" /></figure>\n<!-- /wp:image --></div>\n<!-- /wp:column --></div>\n<!-- /wp:columns -->\";}i:10;O:8:\"stdClass\":7:{s:2:\"id\";i:678;s:5:\"title\";O:8:\"stdClass\":1:{s:8:\"rendered\";s:13:\"Pricing table\";}s:7:\"content\";O:8:\"stdClass\":2:{s:8:\"rendered\";s:3011:\"\n<div class=\"wp-container-6201135e079b9 wp-block-columns alignwide\">\n<div class=\"wp-elements-6201135e07070 wp-block-column has-text-color has-background has-link-color\" style=\"background-color:#ffe97d;color:#000000;padding-top:2em;padding-right:2em;padding-bottom:2em;padding-left:2em\">\n<h2 id=\"single\" style=\"font-size:40px\"><strong>Single</strong></h2>\n\n\n\n<p class=\"has-normal-font-size\" style=\"line-height:1.5\"><strong>Enrich our growing community.</strong> </p>\n\n\n\n<hr class=\"wp-block-separator has-text-color has-background is-style-wide\" style=\"background-color:#000000;color:#000000\" />\n\n\n\n<ul class=\"has-normal-font-size\"><li>General admission and member discounts for one adult</li><li>One free ticket per special exhibition</li><li>Two single-use guest passes per year</li></ul>\n\n\n\n<div class=\"wp-container-6201135e0705c wp-block-buttons alignfull\">\n<div class=\"wp-block-button has-custom-width wp-block-button__width-100\"><a class=\"wp-block-button__link has-white-color has-text-color has-background no-border-radius\" style=\"background-color:#000000\">$110 / year</a></div>\n</div>\n</div>\n\n\n\n<div class=\"wp-elements-6201135e073aa wp-block-column has-text-color has-background has-link-color\" style=\"background-color:#d1d1e1;color:#000000;padding-top:2em;padding-right:2em;padding-bottom:2em;padding-left:2em\">\n<h2 id=\"family\" style=\"font-size:40px\"><strong>Family</strong></h2>\n\n\n\n<p class=\"has-normal-font-size\" style=\"line-height:1.5\"><strong>Support special exhibitions.</strong></p>\n\n\n\n<hr class=\"wp-block-separator is-style-wide\" />\n\n\n\n<ul class=\"has-normal-font-size\"><li>General admission and member discounts for two adults</li><li>Four free tickets per special exhibition</li><li>Four single-use guest passes per year</li></ul>\n\n\n\n<div class=\"wp-container-6201135e07394 wp-block-buttons alignfull\">\n<div class=\"wp-block-button has-custom-width wp-block-button__width-100 is-style-fill\"><a class=\"wp-block-button__link has-white-color has-text-color has-background no-border-radius\" style=\"background-color:#000000\">$200 / year</a></div>\n</div>\n</div>\n\n\n\n<div class=\"wp-elements-6201135e076ff wp-block-column has-text-color has-background has-link-color\" style=\"background-color:#c0ebf1;color:#000000;padding-top:2em;padding-right:2em;padding-bottom:2em;padding-left:2em\">\n<h2 id=\"patron\" style=\"font-size:40px\"><strong>Patron</strong></h2>\n\n\n\n<p class=\"has-normal-font-size\"><strong>Take support to the next level.</strong></p>\n\n\n\n<hr class=\"wp-block-separator is-style-wide\" />\n\n\n\n<ul class=\"has-normal-font-size\"><li>General admission and member discounts for two adults</li><li>Five free tickets per special exhibition</li><li>Six single-use guest passes per year</li></ul>\n\n\n\n<div class=\"wp-container-6201135e076ed wp-block-buttons alignfull\">\n<div class=\"wp-block-button has-custom-width wp-block-button__width-100\"><a class=\"wp-block-button__link has-white-color has-text-color has-background no-border-radius\" style=\"background-color:#000000\">$400 / year</a></div>\n</div>\n</div>\n</div>\n\";s:9:\"protected\";b:0;}s:4:\"meta\";O:8:\"stdClass\":7:{s:10:\"spay_email\";s:0:\"\";s:13:\"wpop_keywords\";s:0:\"\";s:16:\"wpop_description\";s:272:\"Three equal-width columns set up as a pricing table. The left column has a yellow background, the middle column has a light purple background, and the right column has a light blue background. Each column contains a heading, subheading, separator, list, and then a button.\";s:19:\"wpop_viewport_width\";i:800;s:16:\"wpop_block_types\";a:0:{}s:11:\"wpop_locale\";s:5:\"en_US\";s:20:\"wpop_unlisted_reason\";s:0:\"\";}s:14:\"category_slugs\";a:3:{i:0;s:7:\"buttons\";i:1;s:7:\"columns\";i:2;s:8:\"featured\";}s:13:\"keyword_slugs\";a:0:{}s:15:\"pattern_content\";s:5340:\"<!-- wp:columns {\"align\":\"wide\"} -->\n<div class=\"wp-block-columns alignwide\"><!-- wp:column {\"style\":{\"color\":{\"background\":\"#ffe97d\",\"text\":\"#000000\"},\"elements\":{\"link\":{\"color\":{\"text\":\"#000000\"}}},\"spacing\":{\"padding\":{\"top\":\"2em\",\"right\":\"2em\",\"bottom\":\"2em\",\"left\":\"2em\"}}}} -->\n<div class=\"wp-block-column has-text-color has-background has-link-color\" style=\"background-color:#ffe97d;color:#000000;padding-top:2em;padding-right:2em;padding-bottom:2em;padding-left:2em\"><!-- wp:heading {\"style\":{\"typography\":{\"fontSize\":\"40px\"}}} -->\n<h2 id=\"single\" style=\"font-size:40px\"><strong>Single</strong></h2>\n<!-- /wp:heading -->\n\n<!-- wp:paragraph {\"style\":{\"typography\":{\"lineHeight\":\"1.5\"}},\"fontSize\":\"normal\"} -->\n<p class=\"has-normal-font-size\" style=\"line-height:1.5\"><strong>Enrich our growing community.</strong> </p>\n<!-- /wp:paragraph -->\n\n<!-- wp:separator {\"customColor\":\"#000000\",\"className\":\"is-style-wide\"} -->\n<hr class=\"wp-block-separator has-text-color has-background is-style-wide\" style=\"background-color:#000000;color:#000000\" />\n<!-- /wp:separator -->\n\n<!-- wp:list {\"fontSize\":\"normal\"} -->\n<ul class=\"has-normal-font-size\"><li>General admission and member discounts for one adult</li><li>One free ticket per special exhibition</li><li>Two single-use guest passes per year</li></ul>\n<!-- /wp:list -->\n\n<!-- wp:buttons {\"align\":\"full\",\"layout\":{\"type\":\"flex\",\"justifyContent\":\"center\",\"orientation\":\"horizontal\"}} -->\n<div class=\"wp-block-buttons alignfull\"><!-- wp:button {\"textColor\":\"white\",\"width\":100,\"style\":{\"color\":{\"background\":\"#000000\"},\"border\":{\"radius\":0}}} -->\n<div class=\"wp-block-button has-custom-width wp-block-button__width-100\"><a class=\"wp-block-button__link has-white-color has-text-color has-background no-border-radius\" style=\"background-color:#000000\">$110 / year</a></div>\n<!-- /wp:button --></div>\n<!-- /wp:buttons --></div>\n<!-- /wp:column -->\n\n<!-- wp:column {\"style\":{\"color\":{\"background\":\"#d1d1e1\",\"text\":\"#000000\"},\"elements\":{\"link\":{\"color\":{\"text\":\"#000000\"}}},\"spacing\":{\"padding\":{\"top\":\"2em\",\"right\":\"2em\",\"bottom\":\"2em\",\"left\":\"2em\"}}}} -->\n<div class=\"wp-block-column has-text-color has-background has-link-color\" style=\"background-color:#d1d1e1;color:#000000;padding-top:2em;padding-right:2em;padding-bottom:2em;padding-left:2em\"><!-- wp:heading {\"style\":{\"typography\":{\"fontSize\":\"40px\"}}} -->\n<h2 id=\"family\" style=\"font-size:40px\"><strong>Family</strong></h2>\n<!-- /wp:heading -->\n\n<!-- wp:paragraph {\"style\":{\"typography\":{\"lineHeight\":\"1.5\"}},\"fontSize\":\"normal\"} -->\n<p class=\"has-normal-font-size\" style=\"line-height:1.5\"><strong>Support special exhibitions.</strong></p>\n<!-- /wp:paragraph -->\n\n<!-- wp:separator {\"className\":\"is-style-wide\"} -->\n<hr class=\"wp-block-separator is-style-wide\" />\n<!-- /wp:separator -->\n\n<!-- wp:list {\"fontSize\":\"normal\"} -->\n<ul class=\"has-normal-font-size\"><li>General admission and member discounts for two adults</li><li>Four free tickets per special exhibition</li><li>Four single-use guest passes per year</li></ul>\n<!-- /wp:list -->\n\n<!-- wp:buttons {\"align\":\"full\",\"layout\":{\"type\":\"flex\",\"justifyContent\":\"center\",\"orientation\":\"horizontal\"}} -->\n<div class=\"wp-block-buttons alignfull\"><!-- wp:button {\"textColor\":\"white\",\"width\":100,\"style\":{\"color\":{\"background\":\"#000000\"},\"border\":{\"radius\":0}},\"className\":\"is-style-fill\"} -->\n<div class=\"wp-block-button has-custom-width wp-block-button__width-100 is-style-fill\"><a class=\"wp-block-button__link has-white-color has-text-color has-background no-border-radius\" style=\"background-color:#000000\">$200 / year</a></div>\n<!-- /wp:button --></div>\n<!-- /wp:buttons --></div>\n<!-- /wp:column -->\n\n<!-- wp:column {\"style\":{\"color\":{\"background\":\"#c0ebf1\",\"text\":\"#000000\"},\"elements\":{\"link\":{\"color\":{\"text\":\"#000000\"}}},\"spacing\":{\"padding\":{\"top\":\"2em\",\"right\":\"2em\",\"bottom\":\"2em\",\"left\":\"2em\"}}}} -->\n<div class=\"wp-block-column has-text-color has-background has-link-color\" style=\"background-color:#c0ebf1;color:#000000;padding-top:2em;padding-right:2em;padding-bottom:2em;padding-left:2em\"><!-- wp:heading {\"style\":{\"typography\":{\"fontSize\":\"40px\"}}} -->\n<h2 id=\"patron\" style=\"font-size:40px\"><strong>Patron</strong></h2>\n<!-- /wp:heading -->\n\n<!-- wp:paragraph {\"fontSize\":\"normal\"} -->\n<p class=\"has-normal-font-size\"><strong>Take support to the next level.</strong></p>\n<!-- /wp:paragraph -->\n\n<!-- wp:separator {\"className\":\"is-style-wide\"} -->\n<hr class=\"wp-block-separator is-style-wide\" />\n<!-- /wp:separator -->\n\n<!-- wp:list {\"fontSize\":\"normal\"} -->\n<ul class=\"has-normal-font-size\"><li>General admission and member discounts for two adults</li><li>Five free tickets per special exhibition</li><li>Six single-use guest passes per year</li></ul>\n<!-- /wp:list -->\n\n<!-- wp:buttons {\"align\":\"full\",\"layout\":{\"type\":\"flex\",\"justifyContent\":\"center\",\"orientation\":\"horizontal\"}} -->\n<div class=\"wp-block-buttons alignfull\"><!-- wp:button {\"textColor\":\"white\",\"width\":100,\"style\":{\"color\":{\"background\":\"#000000\"},\"border\":{\"radius\":0}}} -->\n<div class=\"wp-block-button has-custom-width wp-block-button__width-100\"><a class=\"wp-block-button__link has-white-color has-text-color has-background no-border-radius\" style=\"background-color:#000000\">$400 / year</a></div>\n<!-- /wp:button --></div>\n<!-- /wp:buttons --></div>\n<!-- /wp:column --></div>\n<!-- /wp:columns -->\";}i:11;O:8:\"stdClass\":7:{s:2:\"id\";i:732;s:5:\"title\";O:8:\"stdClass\":1:{s:8:\"rendered\";s:21:\"Simple call to action\";}s:7:\"content\";O:8:\"stdClass\":2:{s:8:\"rendered\";s:896:\"\n<div class=\"wp-container-6201135e09041 wp-block-group alignfull has-text-color has-background\" style=\"background-color:#ffffff;color:#000000\"><div class=\"wp-block-group__inner-container\">\n<div style=\"height:64px\" aria-hidden=\"true\" class=\"wp-block-spacer\"></div>\n\n\n\n<p class=\"has-text-align-center has-small-font-size\" style=\"line-height:.9\"><strong>GET IN TOUCH</strong></p>\n\n\n\n<h2 class=\"has-text-align-center\" id=\"schedule-a-visit\" style=\"font-size:59px;line-height:1.15\"><strong>Schedule a Visit</strong></h2>\n\n\n\n<div class=\"wp-container-6201135e08dac wp-block-buttons\">\n<div class=\"wp-block-button has-custom-width wp-block-button__width-50\"><a class=\"wp-block-button__link has-text-color has-background\" style=\"border-radius:50px;background-color:#000000;color:#ffffff\">Contact us</a></div>\n</div>\n\n\n\n<div style=\"height:64px\" aria-hidden=\"true\" class=\"wp-block-spacer\"></div>\n</div></div>\n\";s:9:\"protected\";b:0;}s:4:\"meta\";O:8:\"stdClass\":7:{s:10:\"spay_email\";s:0:\"\";s:13:\"wpop_keywords\";s:0:\"\";s:16:\"wpop_description\";s:89:\"A container with a white background. Inside is a centered paragraph, heading, and button.\";s:19:\"wpop_viewport_width\";i:800;s:16:\"wpop_block_types\";a:0:{}s:11:\"wpop_locale\";s:5:\"en_US\";s:20:\"wpop_unlisted_reason\";s:0:\"\";}s:14:\"category_slugs\";a:2:{i:0;s:7:\"buttons\";i:1;s:8:\"featured\";}s:13:\"keyword_slugs\";a:0:{}s:15:\"pattern_content\";s:1506:\"<!-- wp:group {\"align\":\"full\",\"style\":{\"color\":{\"text\":\"#000000\",\"background\":\"#ffffff\"}}} -->\n<div class=\"wp-block-group alignfull has-text-color has-background\" style=\"background-color:#ffffff;color:#000000\"><!-- wp:spacer {\"height\":64} -->\n<div style=\"height:64px\" aria-hidden=\"true\" class=\"wp-block-spacer\"></div>\n<!-- /wp:spacer -->\n\n<!-- wp:paragraph {\"align\":\"center\",\"style\":{\"typography\":{\"lineHeight\":\".9\"}},\"fontSize\":\"small\"} -->\n<p class=\"has-text-align-center has-small-font-size\" style=\"line-height:.9\"><strong>GET IN TOUCH</strong></p>\n<!-- /wp:paragraph -->\n\n<!-- wp:heading {\"textAlign\":\"center\",\"style\":{\"typography\":{\"fontSize\":59,\"lineHeight\":\"1.15\"}}} -->\n<h2 class=\"has-text-align-center\" id=\"schedule-a-visit\" style=\"font-size:59px;line-height:1.15\"><strong>Schedule a Visit</strong></h2>\n<!-- /wp:heading -->\n\n<!-- wp:buttons {\"layout\":{\"type\":\"flex\",\"justifyContent\":\"center\",\"orientation\":\"horizontal\"}} -->\n<div class=\"wp-block-buttons\"><!-- wp:button {\"width\":50,\"style\":{\"color\":{\"background\":\"#000000\",\"text\":\"#ffffff\"},\"border\":{\"radius\":\"50px\"}}} -->\n<div class=\"wp-block-button has-custom-width wp-block-button__width-50\"><a class=\"wp-block-button__link has-text-color has-background\" style=\"border-radius:50px;background-color:#000000;color:#ffffff\">Contact us</a></div>\n<!-- /wp:button --></div>\n<!-- /wp:buttons -->\n\n<!-- wp:spacer {\"height\":64} -->\n<div style=\"height:64px\" aria-hidden=\"true\" class=\"wp-block-spacer\"></div>\n<!-- /wp:spacer --></div>\n<!-- /wp:group -->\";}i:12;O:8:\"stdClass\":7:{s:2:\"id\";i:200;s:5:\"title\";O:8:\"stdClass\":1:{s:8:\"rendered\";s:21:\"Three columns of text\";}s:7:\"content\";O:8:\"stdClass\":2:{s:8:\"rendered\";s:828:\"\n<div class=\"wp-container-6201135e09f93 wp-block-columns alignfull has-text-color has-background\" style=\"background-color:#ffffff;color:#000000\">\n<div class=\"wp-block-column\">\n<h3 style=\"font-size:24px;line-height:1.3\"><strong><a href=\"http://wordpress.org\">Virtual Tour ↗</a></strong></h3>\n\n\n\n<p>Get a virtual tour of the museum. Ideal for schools and events.</p>\n</div>\n\n\n\n<div class=\"wp-block-column\">\n<h3 style=\"font-size:24px;line-height:1.3\"><strong><a href=\"https://wordpress.org\">Current Shows ↗</a></strong></h3>\n\n\n\n<p>Stay updated and see our current exhibitions here.</p>\n</div>\n\n\n\n<div class=\"wp-block-column\">\n<h3 style=\"font-size:24px;line-height:1.3\"><strong><a href=\"https://wordpress.org\">Useful Info ↗</a></strong></h3>\n\n\n\n<p>Get to know our opening times, ticket prices and discounts.</p>\n</div>\n</div>\n\";s:9:\"protected\";b:0;}s:4:\"meta\";O:8:\"stdClass\":7:{s:10:\"spay_email\";s:0:\"\";s:13:\"wpop_keywords\";s:0:\"\";s:16:\"wpop_description\";s:22:\"Three columns of text.\";s:19:\"wpop_viewport_width\";i:1200;s:16:\"wpop_block_types\";a:0:{}s:11:\"wpop_locale\";s:5:\"en_US\";s:20:\"wpop_unlisted_reason\";s:0:\"\";}s:14:\"category_slugs\";a:3:{i:0;s:7:\"columns\";i:1;s:8:\"featured\";i:2;s:4:\"text\";}s:13:\"keyword_slugs\";a:1:{i:0;s:4:\"core\";}s:15:\"pattern_content\";s:1496:\"<!-- wp:columns {\"align\":\"full\",\"style\":{\"color\":{\"text\":\"#000000\",\"background\":\"#ffffff\"}}} -->\n<div class=\"wp-block-columns alignfull has-text-color has-background\" style=\"background-color:#ffffff;color:#000000\"><!-- wp:column -->\n<div class=\"wp-block-column\"><!-- wp:heading {\"level\":3,\"style\":{\"typography\":{\"fontSize\":\"24px\",\"lineHeight\":\"1.3\"}}} -->\n<h3 style=\"font-size:24px;line-height:1.3\"><strong><a href=\"http://wordpress.org\">Virtual Tour ↗</a></strong></h3>\n<!-- /wp:heading -->\n\n<!-- wp:paragraph -->\n<p>Get a virtual tour of the museum. Ideal for schools and events.</p>\n<!-- /wp:paragraph --></div>\n<!-- /wp:column -->\n\n<!-- wp:column -->\n<div class=\"wp-block-column\"><!-- wp:heading {\"level\":3,\"style\":{\"typography\":{\"fontSize\":\"24px\",\"lineHeight\":\"1.3\"}}} -->\n<h3 style=\"font-size:24px;line-height:1.3\"><strong><a href=\"https://wordpress.org\">Current Shows ↗</a></strong></h3>\n<!-- /wp:heading -->\n\n<!-- wp:paragraph -->\n<p>Stay updated and see our current exhibitions here.</p>\n<!-- /wp:paragraph --></div>\n<!-- /wp:column -->\n\n<!-- wp:column -->\n<div class=\"wp-block-column\"><!-- wp:heading {\"level\":3,\"style\":{\"typography\":{\"fontSize\":\"24px\",\"lineHeight\":\"1.3\"}}} -->\n<h3 style=\"font-size:24px;line-height:1.3\"><strong><a href=\"https://wordpress.org\">Useful Info ↗</a></strong></h3>\n<!-- /wp:heading -->\n\n<!-- wp:paragraph -->\n<p>Get to know our opening times, ticket prices and discounts.</p>\n<!-- /wp:paragraph --></div>\n<!-- /wp:column --></div>\n<!-- /wp:columns -->\";}i:13;O:8:\"stdClass\":7:{s:2:\"id\";i:199;s:5:\"title\";O:8:\"stdClass\":1:{s:8:\"rendered\";s:34:\"Three columns with images and text\";}s:7:\"content\";O:8:\"stdClass\":2:{s:8:\"rendered\";s:2727:\"\n<div class=\"wp-container-6201135e0b8c2 wp-block-group alignfull has-background\" style=\"background-color:#f8f4e4\"><div class=\"wp-block-group__inner-container\">\n<div class=\"wp-container-6201135e0af49 wp-block-columns alignwide\">\n<div class=\"wp-block-column\">\n<div style=\"height:100px\" aria-hidden=\"true\" class=\"wp-block-spacer\"></div>\n\n\n\n<h6 class=\"has-text-color\" style=\"color:#000000\">ECOSYSTEM</h6>\n\n\n\n<p class=\"has-text-color\" style=\"color:#000000;font-size:5vw;line-height:1.1\"><strong>Positive growth.</strong></p>\n\n\n\n<div style=\"height:5px\" aria-hidden=\"true\" class=\"wp-block-spacer\"></div>\n</div>\n</div>\n\n\n\n<div class=\"wp-container-6201135e0b2c7 wp-block-columns alignwide\">\n<div class=\"wp-block-column\" style=\"flex-basis:33.38%\">\n<p class=\"has-text-color has-extra-small-font-size\" style=\"color:#000000\"><em>Nature</em>, in the common sense, refers to essences unchanged by man; space, the air, the river, the leaf.&nbsp;<em>Art</em>&nbsp;is applied to the mixture of his will with the same things, as in a house, a canal, a statue, a picture. But his operations taken together are so insignificant, a little chipping, baking, patching, and washing, that in an impression so grand as that of the world on the human mind, they do not vary the result.</p>\n</div>\n\n\n\n<div class=\"wp-block-column\" style=\"flex-basis:33%\">\n<div style=\"height:100px\" aria-hidden=\"true\" class=\"wp-block-spacer\"></div>\n\n\n\n<figure class=\"wp-block-image size-large\"><img src=\"https://s.w.org/images/core/5.8/outside-01.jpg\" alt=\"The sun setting through a dense forest of trees.\" /></figure>\n</div>\n\n\n\n<div class=\"wp-block-column\" style=\"flex-basis:33.62%\">\n<figure class=\"wp-block-image size-large\"><img src=\"https://s.w.org/images/core/5.8/outside-02.jpg\" alt=\"Wind turbines standing on a grassy plain, against a blue sky.\" /></figure>\n</div>\n</div>\n\n\n\n<div class=\"wp-container-6201135e0b5fa wp-block-columns alignwide\">\n<div class=\"wp-block-column\" style=\"flex-basis:67%\">\n<div class=\"wp-block-image\"><figure class=\"alignright size-large\"><img src=\"https://s.w.org/images/core/5.8/outside-03.jpg\" alt=\"The sun shining over a ridge leading down into the shore. In the distance, a car drives down a road.\" /></figure></div>\n</div>\n\n\n\n<div class=\"wp-block-column is-vertically-aligned-center\" style=\"flex-basis:33%\">\n<p class=\"has-text-color has-extra-small-font-size\" style=\"color:#000000\">Undoubtedly we have no questions to ask which are unanswerable. We must trust the perfection of the creation so far, as to believe that whatever curiosity the order of things has awakened in our minds, the order of things can satisfy. Every man&#8217;s condition is a solution in hieroglyphic to those inquiries he would put.</p>\n</div>\n</div>\n</div></div>\n\";s:9:\"protected\";b:0;}s:4:\"meta\";O:8:\"stdClass\":7:{s:10:\"spay_email\";s:0:\"\";s:13:\"wpop_keywords\";s:0:\"\";s:16:\"wpop_description\";s:77:\"Three columns with images and text, with vertical spacing for an offset look.\";s:19:\"wpop_viewport_width\";i:1200;s:16:\"wpop_block_types\";a:0:{}s:11:\"wpop_locale\";s:5:\"en_US\";s:20:\"wpop_unlisted_reason\";s:0:\"\";}s:14:\"category_slugs\";a:2:{i:0;s:7:\"columns\";i:1;s:8:\"featured\";}s:13:\"keyword_slugs\";a:1:{i:0;s:4:\"core\";}s:15:\"pattern_content\";s:3980:\"<!-- wp:group {\"align\":\"full\",\"style\":{\"color\":{\"background\":\"#f8f4e4\"}}} -->\n<div class=\"wp-block-group alignfull has-background\" style=\"background-color:#f8f4e4\"><!-- wp:columns {\"align\":\"wide\"} -->\n<div class=\"wp-block-columns alignwide\"><!-- wp:column -->\n<div class=\"wp-block-column\"><!-- wp:spacer -->\n<div style=\"height:100px\" aria-hidden=\"true\" class=\"wp-block-spacer\"></div>\n<!-- /wp:spacer -->\n\n<!-- wp:heading {\"level\":6,\"style\":{\"color\":{\"text\":\"#000000\"}}} -->\n<h6 class=\"has-text-color\" style=\"color:#000000\">ECOSYSTEM</h6>\n<!-- /wp:heading -->\n\n<!-- wp:paragraph {\"style\":{\"typography\":{\"lineHeight\":\"1.1\",\"fontSize\":\"5vw\"},\"color\":{\"text\":\"#000000\"}}} -->\n<p class=\"has-text-color\" style=\"color:#000000;font-size:5vw;line-height:1.1\"><strong>Positive growth.</strong></p>\n<!-- /wp:paragraph -->\n\n<!-- wp:spacer {\"height\":5} -->\n<div style=\"height:5px\" aria-hidden=\"true\" class=\"wp-block-spacer\"></div>\n<!-- /wp:spacer --></div>\n<!-- /wp:column --></div>\n<!-- /wp:columns -->\n\n<!-- wp:columns {\"align\":\"wide\"} -->\n<div class=\"wp-block-columns alignwide\"><!-- wp:column {\"width\":\"33.38%\"} -->\n<div class=\"wp-block-column\" style=\"flex-basis:33.38%\"><!-- wp:paragraph {\"style\":{\"color\":{\"text\":\"#000000\"}},\"fontSize\":\"extra-small\"} -->\n<p class=\"has-text-color has-extra-small-font-size\" style=\"color:#000000\"><em>Nature</em>, in the common sense, refers to essences unchanged by man; space, the air, the river, the leaf.&nbsp;<em>Art</em>&nbsp;is applied to the mixture of his will with the same things, as in a house, a canal, a statue, a picture. But his operations taken together are so insignificant, a little chipping, baking, patching, and washing, that in an impression so grand as that of the world on the human mind, they do not vary the result.</p>\n<!-- /wp:paragraph --></div>\n<!-- /wp:column -->\n\n<!-- wp:column {\"width\":\"33%\"} -->\n<div class=\"wp-block-column\" style=\"flex-basis:33%\"><!-- wp:spacer -->\n<div style=\"height:100px\" aria-hidden=\"true\" class=\"wp-block-spacer\"></div>\n<!-- /wp:spacer -->\n\n<!-- wp:image {\"sizeSlug\":\"large\",\"linkDestination\":\"none\"} -->\n<figure class=\"wp-block-image size-large\"><img src=\"https://s.w.org/images/core/5.8/outside-01.jpg\" alt=\"The sun setting through a dense forest of trees.\" /></figure>\n<!-- /wp:image --></div>\n<!-- /wp:column -->\n\n<!-- wp:column {\"width\":\"33.62%\"} -->\n<div class=\"wp-block-column\" style=\"flex-basis:33.62%\"><!-- wp:image {\"sizeSlug\":\"large\",\"linkDestination\":\"none\"} -->\n<figure class=\"wp-block-image size-large\"><img src=\"https://s.w.org/images/core/5.8/outside-02.jpg\" alt=\"Wind turbines standing on a grassy plain, against a blue sky.\" /></figure>\n<!-- /wp:image --></div>\n<!-- /wp:column --></div>\n<!-- /wp:columns -->\n\n<!-- wp:columns {\"align\":\"wide\"} -->\n<div class=\"wp-block-columns alignwide\"><!-- wp:column {\"width\":\"67%\"} -->\n<div class=\"wp-block-column\" style=\"flex-basis:67%\"><!-- wp:image {\"align\":\"right\",\"sizeSlug\":\"large\",\"linkDestination\":\"none\"} -->\n<div class=\"wp-block-image\"><figure class=\"alignright size-large\"><img src=\"https://s.w.org/images/core/5.8/outside-03.jpg\" alt=\"The sun shining over a ridge leading down into the shore. In the distance, a car drives down a road.\" /></figure></div>\n<!-- /wp:image --></div>\n<!-- /wp:column -->\n\n<!-- wp:column {\"verticalAlignment\":\"center\",\"width\":\"33%\"} -->\n<div class=\"wp-block-column is-vertically-aligned-center\" style=\"flex-basis:33%\"><!-- wp:paragraph {\"style\":{\"color\":{\"text\":\"#000000\"}},\"fontSize\":\"extra-small\"} -->\n<p class=\"has-text-color has-extra-small-font-size\" style=\"color:#000000\">Undoubtedly we have no questions to ask which are unanswerable. We must trust the perfection of the creation so far, as to believe that whatever curiosity the order of things has awakened in our minds, the order of things can satisfy. Every man\'s condition is a solution in hieroglyphic to those inquiries he would put.</p>\n<!-- /wp:paragraph --></div>\n<!-- /wp:column --></div>\n<!-- /wp:columns --></div>\n<!-- /wp:group -->\";}}','no'),(711,'_site_transient_timeout_poptags_40cd750bba9870f18aada2478b24840a','1644248716','no'),(712,'_site_transient_poptags_40cd750bba9870f18aada2478b24840a','O:8:\"stdClass\":100:{s:11:\"woocommerce\";a:3:{s:4:\"name\";s:11:\"woocommerce\";s:4:\"slug\";s:11:\"woocommerce\";s:5:\"count\";i:5359;}s:6:\"widget\";a:3:{s:4:\"name\";s:6:\"widget\";s:4:\"slug\";s:6:\"widget\";s:5:\"count\";i:4782;}s:4:\"post\";a:3:{s:4:\"name\";s:4:\"post\";s:4:\"slug\";s:4:\"post\";s:5:\"count\";i:2745;}s:5:\"admin\";a:3:{s:4:\"name\";s:5:\"admin\";s:4:\"slug\";s:5:\"admin\";s:5:\"count\";i:2616;}s:5:\"posts\";a:3:{s:4:\"name\";s:5:\"posts\";s:4:\"slug\";s:5:\"posts\";s:5:\"count\";i:2024;}s:9:\"shortcode\";a:3:{s:4:\"name\";s:9:\"shortcode\";s:4:\"slug\";s:9:\"shortcode\";s:5:\"count\";i:1875;}s:8:\"comments\";a:3:{s:4:\"name\";s:8:\"comments\";s:4:\"slug\";s:8:\"comments\";s:5:\"count\";i:1867;}s:3:\"seo\";a:3:{s:4:\"name\";s:3:\"seo\";s:4:\"slug\";s:3:\"seo\";s:5:\"count\";i:1551;}s:6:\"images\";a:3:{s:4:\"name\";s:6:\"images\";s:4:\"slug\";s:6:\"images\";s:5:\"count\";i:1540;}s:6:\"google\";a:3:{s:4:\"name\";s:6:\"google\";s:4:\"slug\";s:6:\"google\";s:5:\"count\";i:1517;}s:5:\"image\";a:3:{s:4:\"name\";s:5:\"image\";s:4:\"slug\";s:5:\"image\";s:5:\"count\";i:1511;}s:7:\"twitter\";a:3:{s:4:\"name\";s:7:\"twitter\";s:4:\"slug\";s:7:\"twitter\";s:5:\"count\";i:1504;}s:8:\"facebook\";a:3:{s:4:\"name\";s:8:\"facebook\";s:4:\"slug\";s:8:\"facebook\";s:5:\"count\";i:1485;}s:9:\"ecommerce\";a:3:{s:4:\"name\";s:9:\"ecommerce\";s:4:\"slug\";s:9:\"ecommerce\";s:5:\"count\";i:1340;}s:7:\"sidebar\";a:3:{s:4:\"name\";s:7:\"sidebar\";s:4:\"slug\";s:7:\"sidebar\";s:5:\"count\";i:1313;}s:5:\"email\";a:3:{s:4:\"name\";s:5:\"email\";s:4:\"slug\";s:5:\"email\";s:5:\"count\";i:1307;}s:7:\"gallery\";a:3:{s:4:\"name\";s:7:\"gallery\";s:4:\"slug\";s:7:\"gallery\";s:5:\"count\";i:1248;}s:4:\"page\";a:3:{s:4:\"name\";s:4:\"page\";s:4:\"slug\";s:4:\"page\";s:5:\"count\";i:1167;}s:6:\"social\";a:3:{s:4:\"name\";s:6:\"social\";s:4:\"slug\";s:6:\"social\";s:5:\"count\";i:1138;}s:5:\"login\";a:3:{s:4:\"name\";s:5:\"login\";s:4:\"slug\";s:5:\"login\";s:5:\"count\";i:1087;}s:8:\"security\";a:3:{s:4:\"name\";s:8:\"security\";s:4:\"slug\";s:8:\"security\";s:5:\"count\";i:991;}s:5:\"video\";a:3:{s:4:\"name\";s:5:\"video\";s:4:\"slug\";s:5:\"video\";s:5:\"count\";i:950;}s:10:\"e-commerce\";a:3:{s:4:\"name\";s:10:\"e-commerce\";s:4:\"slug\";s:10:\"e-commerce\";s:5:\"count\";i:931;}s:7:\"widgets\";a:3:{s:4:\"name\";s:7:\"widgets\";s:4:\"slug\";s:7:\"widgets\";s:5:\"count\";i:927;}s:5:\"links\";a:3:{s:4:\"name\";s:5:\"links\";s:4:\"slug\";s:5:\"links\";s:5:\"count\";i:891;}s:4:\"spam\";a:3:{s:4:\"name\";s:4:\"spam\";s:4:\"slug\";s:4:\"spam\";s:5:\"count\";i:849;}s:7:\"content\";a:3:{s:4:\"name\";s:7:\"content\";s:4:\"slug\";s:7:\"content\";s:5:\"count\";i:835;}s:9:\"analytics\";a:3:{s:4:\"name\";s:9:\"analytics\";s:4:\"slug\";s:9:\"analytics\";s:5:\"count\";i:832;}s:6:\"slider\";a:3:{s:4:\"name\";s:6:\"slider\";s:4:\"slug\";s:6:\"slider\";s:5:\"count\";i:829;}s:4:\"form\";a:3:{s:4:\"name\";s:4:\"form\";s:4:\"slug\";s:4:\"form\";s:5:\"count\";i:818;}s:10:\"buddypress\";a:3:{s:4:\"name\";s:10:\"buddypress\";s:4:\"slug\";s:10:\"buddypress\";s:5:\"count\";i:771;}s:5:\"media\";a:3:{s:4:\"name\";s:5:\"media\";s:4:\"slug\";s:5:\"media\";s:5:\"count\";i:766;}s:7:\"payment\";a:3:{s:4:\"name\";s:7:\"payment\";s:4:\"slug\";s:7:\"payment\";s:5:\"count\";i:762;}s:6:\"search\";a:3:{s:4:\"name\";s:6:\"search\";s:4:\"slug\";s:6:\"search\";s:5:\"count\";i:746;}s:6:\"editor\";a:3:{s:4:\"name\";s:6:\"editor\";s:4:\"slug\";s:6:\"editor\";s:5:\"count\";i:742;}s:3:\"rss\";a:3:{s:4:\"name\";s:3:\"rss\";s:4:\"slug\";s:3:\"rss\";s:5:\"count\";i:728;}s:5:\"pages\";a:3:{s:4:\"name\";s:5:\"pages\";s:4:\"slug\";s:5:\"pages\";s:5:\"count\";i:719;}s:9:\"gutenberg\";a:3:{s:4:\"name\";s:9:\"gutenberg\";s:4:\"slug\";s:9:\"gutenberg\";s:5:\"count\";i:706;}s:4:\"menu\";a:3:{s:4:\"name\";s:4:\"menu\";s:4:\"slug\";s:4:\"menu\";s:5:\"count\";i:702;}s:12:\"contact-form\";a:3:{s:4:\"name\";s:12:\"contact form\";s:4:\"slug\";s:12:\"contact-form\";s:5:\"count\";i:684;}s:15:\"payment-gateway\";a:3:{s:4:\"name\";s:15:\"payment gateway\";s:4:\"slug\";s:15:\"payment-gateway\";s:5:\"count\";i:676;}s:5:\"embed\";a:3:{s:4:\"name\";s:5:\"embed\";s:4:\"slug\";s:5:\"embed\";s:5:\"count\";i:671;}s:4:\"feed\";a:3:{s:4:\"name\";s:4:\"feed\";s:4:\"slug\";s:4:\"feed\";s:5:\"count\";i:671;}s:8:\"category\";a:3:{s:4:\"name\";s:8:\"category\";s:4:\"slug\";s:8:\"category\";s:5:\"count\";i:667;}s:6:\"jquery\";a:3:{s:4:\"name\";s:6:\"jquery\";s:4:\"slug\";s:6:\"jquery\";s:5:\"count\";i:667;}s:4:\"ajax\";a:3:{s:4:\"name\";s:4:\"ajax\";s:4:\"slug\";s:4:\"ajax\";s:5:\"count\";i:658;}s:7:\"youtube\";a:3:{s:4:\"name\";s:7:\"youtube\";s:4:\"slug\";s:7:\"youtube\";s:5:\"count\";i:609;}s:3:\"css\";a:3:{s:4:\"name\";s:3:\"css\";s:4:\"slug\";s:3:\"css\";s:5:\"count\";i:606;}s:5:\"block\";a:3:{s:4:\"name\";s:5:\"block\";s:4:\"slug\";s:5:\"block\";s:5:\"count\";i:604;}s:4:\"link\";a:3:{s:4:\"name\";s:4:\"link\";s:4:\"slug\";s:4:\"link\";s:5:\"count\";i:598;}s:10:\"javascript\";a:3:{s:4:\"name\";s:10:\"javascript\";s:4:\"slug\";s:10:\"javascript\";s:5:\"count\";i:595;}s:9:\"elementor\";a:3:{s:4:\"name\";s:9:\"elementor\";s:4:\"slug\";s:9:\"elementor\";s:5:\"count\";i:592;}s:9:\"affiliate\";a:3:{s:4:\"name\";s:9:\"affiliate\";s:4:\"slug\";s:9:\"affiliate\";s:5:\"count\";i:587;}s:5:\"share\";a:3:{s:4:\"name\";s:5:\"share\";s:4:\"slug\";s:5:\"share\";s:5:\"count\";i:579;}s:10:\"responsive\";a:3:{s:4:\"name\";s:10:\"responsive\";s:4:\"slug\";s:10:\"responsive\";s:5:\"count\";i:574;}s:3:\"api\";a:3:{s:4:\"name\";s:3:\"api\";s:4:\"slug\";s:3:\"api\";s:5:\"count\";i:572;}s:9:\"dashboard\";a:3:{s:4:\"name\";s:9:\"dashboard\";s:4:\"slug\";s:9:\"dashboard\";s:5:\"count\";i:572;}s:5:\"theme\";a:3:{s:4:\"name\";s:5:\"theme\";s:4:\"slug\";s:5:\"theme\";s:5:\"count\";i:569;}s:7:\"contact\";a:3:{s:4:\"name\";s:7:\"contact\";s:4:\"slug\";s:7:\"contact\";s:5:\"count\";i:565;}s:7:\"comment\";a:3:{s:4:\"name\";s:7:\"comment\";s:4:\"slug\";s:7:\"comment\";s:5:\"count\";i:561;}s:3:\"ads\";a:3:{s:4:\"name\";s:3:\"ads\";s:4:\"slug\";s:3:\"ads\";s:5:\"count\";i:553;}s:6:\"custom\";a:3:{s:4:\"name\";s:6:\"custom\";s:4:\"slug\";s:6:\"custom\";s:5:\"count\";i:545;}s:10:\"categories\";a:3:{s:4:\"name\";s:10:\"categories\";s:4:\"slug\";s:10:\"categories\";s:5:\"count\";i:536;}s:4:\"user\";a:3:{s:4:\"name\";s:4:\"user\";s:4:\"slug\";s:4:\"user\";s:5:\"count\";i:526;}s:6:\"events\";a:3:{s:4:\"name\";s:6:\"events\";s:4:\"slug\";s:6:\"events\";s:5:\"count\";i:521;}s:6:\"button\";a:3:{s:4:\"name\";s:6:\"button\";s:4:\"slug\";s:6:\"button\";s:5:\"count\";i:520;}s:9:\"marketing\";a:3:{s:4:\"name\";s:9:\"marketing\";s:4:\"slug\";s:9:\"marketing\";s:5:\"count\";i:515;}s:4:\"tags\";a:3:{s:4:\"name\";s:4:\"tags\";s:4:\"slug\";s:4:\"tags\";s:5:\"count\";i:505;}s:6:\"mobile\";a:3:{s:4:\"name\";s:6:\"mobile\";s:4:\"slug\";s:6:\"mobile\";s:5:\"count\";i:504;}s:4:\"chat\";a:3:{s:4:\"name\";s:4:\"chat\";s:4:\"slug\";s:4:\"chat\";s:5:\"count\";i:503;}s:8:\"shipping\";a:3:{s:4:\"name\";s:8:\"shipping\";s:4:\"slug\";s:8:\"shipping\";s:5:\"count\";i:498;}s:5:\"popup\";a:3:{s:4:\"name\";s:5:\"popup\";s:4:\"slug\";s:5:\"popup\";s:5:\"count\";i:491;}s:5:\"users\";a:3:{s:4:\"name\";s:5:\"users\";s:4:\"slug\";s:5:\"users\";s:5:\"count\";i:490;}s:5:\"forms\";a:3:{s:4:\"name\";s:5:\"forms\";s:4:\"slug\";s:5:\"forms\";s:5:\"count\";i:484;}s:14:\"contact-form-7\";a:3:{s:4:\"name\";s:14:\"contact form 7\";s:4:\"slug\";s:14:\"contact-form-7\";s:5:\"count\";i:484;}s:8:\"calendar\";a:3:{s:4:\"name\";s:8:\"calendar\";s:4:\"slug\";s:8:\"calendar\";s:5:\"count\";i:479;}s:10:\"newsletter\";a:3:{s:4:\"name\";s:10:\"newsletter\";s:4:\"slug\";s:10:\"newsletter\";s:5:\"count\";i:456;}s:10:\"navigation\";a:3:{s:4:\"name\";s:10:\"navigation\";s:4:\"slug\";s:10:\"navigation\";s:5:\"count\";i:452;}s:5:\"photo\";a:3:{s:4:\"name\";s:5:\"photo\";s:4:\"slug\";s:5:\"photo\";s:5:\"count\";i:451;}s:9:\"slideshow\";a:3:{s:4:\"name\";s:9:\"slideshow\";s:4:\"slug\";s:9:\"slideshow\";s:5:\"count\";i:444;}s:5:\"stats\";a:3:{s:4:\"name\";s:5:\"stats\";s:4:\"slug\";s:5:\"stats\";s:5:\"count\";i:438;}s:11:\"performance\";a:3:{s:4:\"name\";s:11:\"performance\";s:4:\"slug\";s:11:\"performance\";s:5:\"count\";i:434;}s:10:\"statistics\";a:3:{s:4:\"name\";s:10:\"statistics\";s:4:\"slug\";s:10:\"statistics\";s:5:\"count\";i:429;}s:6:\"photos\";a:3:{s:4:\"name\";s:6:\"photos\";s:4:\"slug\";s:6:\"photos\";s:5:\"count\";i:426;}s:12:\"social-media\";a:3:{s:4:\"name\";s:12:\"social media\";s:4:\"slug\";s:12:\"social-media\";s:5:\"count\";i:416;}s:8:\"redirect\";a:3:{s:4:\"name\";s:8:\"redirect\";s:4:\"slug\";s:8:\"redirect\";s:5:\"count\";i:416;}s:4:\"news\";a:3:{s:4:\"name\";s:4:\"news\";s:4:\"slug\";s:4:\"news\";s:5:\"count\";i:409;}s:12:\"notification\";a:3:{s:4:\"name\";s:12:\"notification\";s:4:\"slug\";s:12:\"notification\";s:5:\"count\";i:407;}s:10:\"shortcodes\";a:3:{s:4:\"name\";s:10:\"shortcodes\";s:4:\"slug\";s:10:\"shortcodes\";s:5:\"count\";i:405;}s:6:\"blocks\";a:3:{s:4:\"name\";s:6:\"blocks\";s:4:\"slug\";s:6:\"blocks\";s:5:\"count\";i:394;}s:8:\"tracking\";a:3:{s:4:\"name\";s:8:\"tracking\";s:4:\"slug\";s:8:\"tracking\";s:5:\"count\";i:392;}s:7:\"plugins\";a:3:{s:4:\"name\";s:7:\"plugins\";s:4:\"slug\";s:7:\"plugins\";s:5:\"count\";i:392;}s:4:\"code\";a:3:{s:4:\"name\";s:4:\"code\";s:4:\"slug\";s:4:\"code\";s:5:\"count\";i:392;}s:6:\"import\";a:3:{s:4:\"name\";s:6:\"import\";s:4:\"slug\";s:6:\"import\";s:5:\"count\";i:389;}s:9:\"multisite\";a:3:{s:4:\"name\";s:9:\"multisite\";s:4:\"slug\";s:9:\"multisite\";s:5:\"count\";i:387;}s:3:\"url\";a:3:{s:4:\"name\";s:3:\"url\";s:4:\"slug\";s:3:\"url\";s:5:\"count\";i:384;}s:4:\"meta\";a:3:{s:4:\"name\";s:4:\"meta\";s:4:\"slug\";s:4:\"meta\";s:5:\"count\";i:378;}s:4:\"list\";a:3:{s:4:\"name\";s:4:\"list\";s:4:\"slug\";s:4:\"list\";s:5:\"count\";i:374;}s:7:\"gateway\";a:3:{s:4:\"name\";s:7:\"gateway\";s:4:\"slug\";s:7:\"gateway\";s:5:\"count\";i:369;}s:16:\"google-analytics\";a:3:{s:4:\"name\";s:16:\"google analytics\";s:4:\"slug\";s:16:\"google-analytics\";s:5:\"count\";i:366;}}','no'),(736,'_site_transient_timeout_community-events-ac0f4115b32081764d7016d0a546230a','1644297033','no'),(737,'_site_transient_community-events-ac0f4115b32081764d7016d0a546230a','a:4:{s:9:\"sandboxed\";b:0;s:5:\"error\";N;s:8:\"location\";a:1:{s:2:\"ip\";s:12:\"83.135.240.0\";}s:6:\"events\";a:0:{}}','no'),(892,'mediorbis-base-theme-options','a:9:{s:15:\"contact-address\";s:77:\"<b>Klinik am Schloss GmbH</b><br>\nIn den Burgwiesen 3<br>\nD-72488 Sigmaringen\";s:13:\"contact-email\";s:25:\"info@klinik-am-schloss.de\";s:13:\"contact-phone\";s:19:\"+49 (0)7571-749 850\";s:11:\"contact-fax\";s:19:\"+49 (0)7571-749 928\";s:14:\"scheduling-url\";s:55:\"https://klinik-am-schloss.de/kontakt-videosprechstunde/\";s:22:\"video-conferencing-url\";s:55:\"https://klinik-am-schloss.de/kontakt-videosprechstunde/\";s:25:\"footer-content-block-slug\";s:6:\"footer\";s:26:\"sticky-toc-on-all-articles\";a:3:{s:7:\"enabled\";b:1;s:13:\"add-numbering\";b:1;s:8:\"headings\";s:18:\"h2, h3, h4, h5, h6\";}s:19:\"add-ids-to-headings\";b:1;}','yes'),(893,'klinik-am-schloss-theme-options','a:13:{s:10:\"open-mo-th\";s:13:\"08:00 - 18:00\";s:7:\"open-fr\";s:13:\"08:00 - 14:00\";s:19:\"google-maps-api-key\";s:39:\"AIzaSyALdPEECE5pGzSn97tXnVzgdmMrXQRwoQs\";s:14:\"google-maps-id\";s:16:\"72389e2ecfe163a5\";s:12:\"fachbereiche\";s:141:\"Zahnärztliche Kontrolle\nProfessionelle Zahnreinigung\nZahnimplantate\nLaserzahnheilkunde\nInvisalign\nZahnaufhellung\nVideosprechstunde\nSonstiges\";s:11:\"video-block\";s:3:\"493\";s:16:\"header-video-url\";s:39:\"/wp-content/uploads/kas-intro-video.mp4\";s:8:\"location\";s:11:\"Sigmaringen\";s:5:\"title\";s:31:\"Klinik am Schloss - Sigmaringen\";s:8:\"subtitle\";s:35:\"Zahnklinik für Implantate und mehr\";s:7:\"map-url\";s:37:\"https://goo.gl/maps/jhvBCdLjDLLUFKHC6\";s:10:\"main-color\";s:7:\"#b21e3e\";s:13:\"logo-negative\";s:71:\"https://klinik-am-schloss.de/wp-content/uploads/sigmaringen-negativ.svg\";}','yes'),(894,'site_logo','89','yes'),(899,'recovery_keys','a:0:{}','yes'),(902,'https_detection_errors','a:0:{}','yes'),(904,'_site_transient_timeout_theme_roots','1644776111','no'),(905,'_site_transient_theme_roots','a:2:{s:17:\"klinik-am-schloss\";s:7:\"/themes\";s:14:\"mediorbis-base\";s:7:\"/themes\";}','no'),(906,'upload_space_check_disabled','1','no'),(909,'wpseo_ryte','a:2:{s:6:\"status\";i:0;s:10:\"last_fetch\";i:1648856782;}','yes'),(911,'finished_updating_comment_type','1','yes'),(912,'_site_transient_timeout_php_check_9236ad8f2e178e4ce7b4ef5302b7fae9','1645378688','no'),(913,'_site_transient_php_check_9236ad8f2e178e4ce7b4ef5302b7fae9','a:5:{s:19:\"recommended_version\";s:3:\"7.4\";s:15:\"minimum_version\";s:6:\"5.6.20\";s:12:\"is_supported\";b:1;s:9:\"is_secure\";b:1;s:13:\"is_acceptable\";b:1;}','no'),(914,'_transient_health-check-site-status-result','{\"good\":14,\"recommended\":4,\"critical\":1}','yes'),(916,'active_sitewide_plugins','a:13:{s:51:\"all-in-one-wp-security-and-firewall/wp-security.php\";i:1644773975;s:47:\"clean-image-filenames/clean-image-filenames.php\";i:1644774289;s:32:\"duplicate-page/duplicatepage.php\";i:1644774289;s:45:\"enable-media-replace/enable-media-replace.php\";i:1644774289;s:23:\"loco-translate/loco.php\";i:1644774289;s:45:\"rewrite-flush-button/rewrite-flush-button.php\";i:1644774289;s:19:\"shariff/shariff.php\";i:1644774289;s:27:\"svg-support/svg-support.php\";i:1644774289;s:33:\"user-switching/user-switching.php\";i:1644774289;s:33:\"w3-total-cache/w3-total-cache.php\";i:1644774289;s:29:\"webp-express/webp-express.php\";i:1644774289;s:24:\"wordpress-seo/wp-seo.php\";i:1644774289;s:33:\"borlabs-cookie/borlabs-cookie.php\";i:1644774311;}','no'),(923,'_site_transient_timeout_browser_5a6685834b836ee3fba4947a45c8c0ac','1645378870','no'),(924,'_site_transient_browser_5a6685834b836ee3fba4947a45c8c0ac','a:10:{s:4:\"name\";s:6:\"Chrome\";s:7:\"version\";s:12:\"98.0.4758.82\";s:8:\"platform\";s:7:\"Windows\";s:10:\"update_url\";s:29:\"https://www.google.com/chrome\";s:7:\"img_src\";s:43:\"http://s.w.org/images/browsers/chrome.png?1\";s:11:\"img_src_ssl\";s:44:\"https://s.w.org/images/browsers/chrome.png?1\";s:15:\"current_version\";s:2:\"18\";s:7:\"upgrade\";b:0;s:8:\"insecure\";b:0;s:6:\"mobile\";b:0;}','no'),(925,'_site_transient_timeout_community-events-7c57790aedf818997314829aa8d05aff','1644817271','no'),(926,'_site_transient_community-events-7c57790aedf818997314829aa8d05aff','a:4:{s:9:\"sandboxed\";b:0;s:5:\"error\";N;s:8:\"location\";a:1:{s:2:\"ip\";s:11:\"88.130.59.0\";}s:6:\"events\";a:2:{i:0;a:10:{s:4:\"type\";s:8:\"wordcamp\";s:5:\"title\";s:27:\"WordCamp Prague 2022 Online\";s:3:\"url\";s:33:\"https://prague.wordcamp.org/2022/\";s:6:\"meetup\";N;s:10:\"meetup_url\";N;s:4:\"date\";s:19:\"2022-02-26 09:15:00\";s:8:\"end_date\";s:19:\"2022-02-26 09:15:00\";s:20:\"start_unix_timestamp\";i:1645863300;s:18:\"end_unix_timestamp\";i:1645863300;s:8:\"location\";a:4:{s:8:\"location\";s:6:\"Online\";s:7:\"country\";s:2:\"CZ\";s:8:\"latitude\";d:50.0755381;s:9:\"longitude\";d:14.4378005;}}i:1;a:10:{s:4:\"type\";s:8:\"wordcamp\";s:5:\"title\";s:16:\"WordCamp Genève\";s:3:\"url\";s:33:\"https://geneve.wordcamp.org/2022/\";s:6:\"meetup\";N;s:10:\"meetup_url\";N;s:4:\"date\";s:19:\"2022-04-09 09:00:00\";s:8:\"end_date\";s:19:\"2022-04-09 09:00:00\";s:20:\"start_unix_timestamp\";i:1649487600;s:18:\"end_unix_timestamp\";i:1649487600;s:8:\"location\";a:4:{s:8:\"location\";s:15:\"Genève, Suisse\";s:7:\"country\";s:2:\"CH\";s:8:\"latitude\";d:46.2206685;s:9:\"longitude\";d:6.0985835;}}}}','no'),(962,'_site_transient_update_plugins','O:8:\"stdClass\":4:{s:12:\"last_checked\";i:1644774365;s:8:\"response\";a:0:{}s:12:\"translations\";a:0:{}s:9:\"no_update\";a:11:{s:47:\"clean-image-filenames/clean-image-filenames.php\";O:8:\"stdClass\":10:{s:2:\"id\";s:35:\"w.org/plugins/clean-image-filenames\";s:4:\"slug\";s:21:\"clean-image-filenames\";s:6:\"plugin\";s:47:\"clean-image-filenames/clean-image-filenames.php\";s:11:\"new_version\";s:3:\"1.3\";s:3:\"url\";s:52:\"https://wordpress.org/plugins/clean-image-filenames/\";s:7:\"package\";s:68:\"https://downloads.wordpress.org/plugin/clean-image-filenames.1.3.zip\";s:5:\"icons\";a:2:{s:2:\"2x\";s:74:\"https://ps.w.org/clean-image-filenames/assets/icon-256x256.png?rev=1001365\";s:2:\"1x\";s:74:\"https://ps.w.org/clean-image-filenames/assets/icon-256x256.png?rev=1001365\";}s:7:\"banners\";a:2:{s:2:\"2x\";s:77:\"https://ps.w.org/clean-image-filenames/assets/banner-1544x500.png?rev=1001368\";s:2:\"1x\";s:76:\"https://ps.w.org/clean-image-filenames/assets/banner-772x250.png?rev=1001368\";}s:11:\"banners_rtl\";a:0:{}s:8:\"requires\";s:3:\"2.9\";}s:32:\"duplicate-page/duplicatepage.php\";O:8:\"stdClass\":10:{s:2:\"id\";s:28:\"w.org/plugins/duplicate-page\";s:4:\"slug\";s:14:\"duplicate-page\";s:6:\"plugin\";s:32:\"duplicate-page/duplicatepage.php\";s:11:\"new_version\";s:5:\"4.4.8\";s:3:\"url\";s:45:\"https://wordpress.org/plugins/duplicate-page/\";s:7:\"package\";s:57:\"https://downloads.wordpress.org/plugin/duplicate-page.zip\";s:5:\"icons\";a:1:{s:2:\"1x\";s:67:\"https://ps.w.org/duplicate-page/assets/icon-128x128.jpg?rev=1412874\";}s:7:\"banners\";a:1:{s:2:\"1x\";s:69:\"https://ps.w.org/duplicate-page/assets/banner-772x250.jpg?rev=1410328\";}s:11:\"banners_rtl\";a:0:{}s:8:\"requires\";s:3:\"3.4\";}s:45:\"enable-media-replace/enable-media-replace.php\";O:8:\"stdClass\":10:{s:2:\"id\";s:34:\"w.org/plugins/enable-media-replace\";s:4:\"slug\";s:20:\"enable-media-replace\";s:6:\"plugin\";s:45:\"enable-media-replace/enable-media-replace.php\";s:11:\"new_version\";s:5:\"3.6.3\";s:3:\"url\";s:51:\"https://wordpress.org/plugins/enable-media-replace/\";s:7:\"package\";s:69:\"https://downloads.wordpress.org/plugin/enable-media-replace.3.6.3.zip\";s:5:\"icons\";a:2:{s:2:\"2x\";s:73:\"https://ps.w.org/enable-media-replace/assets/icon-256x256.png?rev=1940728\";s:2:\"1x\";s:73:\"https://ps.w.org/enable-media-replace/assets/icon-128x128.png?rev=1940728\";}s:7:\"banners\";a:2:{s:2:\"2x\";s:76:\"https://ps.w.org/enable-media-replace/assets/banner-1544x500.png?rev=2322194\";s:2:\"1x\";s:75:\"https://ps.w.org/enable-media-replace/assets/banner-772x250.png?rev=2322194\";}s:11:\"banners_rtl\";a:0:{}s:8:\"requires\";s:5:\"4.9.7\";}s:23:\"loco-translate/loco.php\";O:8:\"stdClass\":10:{s:2:\"id\";s:28:\"w.org/plugins/loco-translate\";s:4:\"slug\";s:14:\"loco-translate\";s:6:\"plugin\";s:23:\"loco-translate/loco.php\";s:11:\"new_version\";s:5:\"2.5.8\";s:3:\"url\";s:45:\"https://wordpress.org/plugins/loco-translate/\";s:7:\"package\";s:63:\"https://downloads.wordpress.org/plugin/loco-translate.2.5.8.zip\";s:5:\"icons\";a:2:{s:2:\"2x\";s:67:\"https://ps.w.org/loco-translate/assets/icon-256x256.png?rev=1000676\";s:2:\"1x\";s:67:\"https://ps.w.org/loco-translate/assets/icon-128x128.png?rev=1000676\";}s:7:\"banners\";a:1:{s:2:\"1x\";s:68:\"https://ps.w.org/loco-translate/assets/banner-772x250.jpg?rev=745046\";}s:11:\"banners_rtl\";a:0:{}s:8:\"requires\";s:3:\"4.1\";}s:45:\"rewrite-flush-button/rewrite-flush-button.php\";O:8:\"stdClass\":10:{s:2:\"id\";s:34:\"w.org/plugins/rewrite-flush-button\";s:4:\"slug\";s:20:\"rewrite-flush-button\";s:6:\"plugin\";s:45:\"rewrite-flush-button/rewrite-flush-button.php\";s:11:\"new_version\";s:3:\"1.0\";s:3:\"url\";s:51:\"https://wordpress.org/plugins/rewrite-flush-button/\";s:7:\"package\";s:63:\"https://downloads.wordpress.org/plugin/rewrite-flush-button.zip\";s:5:\"icons\";a:1:{s:7:\"default\";s:71:\"https://s.w.org/plugins/geopattern-icon/rewrite-flush-button_515151.svg\";}s:7:\"banners\";a:2:{s:2:\"2x\";s:75:\"https://ps.w.org/rewrite-flush-button/assets/banner-1544x500.png?rev=724724\";s:2:\"1x\";s:74:\"https://ps.w.org/rewrite-flush-button/assets/banner-772x250.png?rev=724724\";}s:11:\"banners_rtl\";a:0:{}s:8:\"requires\";s:3:\"3.1\";}s:19:\"shariff/shariff.php\";O:8:\"stdClass\":10:{s:2:\"id\";s:21:\"w.org/plugins/shariff\";s:4:\"slug\";s:7:\"shariff\";s:6:\"plugin\";s:19:\"shariff/shariff.php\";s:11:\"new_version\";s:5:\"4.6.7\";s:3:\"url\";s:38:\"https://wordpress.org/plugins/shariff/\";s:7:\"package\";s:56:\"https://downloads.wordpress.org/plugin/shariff.4.6.7.zip\";s:5:\"icons\";a:3:{s:2:\"2x\";s:60:\"https://ps.w.org/shariff/assets/icon-256x256.png?rev=2006307\";s:2:\"1x\";s:52:\"https://ps.w.org/shariff/assets/icon.svg?rev=2006307\";s:3:\"svg\";s:52:\"https://ps.w.org/shariff/assets/icon.svg?rev=2006307\";}s:7:\"banners\";a:2:{s:2:\"2x\";s:63:\"https://ps.w.org/shariff/assets/banner-1544x500.png?rev=2006307\";s:2:\"1x\";s:62:\"https://ps.w.org/shariff/assets/banner-772x250.png?rev=2006307\";}s:11:\"banners_rtl\";a:0:{}s:8:\"requires\";s:3:\"4.9\";}s:27:\"svg-support/svg-support.php\";O:8:\"stdClass\":10:{s:2:\"id\";s:25:\"w.org/plugins/svg-support\";s:4:\"slug\";s:11:\"svg-support\";s:6:\"plugin\";s:27:\"svg-support/svg-support.php\";s:11:\"new_version\";s:5:\"2.4.2\";s:3:\"url\";s:42:\"https://wordpress.org/plugins/svg-support/\";s:7:\"package\";s:60:\"https://downloads.wordpress.org/plugin/svg-support.2.4.2.zip\";s:5:\"icons\";a:3:{s:2:\"2x\";s:64:\"https://ps.w.org/svg-support/assets/icon-256x256.png?rev=1417738\";s:2:\"1x\";s:56:\"https://ps.w.org/svg-support/assets/icon.svg?rev=1417738\";s:3:\"svg\";s:56:\"https://ps.w.org/svg-support/assets/icon.svg?rev=1417738\";}s:7:\"banners\";a:2:{s:2:\"2x\";s:67:\"https://ps.w.org/svg-support/assets/banner-1544x500.jpg?rev=1215377\";s:2:\"1x\";s:66:\"https://ps.w.org/svg-support/assets/banner-772x250.jpg?rev=1215377\";}s:11:\"banners_rtl\";a:0:{}s:8:\"requires\";s:3:\"4.8\";}s:33:\"user-switching/user-switching.php\";O:8:\"stdClass\":10:{s:2:\"id\";s:28:\"w.org/plugins/user-switching\";s:4:\"slug\";s:14:\"user-switching\";s:6:\"plugin\";s:33:\"user-switching/user-switching.php\";s:11:\"new_version\";s:5:\"1.5.8\";s:3:\"url\";s:45:\"https://wordpress.org/plugins/user-switching/\";s:7:\"package\";s:63:\"https://downloads.wordpress.org/plugin/user-switching.1.5.8.zip\";s:5:\"icons\";a:3:{s:2:\"2x\";s:67:\"https://ps.w.org/user-switching/assets/icon-256x256.png?rev=2204931\";s:2:\"1x\";s:59:\"https://ps.w.org/user-switching/assets/icon.svg?rev=2032062\";s:3:\"svg\";s:59:\"https://ps.w.org/user-switching/assets/icon.svg?rev=2032062\";}s:7:\"banners\";a:2:{s:2:\"2x\";s:70:\"https://ps.w.org/user-switching/assets/banner-1544x500.png?rev=2204929\";s:2:\"1x\";s:69:\"https://ps.w.org/user-switching/assets/banner-772x250.png?rev=2204929\";}s:11:\"banners_rtl\";a:0:{}s:8:\"requires\";s:3:\"3.7\";}s:33:\"w3-total-cache/w3-total-cache.php\";O:8:\"stdClass\":10:{s:2:\"id\";s:28:\"w.org/plugins/w3-total-cache\";s:4:\"slug\";s:14:\"w3-total-cache\";s:6:\"plugin\";s:33:\"w3-total-cache/w3-total-cache.php\";s:11:\"new_version\";s:5:\"2.2.1\";s:3:\"url\";s:45:\"https://wordpress.org/plugins/w3-total-cache/\";s:7:\"package\";s:63:\"https://downloads.wordpress.org/plugin/w3-total-cache.2.2.1.zip\";s:5:\"icons\";a:2:{s:2:\"2x\";s:67:\"https://ps.w.org/w3-total-cache/assets/icon-256x256.png?rev=1041806\";s:2:\"1x\";s:67:\"https://ps.w.org/w3-total-cache/assets/icon-128x128.png?rev=1041806\";}s:7:\"banners\";a:1:{s:2:\"1x\";s:69:\"https://ps.w.org/w3-total-cache/assets/banner-772x250.jpg?rev=1041806\";}s:11:\"banners_rtl\";a:0:{}s:8:\"requires\";s:3:\"3.8\";}s:29:\"webp-express/webp-express.php\";O:8:\"stdClass\":10:{s:2:\"id\";s:26:\"w.org/plugins/webp-express\";s:4:\"slug\";s:12:\"webp-express\";s:6:\"plugin\";s:29:\"webp-express/webp-express.php\";s:11:\"new_version\";s:6:\"0.25.0\";s:3:\"url\";s:43:\"https://wordpress.org/plugins/webp-express/\";s:7:\"package\";s:62:\"https://downloads.wordpress.org/plugin/webp-express.0.25.1.zip\";s:5:\"icons\";a:3:{s:2:\"2x\";s:65:\"https://ps.w.org/webp-express/assets/icon-256x256.png?rev=1918288\";s:2:\"1x\";s:57:\"https://ps.w.org/webp-express/assets/icon.svg?rev=1918288\";s:3:\"svg\";s:57:\"https://ps.w.org/webp-express/assets/icon.svg?rev=1918288\";}s:7:\"banners\";a:1:{s:2:\"1x\";s:67:\"https://ps.w.org/webp-express/assets/banner-772x250.jpg?rev=1918288\";}s:11:\"banners_rtl\";a:0:{}s:8:\"requires\";s:3:\"4.0\";}s:24:\"wordpress-seo/wp-seo.php\";O:8:\"stdClass\":10:{s:2:\"id\";s:27:\"w.org/plugins/wordpress-seo\";s:4:\"slug\";s:13:\"wordpress-seo\";s:6:\"plugin\";s:24:\"wordpress-seo/wp-seo.php\";s:11:\"new_version\";s:4:\"18.1\";s:3:\"url\";s:44:\"https://wordpress.org/plugins/wordpress-seo/\";s:7:\"package\";s:61:\"https://downloads.wordpress.org/plugin/wordpress-seo.18.1.zip\";s:5:\"icons\";a:3:{s:2:\"2x\";s:66:\"https://ps.w.org/wordpress-seo/assets/icon-256x256.png?rev=2643727\";s:2:\"1x\";s:58:\"https://ps.w.org/wordpress-seo/assets/icon.svg?rev=2363699\";s:3:\"svg\";s:58:\"https://ps.w.org/wordpress-seo/assets/icon.svg?rev=2363699\";}s:7:\"banners\";a:2:{s:2:\"2x\";s:69:\"https://ps.w.org/wordpress-seo/assets/banner-1544x500.png?rev=2643727\";s:2:\"1x\";s:68:\"https://ps.w.org/wordpress-seo/assets/banner-772x250.png?rev=2643727\";}s:11:\"banners_rtl\";a:2:{s:2:\"2x\";s:73:\"https://ps.w.org/wordpress-seo/assets/banner-1544x500-rtl.png?rev=2643727\";s:2:\"1x\";s:72:\"https://ps.w.org/wordpress-seo/assets/banner-772x250-rtl.png?rev=2643727\";}s:8:\"requires\";s:3:\"5.6\";}}}','no'),(1346,'employee-category_children','a:0:{}','yes'),(1351,'wpseo','a:56:{s:8:\"tracking\";b:0;s:22:\"license_server_version\";b:0;s:15:\"ms_defaults_set\";b:1;s:40:\"ignore_search_engines_discouraged_notice\";b:0;s:19:\"indexing_first_time\";b:1;s:16:\"indexing_started\";b:0;s:15:\"indexing_reason\";s:26:\"permalink_settings_changed\";s:29:\"indexables_indexing_completed\";b:1;s:7:\"version\";s:6:\"18.5.1\";s:16:\"previous_version\";s:4:\"18.1\";s:20:\"disableadvanced_meta\";b:1;s:30:\"enable_headless_rest_endpoints\";b:1;s:17:\"ryte_indexability\";b:1;s:11:\"baiduverify\";s:0:\"\";s:12:\"googleverify\";s:0:\"\";s:8:\"msverify\";s:0:\"\";s:12:\"yandexverify\";s:0:\"\";s:9:\"site_type\";s:0:\"\";s:20:\"has_multiple_authors\";s:0:\"\";s:16:\"environment_type\";s:0:\"\";s:23:\"content_analysis_active\";b:1;s:23:\"keyword_analysis_active\";b:1;s:21:\"enable_admin_bar_menu\";b:1;s:26:\"enable_cornerstone_content\";b:1;s:18:\"enable_xml_sitemap\";b:1;s:24:\"enable_text_link_counter\";b:1;s:22:\"show_onboarding_notice\";b:0;s:18:\"first_activated_on\";i:1648049611;s:13:\"myyoast-oauth\";b:0;s:26:\"semrush_integration_active\";b:1;s:14:\"semrush_tokens\";a:0:{}s:20:\"semrush_country_code\";s:2:\"us\";s:19:\"permalink_structure\";s:12:\"/%postname%/\";s:8:\"home_url\";s:28:\"https://klinik-am-schloss.de\";s:18:\"dynamic_permalinks\";b:0;s:17:\"category_base_url\";s:0:\"\";s:12:\"tag_base_url\";s:0:\"\";s:21:\"custom_taxonomy_slugs\";a:9:{s:17:\"employee-category\";s:17:\"employee-category\";s:12:\"employee-tag\";s:12:\"employee-tag\";s:15:\"review-category\";s:15:\"review-category\";s:10:\"review-tag\";s:10:\"review-tag\";s:16:\"service-category\";s:16:\"service-category\";s:17:\"ratgeber-category\";s:8:\"ratgeber\";s:12:\"ratgeber-tag\";s:12:\"ratgeber-tag\";s:22:\"content-block-category\";s:22:\"content-block-category\";s:17:\"content-block-tag\";s:17:\"content-block-tag\";}s:29:\"enable_enhanced_slack_sharing\";b:1;s:25:\"zapier_integration_active\";b:0;s:19:\"zapier_subscription\";a:0:{}s:14:\"zapier_api_key\";s:0:\"\";s:23:\"enable_metabox_insights\";b:1;s:23:\"enable_link_suggestions\";b:1;s:26:\"algolia_integration_active\";b:0;s:14:\"import_cursors\";a:0:{}s:13:\"workouts_data\";a:1:{s:13:\"configuration\";a:1:{s:13:\"finishedSteps\";a:0:{}}}s:36:\"dismiss_configuration_workout_notice\";b:1;s:19:\"importing_completed\";a:0:{}s:26:\"wincher_integration_active\";b:1;s:14:\"wincher_tokens\";a:0:{}s:36:\"wincher_automatically_add_keyphrases\";b:0;s:18:\"wincher_website_id\";s:0:\"\";s:18:\"first_time_install\";b:1;s:34:\"should_redirect_after_install_free\";b:1;s:34:\"activation_redirect_timestamp_free\";b:0;}','yes'),(1352,'wpseo_titles','a:192:{s:17:\"forcerewritetitle\";b:0;s:9:\"separator\";s:7:\"sc-dash\";s:16:\"title-home-wpseo\";s:42:\"%%sitename%% %%page%% %%sep%% %%sitedesc%%\";s:18:\"title-author-wpseo\";s:41:\"%%name%%, Author at %%sitename%% %%page%%\";s:19:\"title-archive-wpseo\";s:38:\"%%date%% %%page%% %%sep%% %%sitename%%\";s:18:\"title-search-wpseo\";s:63:\"You searched for %%searchphrase%% %%page%% %%sep%% %%sitename%%\";s:15:\"title-404-wpseo\";s:35:\"Page not found %%sep%% %%sitename%%\";s:25:\"social-title-author-wpseo\";s:8:\"%%name%%\";s:26:\"social-title-archive-wpseo\";s:8:\"%%date%%\";s:31:\"social-description-author-wpseo\";s:0:\"\";s:32:\"social-description-archive-wpseo\";s:0:\"\";s:29:\"social-image-url-author-wpseo\";s:0:\"\";s:30:\"social-image-url-archive-wpseo\";s:0:\"\";s:28:\"social-image-id-author-wpseo\";i:0;s:29:\"social-image-id-archive-wpseo\";i:0;s:19:\"metadesc-home-wpseo\";s:0:\"\";s:21:\"metadesc-author-wpseo\";s:0:\"\";s:22:\"metadesc-archive-wpseo\";s:0:\"\";s:9:\"rssbefore\";s:0:\"\";s:8:\"rssafter\";s:53:\"The post %%POSTLINK%% appeared first on %%BLOGLINK%%.\";s:20:\"noindex-author-wpseo\";b:0;s:28:\"noindex-author-noposts-wpseo\";b:1;s:21:\"noindex-archive-wpseo\";b:1;s:14:\"disable-author\";b:0;s:12:\"disable-date\";b:0;s:19:\"disable-post_format\";b:0;s:18:\"disable-attachment\";b:1;s:20:\"breadcrumbs-404crumb\";s:25:\"Error 404: Page not found\";s:29:\"breadcrumbs-display-blog-page\";b:1;s:20:\"breadcrumbs-boldlast\";b:0;s:25:\"breadcrumbs-archiveprefix\";s:12:\"Archives for\";s:18:\"breadcrumbs-enable\";b:1;s:16:\"breadcrumbs-home\";s:4:\"Home\";s:18:\"breadcrumbs-prefix\";s:0:\"\";s:24:\"breadcrumbs-searchprefix\";s:16:\"You searched for\";s:15:\"breadcrumbs-sep\";s:7:\"&raquo;\";s:12:\"website_name\";s:0:\"\";s:11:\"person_name\";s:0:\"\";s:11:\"person_logo\";s:0:\"\";s:22:\"alternate_website_name\";s:0:\"\";s:12:\"company_logo\";s:0:\"\";s:12:\"company_name\";s:0:\"\";s:17:\"company_or_person\";s:7:\"company\";s:25:\"company_or_person_user_id\";b:0;s:17:\"stripcategorybase\";b:0;s:26:\"open_graph_frontpage_title\";s:12:\"%%sitename%%\";s:25:\"open_graph_frontpage_desc\";s:0:\"\";s:26:\"open_graph_frontpage_image\";s:0:\"\";s:10:\"title-post\";s:39:\"%%title%% %%page%% %%sep%% %%sitename%%\";s:13:\"metadesc-post\";s:0:\"\";s:12:\"noindex-post\";b:0;s:23:\"display-metabox-pt-post\";b:1;s:23:\"post_types-post-maintax\";i:0;s:21:\"schema-page-type-post\";s:7:\"WebPage\";s:24:\"schema-article-type-post\";s:7:\"Article\";s:17:\"social-title-post\";s:9:\"%%title%%\";s:23:\"social-description-post\";s:0:\"\";s:21:\"social-image-url-post\";s:0:\"\";s:20:\"social-image-id-post\";i:0;s:10:\"title-page\";s:39:\"%%title%% %%page%% %%sep%% %%sitename%%\";s:13:\"metadesc-page\";s:0:\"\";s:12:\"noindex-page\";b:0;s:23:\"display-metabox-pt-page\";b:1;s:23:\"post_types-page-maintax\";i:0;s:21:\"schema-page-type-page\";s:7:\"WebPage\";s:24:\"schema-article-type-page\";s:4:\"None\";s:17:\"social-title-page\";s:9:\"%%title%%\";s:23:\"social-description-page\";s:0:\"\";s:21:\"social-image-url-page\";s:0:\"\";s:20:\"social-image-id-page\";i:0;s:16:\"title-attachment\";s:39:\"%%title%% %%page%% %%sep%% %%sitename%%\";s:19:\"metadesc-attachment\";s:0:\"\";s:18:\"noindex-attachment\";b:0;s:29:\"display-metabox-pt-attachment\";b:1;s:29:\"post_types-attachment-maintax\";i:0;s:27:\"schema-page-type-attachment\";s:7:\"WebPage\";s:30:\"schema-article-type-attachment\";s:4:\"None\";s:14:\"title-employee\";s:39:\"%%title%% %%page%% %%sep%% %%sitename%%\";s:17:\"metadesc-employee\";s:0:\"\";s:16:\"noindex-employee\";b:0;s:27:\"display-metabox-pt-employee\";b:1;s:27:\"post_types-employee-maintax\";i:0;s:25:\"schema-page-type-employee\";s:7:\"WebPage\";s:28:\"schema-article-type-employee\";s:4:\"None\";s:21:\"social-title-employee\";s:9:\"%%title%%\";s:27:\"social-description-employee\";s:0:\"\";s:25:\"social-image-url-employee\";s:0:\"\";s:24:\"social-image-id-employee\";i:0;s:13:\"title-service\";s:39:\"%%title%% %%page%% %%sep%% %%sitename%%\";s:16:\"metadesc-service\";s:0:\"\";s:15:\"noindex-service\";b:0;s:26:\"display-metabox-pt-service\";b:1;s:26:\"post_types-service-maintax\";i:0;s:24:\"schema-page-type-service\";s:7:\"WebPage\";s:27:\"schema-article-type-service\";s:4:\"None\";s:20:\"social-title-service\";s:9:\"%%title%%\";s:26:\"social-description-service\";s:0:\"\";s:24:\"social-image-url-service\";s:0:\"\";s:23:\"social-image-id-service\";i:0;s:14:\"title-ratgeber\";s:39:\"%%title%% %%page%% %%sep%% %%sitename%%\";s:17:\"metadesc-ratgeber\";s:0:\"\";s:16:\"noindex-ratgeber\";b:0;s:27:\"display-metabox-pt-ratgeber\";b:1;s:27:\"post_types-ratgeber-maintax\";i:0;s:25:\"schema-page-type-ratgeber\";s:7:\"WebPage\";s:28:\"schema-article-type-ratgeber\";s:4:\"None\";s:21:\"social-title-ratgeber\";s:9:\"%%title%%\";s:27:\"social-description-ratgeber\";s:0:\"\";s:25:\"social-image-url-ratgeber\";s:0:\"\";s:24:\"social-image-id-ratgeber\";i:0;s:24:\"title-ptarchive-ratgeber\";s:51:\"%%pt_plural%% Archive %%page%% %%sep%% %%sitename%%\";s:27:\"metadesc-ptarchive-ratgeber\";s:0:\"\";s:26:\"bctitle-ptarchive-ratgeber\";s:0:\"\";s:26:\"noindex-ptarchive-ratgeber\";b:0;s:31:\"social-title-ptarchive-ratgeber\";s:21:\"%%pt_plural%% Archive\";s:37:\"social-description-ptarchive-ratgeber\";s:0:\"\";s:35:\"social-image-url-ptarchive-ratgeber\";s:0:\"\";s:34:\"social-image-id-ptarchive-ratgeber\";i:0;s:18:\"title-tax-category\";s:53:\"%%term_title%% Archives %%page%% %%sep%% %%sitename%%\";s:21:\"metadesc-tax-category\";s:0:\"\";s:28:\"display-metabox-tax-category\";b:1;s:20:\"noindex-tax-category\";b:0;s:25:\"social-title-tax-category\";s:23:\"%%term_title%% Archives\";s:31:\"social-description-tax-category\";s:0:\"\";s:29:\"social-image-url-tax-category\";s:0:\"\";s:28:\"social-image-id-tax-category\";i:0;s:18:\"title-tax-post_tag\";s:53:\"%%term_title%% Archives %%page%% %%sep%% %%sitename%%\";s:21:\"metadesc-tax-post_tag\";s:0:\"\";s:28:\"display-metabox-tax-post_tag\";b:1;s:20:\"noindex-tax-post_tag\";b:0;s:25:\"social-title-tax-post_tag\";s:23:\"%%term_title%% Archives\";s:31:\"social-description-tax-post_tag\";s:0:\"\";s:29:\"social-image-url-tax-post_tag\";s:0:\"\";s:28:\"social-image-id-tax-post_tag\";i:0;s:21:\"title-tax-post_format\";s:53:\"%%term_title%% Archives %%page%% %%sep%% %%sitename%%\";s:24:\"metadesc-tax-post_format\";s:0:\"\";s:31:\"display-metabox-tax-post_format\";b:1;s:23:\"noindex-tax-post_format\";b:1;s:28:\"social-title-tax-post_format\";s:23:\"%%term_title%% Archives\";s:34:\"social-description-tax-post_format\";s:0:\"\";s:32:\"social-image-url-tax-post_format\";s:0:\"\";s:31:\"social-image-id-tax-post_format\";i:0;s:27:\"title-tax-employee-category\";s:53:\"%%term_title%% Archives %%page%% %%sep%% %%sitename%%\";s:30:\"metadesc-tax-employee-category\";s:0:\"\";s:37:\"display-metabox-tax-employee-category\";b:1;s:29:\"noindex-tax-employee-category\";b:0;s:34:\"social-title-tax-employee-category\";s:23:\"%%term_title%% Archives\";s:40:\"social-description-tax-employee-category\";s:0:\"\";s:38:\"social-image-url-tax-employee-category\";s:0:\"\";s:37:\"social-image-id-tax-employee-category\";i:0;s:35:\"taxonomy-employee-category-ptparent\";i:0;s:22:\"title-tax-employee-tag\";s:53:\"%%term_title%% Archives %%page%% %%sep%% %%sitename%%\";s:25:\"metadesc-tax-employee-tag\";s:0:\"\";s:32:\"display-metabox-tax-employee-tag\";b:1;s:24:\"noindex-tax-employee-tag\";b:0;s:29:\"social-title-tax-employee-tag\";s:23:\"%%term_title%% Archives\";s:35:\"social-description-tax-employee-tag\";s:0:\"\";s:33:\"social-image-url-tax-employee-tag\";s:0:\"\";s:32:\"social-image-id-tax-employee-tag\";i:0;s:30:\"taxonomy-employee-tag-ptparent\";i:0;s:26:\"title-tax-service-category\";s:53:\"%%term_title%% Archives %%page%% %%sep%% %%sitename%%\";s:29:\"metadesc-tax-service-category\";s:0:\"\";s:36:\"display-metabox-tax-service-category\";b:1;s:28:\"noindex-tax-service-category\";b:0;s:33:\"social-title-tax-service-category\";s:23:\"%%term_title%% Archives\";s:39:\"social-description-tax-service-category\";s:0:\"\";s:37:\"social-image-url-tax-service-category\";s:0:\"\";s:36:\"social-image-id-tax-service-category\";i:0;s:34:\"taxonomy-service-category-ptparent\";i:0;s:27:\"title-tax-ratgeber-category\";s:53:\"%%term_title%% Archives %%page%% %%sep%% %%sitename%%\";s:30:\"metadesc-tax-ratgeber-category\";s:0:\"\";s:37:\"display-metabox-tax-ratgeber-category\";b:1;s:29:\"noindex-tax-ratgeber-category\";b:0;s:34:\"social-title-tax-ratgeber-category\";s:23:\"%%term_title%% Archives\";s:40:\"social-description-tax-ratgeber-category\";s:0:\"\";s:38:\"social-image-url-tax-ratgeber-category\";s:0:\"\";s:37:\"social-image-id-tax-ratgeber-category\";i:0;s:35:\"taxonomy-ratgeber-category-ptparent\";i:0;s:22:\"title-tax-ratgeber-tag\";s:53:\"%%term_title%% Archives %%page%% %%sep%% %%sitename%%\";s:25:\"metadesc-tax-ratgeber-tag\";s:0:\"\";s:32:\"display-metabox-tax-ratgeber-tag\";b:1;s:24:\"noindex-tax-ratgeber-tag\";b:0;s:29:\"social-title-tax-ratgeber-tag\";s:23:\"%%term_title%% Archives\";s:35:\"social-description-tax-ratgeber-tag\";s:0:\"\";s:33:\"social-image-url-tax-ratgeber-tag\";s:0:\"\";s:32:\"social-image-id-tax-ratgeber-tag\";i:0;s:30:\"taxonomy-ratgeber-tag-ptparent\";i:0;s:14:\"person_logo_id\";i:0;s:15:\"company_logo_id\";i:0;s:17:\"company_logo_meta\";b:0;s:16:\"person_logo_meta\";b:0;s:29:\"open_graph_frontpage_image_id\";i:0;}','yes'),(1353,'wpseo_social','a:18:{s:13:\"facebook_site\";s:0:\"\";s:13:\"instagram_url\";s:0:\"\";s:12:\"linkedin_url\";s:0:\"\";s:11:\"myspace_url\";s:0:\"\";s:16:\"og_default_image\";s:0:\"\";s:19:\"og_default_image_id\";s:0:\"\";s:18:\"og_frontpage_title\";s:0:\"\";s:17:\"og_frontpage_desc\";s:0:\"\";s:18:\"og_frontpage_image\";s:0:\"\";s:21:\"og_frontpage_image_id\";s:0:\"\";s:9:\"opengraph\";b:1;s:13:\"pinterest_url\";s:0:\"\";s:15:\"pinterestverify\";s:0:\"\";s:7:\"twitter\";b:1;s:12:\"twitter_site\";s:0:\"\";s:17:\"twitter_card_type\";s:19:\"summary_large_image\";s:11:\"youtube_url\";s:0:\"\";s:13:\"wikipedia_url\";s:0:\"\";}','yes'),(1872,'ratgeber-category_children','a:0:{}','yes'),(6537,'acf_version','5.12.2','yes'),(8612,'BorlabsCookieClearCache','1','no'),(8613,'BorlabsCookieStyleVersion_de','3','no'),(10944,'content-block-category_children','a:0:{}','yes'),(13189,'service-category_children','a:0:{}','yes'),(15391,'enable_media_replace','a:4:{s:12:\"replace_type\";s:7:\"replace\";s:17:\"timestamp_replace\";i:1;s:12:\"new_location\";b:0;s:16:\"new_location_dir\";N;}','no'),(15528,'analyst_cache','s:6:\"a:0:{}\";','yes'),(15529,'_cdp_redirect','1','yes'),(15530,'_cdp_review','a:2:{s:9:\"installed\";i:1652359530;s:5:\"users\";a:0:{}}','yes'),(15531,'_cdp_globals','a:1:{s:6:\"others\";a:13:{s:17:\"cdp-content-pages\";s:4:\"true\";s:17:\"cdp-content-posts\";s:4:\"true\";s:18:\"cdp-content-custom\";s:4:\"true\";s:17:\"cdp-display-posts\";s:4:\"true\";s:16:\"cdp-display-edit\";s:4:\"true\";s:17:\"cdp-display-admin\";s:4:\"true\";s:16:\"cdp-display-bulk\";s:4:\"true\";s:21:\"cdp-display-gutenberg\";s:4:\"true\";s:19:\"cdp-references-post\";s:5:\"false\";s:19:\"cdp-references-edit\";s:5:\"false\";s:18:\"cdp-premium-import\";s:5:\"false\";s:24:\"cdp-premium-hide-tooltip\";s:5:\"false\";s:20:\"cdp-menu-in-settings\";s:5:\"false\";}}','yes'),(15532,'_cdp_profiles','a:1:{s:7:\"default\";a:25:{s:5:\"title\";s:4:\"true\";s:4:\"date\";s:5:\"false\";s:6:\"status\";s:5:\"false\";s:4:\"slug\";s:4:\"true\";s:7:\"excerpt\";s:4:\"true\";s:7:\"content\";s:4:\"true\";s:7:\"f_image\";s:4:\"true\";s:8:\"template\";s:4:\"true\";s:6:\"format\";s:4:\"true\";s:6:\"author\";s:4:\"true\";s:8:\"password\";s:4:\"true\";s:11:\"attachments\";s:5:\"false\";s:8:\"children\";s:5:\"false\";s:8:\"comments\";s:5:\"false\";s:10:\"menu_order\";s:4:\"true\";s:8:\"category\";s:4:\"true\";s:8:\"post_tag\";s:4:\"true\";s:8:\"taxonomy\";s:4:\"true\";s:8:\"nav_menu\";s:4:\"true\";s:13:\"link_category\";s:4:\"true\";s:12:\"all_metadata\";s:5:\"false\";s:5:\"names\";a:5:{s:6:\"prefix\";s:0:\"\";s:6:\"suffix\";s:10:\"#[Counter]\";s:6:\"format\";s:1:\"1\";s:6:\"custom\";s:5:\"m/d/Y\";s:7:\"display\";s:7:\"Default\";}s:9:\"usmplugin\";s:5:\"false\";s:5:\"yoast\";s:5:\"false\";s:3:\"woo\";s:5:\"false\";}}','yes'),(15533,'_cdp_default_setup','1','yes'),(15543,'analyst_accounts_data','s:415:\"O:26:\"Account\\AccountDataFactory\":1:{s:11:\"\0*\0accounts\";a:1:{i:0;O:19:\"Account\\AccountData\":7:{s:5:\"\0*\0id\";s:16:\"ovgxe3xq075ladbp\";s:9:\"\0*\0secret\";s:40:\"b4de5ed2ba7be687e233d152ec1e8fd116052ab0\";s:7:\"\0*\0path\";s:92:\"/home/klinikamschloss/public_html/wp-content/plugins/copy-delete-posts/copy-delete-posts.php\";s:14:\"\0*\0isInstalled\";b:0;s:12:\"\0*\0isOptedIn\";b:0;s:11:\"\0*\0isSigned\";b:0;s:20:\"\0*\0isInstallResolved\";N;}}}\";','yes'),(15544,'w3tc_extensions_hooks','{\"actions\":[],\"filters\":[],\"next_check_date\":1669278208}','yes'),(26823,'WPLANG','','yes'),(26824,'new_admin_email','sr@mediorbis.de','yes'),(26825,'adminhash','a:2:{s:4:\"hash\";s:32:\"ac1cd41310570ec1f44a7010e688e465\";s:8:\"newemail\";s:15:\"sr@mediorbis.de\";}','yes'),(38757,'_transient_dirsize_cache','a:2:{s:60:\"/home/klinikamschloss/public_html/wp-content/uploads/2022/01\";i:0;s:57:\"/home/klinikamschloss/public_html/wp-content/uploads/2022\";i:0;}','yes'),(39498,'updraft_lock_aios_15_minutes_cron_event','0','no'),(39829,'rewrite_rules','a:145:{s:19:\"sitemap_index\\.xml$\";s:19:\"index.php?sitemap=1\";s:31:\"([^/]+?)-sitemap([0-9]+)?\\.xml$\";s:51:\"index.php?sitemap=$matches[1]&sitemap_n=$matches[2]\";s:24:\"([a-z]+)?-?sitemap\\.xsl$\";s:39:\"index.php?yoast-sitemap-xsl=$matches[1]\";s:11:\"^wp-json/?$\";s:22:\"index.php?rest_route=/\";s:14:\"^wp-json/(.*)?\";s:33:\"index.php?rest_route=/$matches[1]\";s:21:\"^index.php/wp-json/?$\";s:22:\"index.php?rest_route=/\";s:24:\"^index.php/wp-json/(.*)?\";s:33:\"index.php?rest_route=/$matches[1]\";s:17:\"^wp-sitemap\\.xml$\";s:23:\"index.php?sitemap=index\";s:17:\"^wp-sitemap\\.xsl$\";s:36:\"index.php?sitemap-stylesheet=sitemap\";s:23:\"^wp-sitemap-index\\.xsl$\";s:34:\"index.php?sitemap-stylesheet=index\";s:48:\"^wp-sitemap-([a-z]+?)-([a-z\\d_-]+?)-(\\d+?)\\.xml$\";s:75:\"index.php?sitemap=$matches[1]&sitemap-subtype=$matches[2]&paged=$matches[3]\";s:34:\"^wp-sitemap-([a-z]+?)-(\\d+?)\\.xml$\";s:47:\"index.php?sitemap=$matches[1]&paged=$matches[2]\";s:11:\"ratgeber/?$\";s:28:\"index.php?post_type=ratgeber\";s:41:\"ratgeber/feed/(feed|rdf|rss|rss2|atom)/?$\";s:45:\"index.php?post_type=ratgeber&feed=$matches[1]\";s:36:\"ratgeber/(feed|rdf|rss|rss2|atom)/?$\";s:45:\"index.php?post_type=ratgeber&feed=$matches[1]\";s:28:\"ratgeber/page/([0-9]{1,})/?$\";s:46:\"index.php?post_type=ratgeber&paged=$matches[1]\";s:47:\"category/(.+?)/feed/(feed|rdf|rss|rss2|atom)/?$\";s:52:\"index.php?category_name=$matches[1]&feed=$matches[2]\";s:42:\"category/(.+?)/(feed|rdf|rss|rss2|atom)/?$\";s:52:\"index.php?category_name=$matches[1]&feed=$matches[2]\";s:23:\"category/(.+?)/embed/?$\";s:46:\"index.php?category_name=$matches[1]&embed=true\";s:35:\"category/(.+?)/page/?([0-9]{1,})/?$\";s:53:\"index.php?category_name=$matches[1]&paged=$matches[2]\";s:17:\"category/(.+?)/?$\";s:35:\"index.php?category_name=$matches[1]\";s:44:\"tag/([^/]+)/feed/(feed|rdf|rss|rss2|atom)/?$\";s:42:\"index.php?tag=$matches[1]&feed=$matches[2]\";s:39:\"tag/([^/]+)/(feed|rdf|rss|rss2|atom)/?$\";s:42:\"index.php?tag=$matches[1]&feed=$matches[2]\";s:20:\"tag/([^/]+)/embed/?$\";s:36:\"index.php?tag=$matches[1]&embed=true\";s:32:\"tag/([^/]+)/page/?([0-9]{1,})/?$\";s:43:\"index.php?tag=$matches[1]&paged=$matches[2]\";s:14:\"tag/([^/]+)/?$\";s:25:\"index.php?tag=$matches[1]\";s:45:\"type/([^/]+)/feed/(feed|rdf|rss|rss2|atom)/?$\";s:50:\"index.php?post_format=$matches[1]&feed=$matches[2]\";s:40:\"type/([^/]+)/(feed|rdf|rss|rss2|atom)/?$\";s:50:\"index.php?post_format=$matches[1]&feed=$matches[2]\";s:21:\"type/([^/]+)/embed/?$\";s:44:\"index.php?post_format=$matches[1]&embed=true\";s:33:\"type/([^/]+)/page/?([0-9]{1,})/?$\";s:51:\"index.php?post_format=$matches[1]&paged=$matches[2]\";s:15:\"type/([^/]+)/?$\";s:33:\"index.php?post_format=$matches[1]\";s:57:\"service-category/([^/]+)/feed/(feed|rdf|rss|rss2|atom)/?$\";s:55:\"index.php?service-category=$matches[1]&feed=$matches[2]\";s:52:\"service-category/([^/]+)/(feed|rdf|rss|rss2|atom)/?$\";s:55:\"index.php?service-category=$matches[1]&feed=$matches[2]\";s:33:\"service-category/([^/]+)/embed/?$\";s:49:\"index.php?service-category=$matches[1]&embed=true\";s:45:\"service-category/([^/]+)/page/?([0-9]{1,})/?$\";s:56:\"index.php?service-category=$matches[1]&paged=$matches[2]\";s:27:\"service-category/([^/]+)/?$\";s:38:\"index.php?service-category=$matches[1]\";s:35:\"service/[^/]+/attachment/([^/]+)/?$\";s:32:\"index.php?attachment=$matches[1]\";s:45:\"service/[^/]+/attachment/([^/]+)/trackback/?$\";s:37:\"index.php?attachment=$matches[1]&tb=1\";s:65:\"service/[^/]+/attachment/([^/]+)/feed/(feed|rdf|rss|rss2|atom)/?$\";s:49:\"index.php?attachment=$matches[1]&feed=$matches[2]\";s:60:\"service/[^/]+/attachment/([^/]+)/(feed|rdf|rss|rss2|atom)/?$\";s:49:\"index.php?attachment=$matches[1]&feed=$matches[2]\";s:60:\"service/[^/]+/attachment/([^/]+)/comment-page-([0-9]{1,})/?$\";s:50:\"index.php?attachment=$matches[1]&cpage=$matches[2]\";s:41:\"service/[^/]+/attachment/([^/]+)/embed/?$\";s:43:\"index.php?attachment=$matches[1]&embed=true\";s:24:\"service/([^/]+)/embed/?$\";s:40:\"index.php?service=$matches[1]&embed=true\";s:28:\"service/([^/]+)/trackback/?$\";s:34:\"index.php?service=$matches[1]&tb=1\";s:36:\"service/([^/]+)/page/?([0-9]{1,})/?$\";s:47:\"index.php?service=$matches[1]&paged=$matches[2]\";s:43:\"service/([^/]+)/comment-page-([0-9]{1,})/?$\";s:47:\"index.php?service=$matches[1]&cpage=$matches[2]\";s:32:\"service/([^/]+)(?:/([0-9]+))?/?$\";s:46:\"index.php?service=$matches[1]&page=$matches[2]\";s:24:\"service/[^/]+/([^/]+)/?$\";s:32:\"index.php?attachment=$matches[1]\";s:34:\"service/[^/]+/([^/]+)/trackback/?$\";s:37:\"index.php?attachment=$matches[1]&tb=1\";s:54:\"service/[^/]+/([^/]+)/feed/(feed|rdf|rss|rss2|atom)/?$\";s:49:\"index.php?attachment=$matches[1]&feed=$matches[2]\";s:49:\"service/[^/]+/([^/]+)/(feed|rdf|rss|rss2|atom)/?$\";s:49:\"index.php?attachment=$matches[1]&feed=$matches[2]\";s:49:\"service/[^/]+/([^/]+)/comment-page-([0-9]{1,})/?$\";s:50:\"index.php?attachment=$matches[1]&cpage=$matches[2]\";s:30:\"service/[^/]+/([^/]+)/embed/?$\";s:43:\"index.php?attachment=$matches[1]&embed=true\";s:36:\"ratgeber/[^/]+/attachment/([^/]+)/?$\";s:32:\"index.php?attachment=$matches[1]\";s:46:\"ratgeber/[^/]+/attachment/([^/]+)/trackback/?$\";s:37:\"index.php?attachment=$matches[1]&tb=1\";s:66:\"ratgeber/[^/]+/attachment/([^/]+)/feed/(feed|rdf|rss|rss2|atom)/?$\";s:49:\"index.php?attachment=$matches[1]&feed=$matches[2]\";s:61:\"ratgeber/[^/]+/attachment/([^/]+)/(feed|rdf|rss|rss2|atom)/?$\";s:49:\"index.php?attachment=$matches[1]&feed=$matches[2]\";s:61:\"ratgeber/[^/]+/attachment/([^/]+)/comment-page-([0-9]{1,})/?$\";s:50:\"index.php?attachment=$matches[1]&cpage=$matches[2]\";s:42:\"ratgeber/[^/]+/attachment/([^/]+)/embed/?$\";s:43:\"index.php?attachment=$matches[1]&embed=true\";s:25:\"ratgeber/([^/]+)/embed/?$\";s:50:\"index.php?ratgeber-category=$matches[1]&embed=true\";s:29:\"ratgeber/([^/]+)/trackback/?$\";s:35:\"index.php?ratgeber=$matches[1]&tb=1\";s:49:\"ratgeber/([^/]+)/feed/(feed|rdf|rss|rss2|atom)/?$\";s:56:\"index.php?ratgeber-category=$matches[1]&feed=$matches[2]\";s:44:\"ratgeber/([^/]+)/(feed|rdf|rss|rss2|atom)/?$\";s:56:\"index.php?ratgeber-category=$matches[1]&feed=$matches[2]\";s:37:\"ratgeber/([^/]+)/page/?([0-9]{1,})/?$\";s:57:\"index.php?ratgeber-category=$matches[1]&paged=$matches[2]\";s:44:\"ratgeber/([^/]+)/comment-page-([0-9]{1,})/?$\";s:48:\"index.php?ratgeber=$matches[1]&cpage=$matches[2]\";s:33:\"ratgeber/([^/]+)(?:/([0-9]+))?/?$\";s:47:\"index.php?ratgeber=$matches[1]&page=$matches[2]\";s:25:\"ratgeber/[^/]+/([^/]+)/?$\";s:32:\"index.php?attachment=$matches[1]\";s:35:\"ratgeber/[^/]+/([^/]+)/trackback/?$\";s:37:\"index.php?attachment=$matches[1]&tb=1\";s:55:\"ratgeber/[^/]+/([^/]+)/feed/(feed|rdf|rss|rss2|atom)/?$\";s:49:\"index.php?attachment=$matches[1]&feed=$matches[2]\";s:50:\"ratgeber/[^/]+/([^/]+)/(feed|rdf|rss|rss2|atom)/?$\";s:49:\"index.php?attachment=$matches[1]&feed=$matches[2]\";s:50:\"ratgeber/[^/]+/([^/]+)/comment-page-([0-9]{1,})/?$\";s:50:\"index.php?attachment=$matches[1]&cpage=$matches[2]\";s:31:\"ratgeber/[^/]+/([^/]+)/embed/?$\";s:43:\"index.php?attachment=$matches[1]&embed=true\";s:19:\"ratgeber/([^/]+)/?$\";s:39:\"index.php?ratgeber-category=$matches[1]\";s:12:\"robots\\.txt$\";s:18:\"index.php?robots=1\";s:13:\"favicon\\.ico$\";s:19:\"index.php?favicon=1\";s:48:\".*wp-(atom|rdf|rss|rss2|feed|commentsrss2)\\.php$\";s:18:\"index.php?feed=old\";s:20:\".*wp-app\\.php(/.*)?$\";s:19:\"index.php?error=403\";s:16:\".*wp-signup.php$\";s:21:\"index.php?signup=true\";s:18:\".*wp-activate.php$\";s:23:\"index.php?activate=true\";s:18:\".*wp-register.php$\";s:23:\"index.php?register=true\";s:32:\"feed/(feed|rdf|rss|rss2|atom)/?$\";s:27:\"index.php?&feed=$matches[1]\";s:27:\"(feed|rdf|rss|rss2|atom)/?$\";s:27:\"index.php?&feed=$matches[1]\";s:8:\"embed/?$\";s:21:\"index.php?&embed=true\";s:20:\"page/?([0-9]{1,})/?$\";s:28:\"index.php?&paged=$matches[1]\";s:27:\"comment-page-([0-9]{1,})/?$\";s:38:\"index.php?&page_id=3&cpage=$matches[1]\";s:41:\"comments/feed/(feed|rdf|rss|rss2|atom)/?$\";s:42:\"index.php?&feed=$matches[1]&withcomments=1\";s:36:\"comments/(feed|rdf|rss|rss2|atom)/?$\";s:42:\"index.php?&feed=$matches[1]&withcomments=1\";s:17:\"comments/embed/?$\";s:21:\"index.php?&embed=true\";s:44:\"search/(.+)/feed/(feed|rdf|rss|rss2|atom)/?$\";s:40:\"index.php?s=$matches[1]&feed=$matches[2]\";s:39:\"search/(.+)/(feed|rdf|rss|rss2|atom)/?$\";s:40:\"index.php?s=$matches[1]&feed=$matches[2]\";s:20:\"search/(.+)/embed/?$\";s:34:\"index.php?s=$matches[1]&embed=true\";s:32:\"search/(.+)/page/?([0-9]{1,})/?$\";s:41:\"index.php?s=$matches[1]&paged=$matches[2]\";s:14:\"search/(.+)/?$\";s:23:\"index.php?s=$matches[1]\";s:47:\"author/([^/]+)/feed/(feed|rdf|rss|rss2|atom)/?$\";s:50:\"index.php?author_name=$matches[1]&feed=$matches[2]\";s:42:\"author/([^/]+)/(feed|rdf|rss|rss2|atom)/?$\";s:50:\"index.php?author_name=$matches[1]&feed=$matches[2]\";s:23:\"author/([^/]+)/embed/?$\";s:44:\"index.php?author_name=$matches[1]&embed=true\";s:35:\"author/([^/]+)/page/?([0-9]{1,})/?$\";s:51:\"index.php?author_name=$matches[1]&paged=$matches[2]\";s:17:\"author/([^/]+)/?$\";s:33:\"index.php?author_name=$matches[1]\";s:69:\"([0-9]{4})/([0-9]{1,2})/([0-9]{1,2})/feed/(feed|rdf|rss|rss2|atom)/?$\";s:80:\"index.php?year=$matches[1]&monthnum=$matches[2]&day=$matches[3]&feed=$matches[4]\";s:64:\"([0-9]{4})/([0-9]{1,2})/([0-9]{1,2})/(feed|rdf|rss|rss2|atom)/?$\";s:80:\"index.php?year=$matches[1]&monthnum=$matches[2]&day=$matches[3]&feed=$matches[4]\";s:45:\"([0-9]{4})/([0-9]{1,2})/([0-9]{1,2})/embed/?$\";s:74:\"index.php?year=$matches[1]&monthnum=$matches[2]&day=$matches[3]&embed=true\";s:57:\"([0-9]{4})/([0-9]{1,2})/([0-9]{1,2})/page/?([0-9]{1,})/?$\";s:81:\"index.php?year=$matches[1]&monthnum=$matches[2]&day=$matches[3]&paged=$matches[4]\";s:39:\"([0-9]{4})/([0-9]{1,2})/([0-9]{1,2})/?$\";s:63:\"index.php?year=$matches[1]&monthnum=$matches[2]&day=$matches[3]\";s:56:\"([0-9]{4})/([0-9]{1,2})/feed/(feed|rdf|rss|rss2|atom)/?$\";s:64:\"index.php?year=$matches[1]&monthnum=$matches[2]&feed=$matches[3]\";s:51:\"([0-9]{4})/([0-9]{1,2})/(feed|rdf|rss|rss2|atom)/?$\";s:64:\"index.php?year=$matches[1]&monthnum=$matches[2]&feed=$matches[3]\";s:32:\"([0-9]{4})/([0-9]{1,2})/embed/?$\";s:58:\"index.php?year=$matches[1]&monthnum=$matches[2]&embed=true\";s:44:\"([0-9]{4})/([0-9]{1,2})/page/?([0-9]{1,})/?$\";s:65:\"index.php?year=$matches[1]&monthnum=$matches[2]&paged=$matches[3]\";s:26:\"([0-9]{4})/([0-9]{1,2})/?$\";s:47:\"index.php?year=$matches[1]&monthnum=$matches[2]\";s:43:\"([0-9]{4})/feed/(feed|rdf|rss|rss2|atom)/?$\";s:43:\"index.php?year=$matches[1]&feed=$matches[2]\";s:38:\"([0-9]{4})/(feed|rdf|rss|rss2|atom)/?$\";s:43:\"index.php?year=$matches[1]&feed=$matches[2]\";s:19:\"([0-9]{4})/embed/?$\";s:37:\"index.php?year=$matches[1]&embed=true\";s:31:\"([0-9]{4})/page/?([0-9]{1,})/?$\";s:44:\"index.php?year=$matches[1]&paged=$matches[2]\";s:13:\"([0-9]{4})/?$\";s:26:\"index.php?year=$matches[1]\";s:27:\".?.+?/attachment/([^/]+)/?$\";s:32:\"index.php?attachment=$matches[1]\";s:37:\".?.+?/attachment/([^/]+)/trackback/?$\";s:37:\"index.php?attachment=$matches[1]&tb=1\";s:57:\".?.+?/attachment/([^/]+)/feed/(feed|rdf|rss|rss2|atom)/?$\";s:49:\"index.php?attachment=$matches[1]&feed=$matches[2]\";s:52:\".?.+?/attachment/([^/]+)/(feed|rdf|rss|rss2|atom)/?$\";s:49:\"index.php?attachment=$matches[1]&feed=$matches[2]\";s:52:\".?.+?/attachment/([^/]+)/comment-page-([0-9]{1,})/?$\";s:50:\"index.php?attachment=$matches[1]&cpage=$matches[2]\";s:33:\".?.+?/attachment/([^/]+)/embed/?$\";s:43:\"index.php?attachment=$matches[1]&embed=true\";s:16:\"(.?.+?)/embed/?$\";s:41:\"index.php?pagename=$matches[1]&embed=true\";s:20:\"(.?.+?)/trackback/?$\";s:35:\"index.php?pagename=$matches[1]&tb=1\";s:40:\"(.?.+?)/feed/(feed|rdf|rss|rss2|atom)/?$\";s:47:\"index.php?pagename=$matches[1]&feed=$matches[2]\";s:35:\"(.?.+?)/(feed|rdf|rss|rss2|atom)/?$\";s:47:\"index.php?pagename=$matches[1]&feed=$matches[2]\";s:28:\"(.?.+?)/page/?([0-9]{1,})/?$\";s:48:\"index.php?pagename=$matches[1]&paged=$matches[2]\";s:35:\"(.?.+?)/comment-page-([0-9]{1,})/?$\";s:48:\"index.php?pagename=$matches[1]&cpage=$matches[2]\";s:24:\"(.?.+?)(?:/([0-9]+))?/?$\";s:47:\"index.php?pagename=$matches[1]&page=$matches[2]\";s:27:\"[^/]+/attachment/([^/]+)/?$\";s:32:\"index.php?attachment=$matches[1]\";s:37:\"[^/]+/attachment/([^/]+)/trackback/?$\";s:37:\"index.php?attachment=$matches[1]&tb=1\";s:57:\"[^/]+/attachment/([^/]+)/feed/(feed|rdf|rss|rss2|atom)/?$\";s:49:\"index.php?attachment=$matches[1]&feed=$matches[2]\";s:52:\"[^/]+/attachment/([^/]+)/(feed|rdf|rss|rss2|atom)/?$\";s:49:\"index.php?attachment=$matches[1]&feed=$matches[2]\";s:52:\"[^/]+/attachment/([^/]+)/comment-page-([0-9]{1,})/?$\";s:50:\"index.php?attachment=$matches[1]&cpage=$matches[2]\";s:33:\"[^/]+/attachment/([^/]+)/embed/?$\";s:43:\"index.php?attachment=$matches[1]&embed=true\";s:16:\"([^/]+)/embed/?$\";s:37:\"index.php?name=$matches[1]&embed=true\";s:20:\"([^/]+)/trackback/?$\";s:31:\"index.php?name=$matches[1]&tb=1\";s:40:\"([^/]+)/feed/(feed|rdf|rss|rss2|atom)/?$\";s:43:\"index.php?name=$matches[1]&feed=$matches[2]\";s:35:\"([^/]+)/(feed|rdf|rss|rss2|atom)/?$\";s:43:\"index.php?name=$matches[1]&feed=$matches[2]\";s:28:\"([^/]+)/page/?([0-9]{1,})/?$\";s:44:\"index.php?name=$matches[1]&paged=$matches[2]\";s:35:\"([^/]+)/comment-page-([0-9]{1,})/?$\";s:44:\"index.php?name=$matches[1]&cpage=$matches[2]\";s:24:\"([^/]+)(?:/([0-9]+))?/?$\";s:43:\"index.php?name=$matches[1]&page=$matches[2]\";s:16:\"[^/]+/([^/]+)/?$\";s:32:\"index.php?attachment=$matches[1]\";s:26:\"[^/]+/([^/]+)/trackback/?$\";s:37:\"index.php?attachment=$matches[1]&tb=1\";s:46:\"[^/]+/([^/]+)/feed/(feed|rdf|rss|rss2|atom)/?$\";s:49:\"index.php?attachment=$matches[1]&feed=$matches[2]\";s:41:\"[^/]+/([^/]+)/(feed|rdf|rss|rss2|atom)/?$\";s:49:\"index.php?attachment=$matches[1]&feed=$matches[2]\";s:41:\"[^/]+/([^/]+)/comment-page-([0-9]{1,})/?$\";s:50:\"index.php?attachment=$matches[1]&cpage=$matches[2]\";s:22:\"[^/]+/([^/]+)/embed/?$\";s:43:\"index.php?attachment=$matches[1]&embed=true\";}','yes'),(43789,'_transient_timeout_feed_c47db4c963e2d6948a299a85f4c71991','1666141962','no'),